{"id":57,"date":"2021-10-06T08:58:01","date_gmt":"2021-10-06T08:58:01","guid":{"rendered":"http:\/\/www.nsa.smsm.lt\/projektai\/?page_id=57"},"modified":"2022-06-15T17:35:38","modified_gmt":"2022-06-15T17:35:38","slug":"projektas-inovacijos-vaiku-darzelyje","status":"publish","type":"page","link":"https:\/\/www.nsa.smsm.lt\/projektai\/vykdomi-projektai\/projektas-inovacijos-vaiku-darzelyje\/","title":{"rendered":"Projektas \u201eInovacijos vaik\u0173 dar\u017eelyje\u201c"},"content":{"rendered":"<p><strong>Projektas \u201eInovacijos vaik\u0173 dar\u017eelyje\u201c, projekto kodas Nr. 09.2.1-ESFA-V-726-01-0001<\/strong><\/p>\n<p>Projektas finansuojamas Europos socialinio fondo l\u0117\u0161omis.<\/p>\n<p><strong>Projekto tikslas\u00a0<\/strong>\u2013 gerinti ikimokyklinio ir prie\u0161mokyklinio ugdymo praktik\u0105 skatinant poky\u010dius \u0161vietimo \u012fstaig\u0173 veikloje.<\/p>\n<p><strong>Projekto u\u017edavinys\u00a0<\/strong>\u2013 parengti pedagogams ikimokyklinio\/prie\u0161mokyklinio ugdymo metodin\u0117s med\u017eiagos rinkinius, skirtus darnaus vystymosi, k\u016brybingumo kompetencijoms, informacini\u0173 technologij\u0173 ir STEAM elementams ikimokyklinio ir prie\u0161mokyklinio ugdymo srityse diegti, juos i\u0161bandyti ir \u012fdiegti.<\/p>\n<p><strong>Projekto tikslin\u0117 grup\u0117\u00a0<\/strong>\u2013 \u0161vietimo \u012fstaig\u0173 (i\u0161skyrus priva\u010dias \u0161vietimo \u012fstaigas, kuri\u0173 pagrindinis finansavimo \u0161altinis yra i\u0161 priva\u010di\u0173 arba komercini\u0173 pajam\u0173) darbuotojai, ikimokyklinio ugdymo aukl\u0117tojai, prie\u0161mokyklinio ugdymo pedagogai, savivaldybi\u0173 administracij\u0173 \u0161vietimo padalini\u0173, \u0161vietimo savivaldos institucij\u0173 dirbantys asmenys, kuri\u0173 vykdomos funkcijos yra tiesiogiai susij\u0119 su projekte \u012fgyvendinamomis veiklomis ir kiti mokykl\u0173 bendruomeni\u0173 nariai.<\/p>\n<p><strong>Projekto veiklos:<\/strong><\/p>\n<ol>\n<li><a href=\"https:\/\/www.esinvesticijos.lt\/uploads\/main\/esproducts\/docs\/92_d217f77a3a369db40169a78a7f6da426.pdf\">Tyrimas: Pa\u017eangi pedagogin\u0117 praktika ir pedagogin\u0117s inovacijos Lietuvos vaik\u0173 dar\u017eeliuose<\/a>.<\/li>\n<li>Ikimokyklinio ir prie\u0161mokyklinio ugdymo metodin\u0117s med\u017eiagos rinkini\u0173 parengimas ir diegimas<\/li>\n<\/ol>\n<p style=\"padding-left: 80px;\">2.1.\u00a0<span lang=\"LT\"><a href=\"https:\/\/www.emokykla.lt\/titulinis\/pradzia\/metodines-medziagos-rinkinys-ikimokyklinio-ugdymo-pedagogams-zaisme-ir-atradimai\/45979\">Rekomendacijos ikimokyklinio ugdymo pedagogams \u201e\u017daism\u0117 ir atradimai\u201c<\/a><br \/>\n<\/span><span lang=\"LT\">2.2. <a href=\"https:\/\/www.emokykla.lt\/titulinis\/pradzia\/rekomendaciju-priesmokyklinio-ugdymo-pedagogams-patirciu-erdves-rinkinys\/46001\">Rekomendacijos prie\u0161mokyklinio ugdymo pedagogams \u201ePatir\u010di\u0173 erdv\u0117s\u201c<\/a><\/span><\/p>\n<p>&nbsp;<\/p>\n<p><strong>Projekto rezultatai:<\/strong><\/p>\n<ol>\n<li>Parengti, i\u0161bandyti ir i\u0161leisti 2 ikimokyklinio ugdymo metodin\u0117s med\u017eiagos rinkiniai (kiekvieno po 4000 egz.) ikimokyklinio ugdymo programai diegti.<\/li>\n<li>Parengti, i\u0161bandyti ir i\u0161leisti 2 prie\u0161mokyklinio ugdymo metodin\u0117s med\u017eiagos rinkiniai (kiekvieno po 1300 egz.) prie\u0161mokyklinio ugdymo programai diegti.<\/li>\n<li>Apmokyti 285 ikimokyklinio ugdymo aukl\u0117tojai.<\/li>\n<li>Apmokyta 190 prie\u0161mokyklinio ugdymo pedagog\u0173.<\/li>\n<\/ol>\n<p>Projektas ,,Inovacijos vaik\u0173 dar\u017eelyje\u201c atitinka 2014\u20132020 \u202fm. Europos S\u0105jungos fond\u0173 investicij\u0173 veiksm\u0173 programos, patvirtintos Europos Komisijos 2014 m. rugs\u0117jo 8 \u202fd. sprendimu Nr.\u202fC(2014)6397, 9\u202f prioriteto \u201eVisuomen\u0117s \u0161vietimas ir \u017emogi\u0161k\u0173j\u0173 i\u0161tekli\u0173 potencialo didinimas\u201c 9.2.1. u\u017edavin\u012f ,,Pagerinti mokini\u0173 ugdymo pasiekimus skatinant poky\u010dius \u0161vietimo \u012fstaig\u0173 veikloje\u201c, kuriame pa\u017eymima, kad ESF remiamos veiklos sudarys s\u0105lygas atnaujinti ikimokyklinio ugdymo \u012fstaigose taikomus pasenusius ugdymo organizavimo modelius, metodus, ugdymo \u012frankius, priemones ir turin\u012f.<\/p>\n<p>Projektui \u012fgyvendinti skirtos Europos socialinio fondo ir savivaldybi\u0173 biud\u017eet\u0173 l\u0117\u0161os \u2013 1.579.122,00 eur\u0173.<\/p>\n<p><strong>Projekto trukm\u0117:\u00a0<\/strong>48 m\u0117nesiai (2018 m. kovo 6 d. \u2013 2022 m. kovo 6 d.).<\/p>\n","protected":false},"excerpt":{"rendered":"<p>Projektas \u201eInovacijos vaik\u0173 dar\u017eelyje\u201c, projekto kodas Nr. 09.2.1-ESFA-V-726-01-0001 Projektas finansuojamas Europos socialinio fondo l\u0117\u0161omis. Projekto tikslas\u00a0\u2013 gerinti ikimokyklinio ir prie\u0161mokyklinio ugdymo praktik\u0105 skatinant poky\u010dius \u0161vietimo \u012fstaig\u0173 veikloje. Projekto u\u017edavinys\u00a0\u2013 parengti pedagogams ikimokyklinio\/prie\u0161mokyklinio ugdymo metodin\u0117s med\u017eiagos rinkinius, skirtus darnaus vystymosi, k\u016brybingumo&nbsp;<a href=\"https:\/\/www.nsa.smsm.lt\/projektai\/vykdomi-projektai\/projektas-inovacijos-vaiku-darzelyje\/\" class=\"placiau\">Pla\u010diau <i class=\"fa fa-caret-right\"><\/i><\/a><\/p>\n","protected":false},"author":1,"featured_media":0,"parent":8,"menu_order":2,"comment_status":"closed","ping_status":"closed","template":"page-projektas.php","meta":{"_acf_changed":false,"inline_featured_image":false,"footnotes":""},"class_list":["post-57","page","type-page","status-publish","hentry"],"acf":[],"yoast_head":"<!-- This site is optimized with the Yoast SEO plugin v27.2 - https:\/\/yoast.com\/product\/yoast-seo-wordpress\/ -->\n<title>Projektas \u201eInovacijos vaik\u0173 dar\u017eelyje\u201c - N\u0160A projektai<\/title>\n<meta name=\"robots\" content=\"index, follow, max-snippet:-1, max-image-preview:large, max-video-preview:-1\" \/>\n<link rel=\"canonical\" href=\"https:\/\/www.nsa.smsm.lt\/projektai\/vykdomi-projektai\/projektas-inovacijos-vaiku-darzelyje\/\" \/>\n<meta property=\"og:locale\" content=\"lt_LT\" \/>\n<meta property=\"og:type\" content=\"article\" \/>\n<meta property=\"og:title\" content=\"Projektas \u201eInovacijos vaik\u0173 dar\u017eelyje\u201c - N\u0160A projektai\" \/>\n<meta property=\"og:description\" content=\"Projektas \u201eInovacijos vaik\u0173 dar\u017eelyje\u201c, projekto kodas Nr. 09.2.1-ESFA-V-726-01-0001 Projektas finansuojamas Europos socialinio fondo l\u0117\u0161omis. Projekto tikslas\u00a0\u2013 gerinti ikimokyklinio ir prie\u0161mokyklinio ugdymo praktik\u0105 skatinant poky\u010dius \u0161vietimo \u012fstaig\u0173 veikloje. Projekto u\u017edavinys\u00a0\u2013 parengti pedagogams ikimokyklinio\/prie\u0161mokyklinio ugdymo metodin\u0117s med\u017eiagos rinkinius, skirtus darnaus vystymosi, k\u016brybingumo&nbsp;Pla\u010diau\" \/>\n<meta property=\"og:url\" content=\"https:\/\/www.nsa.smsm.lt\/projektai\/vykdomi-projektai\/projektas-inovacijos-vaiku-darzelyje\/\" \/>\n<meta property=\"og:site_name\" content=\"N\u0160A projektai\" \/>\n<meta property=\"article:modified_time\" content=\"2022-06-15T17:35:38+00:00\" \/>\n<meta name=\"twitter:card\" content=\"summary_large_image\" \/>\n<meta name=\"twitter:label1\" content=\"Est. reading time\" \/>\n\t<meta name=\"twitter:data1\" content=\"2 minut\u0117s\" \/>\n<script type=\"application\/ld+json\" class=\"yoast-schema-graph\">{\"@context\":\"https:\/\/schema.org\",\"@graph\":[{\"@type\":\"WebPage\",\"@id\":\"https:\/\/www.nsa.smsm.lt\/projektai\/vykdomi-projektai\/projektas-inovacijos-vaiku-darzelyje\/\",\"url\":\"https:\/\/www.nsa.smsm.lt\/projektai\/vykdomi-projektai\/projektas-inovacijos-vaiku-darzelyje\/\",\"name\":\"Projektas \u201eInovacijos vaik\u0173 dar\u017eelyje\u201c - N\u0160A projektai\",\"isPartOf\":{\"@id\":\"https:\/\/www.nsa.smsm.lt\/projektai\/#website\"},\"datePublished\":\"2021-10-06T08:58:01+00:00\",\"dateModified\":\"2022-06-15T17:35:38+00:00\",\"breadcrumb\":{\"@id\":\"https:\/\/www.nsa.smsm.lt\/projektai\/vykdomi-projektai\/projektas-inovacijos-vaiku-darzelyje\/#breadcrumb\"},\"inLanguage\":\"lt-LT\",\"potentialAction\":[{\"@type\":\"ReadAction\",\"target\":[\"https:\/\/www.nsa.smsm.lt\/projektai\/vykdomi-projektai\/projektas-inovacijos-vaiku-darzelyje\/\"]}]},{\"@type\":\"BreadcrumbList\",\"@id\":\"https:\/\/www.nsa.smsm.lt\/projektai\/vykdomi-projektai\/projektas-inovacijos-vaiku-darzelyje\/#breadcrumb\",\"itemListElement\":[{\"@type\":\"ListItem\",\"position\":1,\"name\":\"Prad\u017eia\",\"item\":\"https:\/\/www.nsa.smsm.lt\/projektai\/\"},{\"@type\":\"ListItem\",\"position\":2,\"name\":\"Vykdomi projektai\",\"item\":\"https:\/\/www.nsa.smsm.lt\/projektai\/vykdomi-projektai\/\"},{\"@type\":\"ListItem\",\"position\":3,\"name\":\"Projektas \u201eInovacijos vaik\u0173 dar\u017eelyje\u201c\"}]},{\"@type\":\"WebSite\",\"@id\":\"https:\/\/www.nsa.smsm.lt\/projektai\/#website\",\"url\":\"https:\/\/www.nsa.smsm.lt\/projektai\/\",\"name\":\"N\u0160A projektai\",\"description\":\"\",\"potentialAction\":[{\"@type\":\"SearchAction\",\"target\":{\"@type\":\"EntryPoint\",\"urlTemplate\":\"https:\/\/www.nsa.smsm.lt\/projektai\/?s={search_term_string}\"},\"query-input\":{\"@type\":\"PropertyValueSpecification\",\"valueRequired\":true,\"valueName\":\"search_term_string\"}}],\"inLanguage\":\"lt-LT\"}]}<\/script>\n<!-- \/ Yoast SEO plugin. -->","yoast_head_json":{"title":"Projektas \u201eInovacijos vaik\u0173 dar\u017eelyje\u201c - N\u0160A projektai","robots":{"index":"index","follow":"follow","max-snippet":"max-snippet:-1","max-image-preview":"max-image-preview:large","max-video-preview":"max-video-preview:-1"},"canonical":"https:\/\/www.nsa.smsm.lt\/projektai\/vykdomi-projektai\/projektas-inovacijos-vaiku-darzelyje\/","og_locale":"lt_LT","og_type":"article","og_title":"Projektas \u201eInovacijos vaik\u0173 dar\u017eelyje\u201c - N\u0160A projektai","og_description":"Projektas \u201eInovacijos vaik\u0173 dar\u017eelyje\u201c, projekto kodas Nr. 09.2.1-ESFA-V-726-01-0001 Projektas finansuojamas Europos socialinio fondo l\u0117\u0161omis. Projekto tikslas\u00a0\u2013 gerinti ikimokyklinio ir prie\u0161mokyklinio ugdymo praktik\u0105 skatinant poky\u010dius \u0161vietimo \u012fstaig\u0173 veikloje. Projekto u\u017edavinys\u00a0\u2013 parengti pedagogams ikimokyklinio\/prie\u0161mokyklinio ugdymo metodin\u0117s med\u017eiagos rinkinius, skirtus darnaus vystymosi, k\u016brybingumo&nbsp;Pla\u010diau","og_url":"https:\/\/www.nsa.smsm.lt\/projektai\/vykdomi-projektai\/projektas-inovacijos-vaiku-darzelyje\/","og_site_name":"N\u0160A projektai","article_modified_time":"2022-06-15T17:35:38+00:00","twitter_card":"summary_large_image","twitter_misc":{"Est. reading time":"2 minut\u0117s"},"schema":{"@context":"https:\/\/schema.org","@graph":[{"@type":"WebPage","@id":"https:\/\/www.nsa.smsm.lt\/projektai\/vykdomi-projektai\/projektas-inovacijos-vaiku-darzelyje\/","url":"https:\/\/www.nsa.smsm.lt\/projektai\/vykdomi-projektai\/projektas-inovacijos-vaiku-darzelyje\/","name":"Projektas \u201eInovacijos vaik\u0173 dar\u017eelyje\u201c - N\u0160A projektai","isPartOf":{"@id":"https:\/\/www.nsa.smsm.lt\/projektai\/#website"},"datePublished":"2021-10-06T08:58:01+00:00","dateModified":"2022-06-15T17:35:38+00:00","breadcrumb":{"@id":"https:\/\/www.nsa.smsm.lt\/projektai\/vykdomi-projektai\/projektas-inovacijos-vaiku-darzelyje\/#breadcrumb"},"inLanguage":"lt-LT","potentialAction":[{"@type":"ReadAction","target":["https:\/\/www.nsa.smsm.lt\/projektai\/vykdomi-projektai\/projektas-inovacijos-vaiku-darzelyje\/"]}]},{"@type":"BreadcrumbList","@id":"https:\/\/www.nsa.smsm.lt\/projektai\/vykdomi-projektai\/projektas-inovacijos-vaiku-darzelyje\/#breadcrumb","itemListElement":[{"@type":"ListItem","position":1,"name":"Prad\u017eia","item":"https:\/\/www.nsa.smsm.lt\/projektai\/"},{"@type":"ListItem","position":2,"name":"Vykdomi projektai","item":"https:\/\/www.nsa.smsm.lt\/projektai\/vykdomi-projektai\/"},{"@type":"ListItem","position":3,"name":"Projektas \u201eInovacijos vaik\u0173 dar\u017eelyje\u201c"}]},{"@type":"WebSite","@id":"https:\/\/www.nsa.smsm.lt\/projektai\/#website","url":"https:\/\/www.nsa.smsm.lt\/projektai\/","name":"N\u0160A projektai","description":"","potentialAction":[{"@type":"SearchAction","target":{"@type":"EntryPoint","urlTemplate":"https:\/\/www.nsa.smsm.lt\/projektai\/?s={search_term_string}"},"query-input":{"@type":"PropertyValueSpecification","valueRequired":true,"valueName":"search_term_string"}}],"inLanguage":"lt-LT"}]}},"_links":{"self":[{"href":"https:\/\/www.nsa.smsm.lt\/projektai\/wp-json\/wp\/v2\/pages\/57","targetHints":{"allow":["GET"]}}],"collection":[{"href":"https:\/\/www.nsa.smsm.lt\/projektai\/wp-json\/wp\/v2\/pages"}],"about":[{"href":"https:\/\/www.nsa.smsm.lt\/projektai\/wp-json\/wp\/v2\/types\/page"}],"author":[{"embeddable":true,"href":"https:\/\/www.nsa.smsm.lt\/projektai\/wp-json\/wp\/v2\/users\/1"}],"replies":[{"embeddable":true,"href":"https:\/\/www.nsa.smsm.lt\/projektai\/wp-json\/wp\/v2\/comments?post=57"}],"version-history":[{"count":16,"href":"https:\/\/www.nsa.smsm.lt\/projektai\/wp-json\/wp\/v2\/pages\/57\/revisions"}],"predecessor-version":[{"id":1617,"href":"https:\/\/www.nsa.smsm.lt\/projektai\/wp-json\/wp\/v2\/pages\/57\/revisions\/1617"}],"up":[{"embeddable":true,"href":"https:\/\/www.nsa.smsm.lt\/projektai\/wp-json\/wp\/v2\/pages\/8"}],"wp:attachment":[{"href":"https:\/\/www.nsa.smsm.lt\/projektai\/wp-json\/wp\/v2\/media?parent=57"}],"curies":[{"name":"wp","href":"https:\/\/api.w.org\/{rel}","templated":true}]}}