{"id":3205,"date":"2025-08-27T07:57:00","date_gmt":"2025-08-27T07:57:00","guid":{"rendered":"https:\/\/www.nsa.smsm.lt\/projektai\/?page_id=3205"},"modified":"2025-08-27T07:58:07","modified_gmt":"2025-08-27T07:58:07","slug":"duomenu-valdymo-modelio-sukurimas","status":"publish","type":"page","link":"https:\/\/www.nsa.smsm.lt\/projektai\/vykdomi-projektai\/duomenu-valdymo-modelio-sukurimas\/","title":{"rendered":"Duomen\u0173 valdymo modelio suk\u016brimas"},"content":{"rendered":"<p>Valstyb\u0117s skaitmenini\u0173 sprendim\u0173 agent\u016bra \u012fgyvendina projekt\u0105\u00a0<strong>\u201eDuomen\u0173 valdymo modelio suk\u016brimas\u201c, projekto kodas Nr. 02-009-P-0001.<\/strong><\/p>\n<p><strong>Projekto tikslas<\/strong>\u00a0&#8211; parengti ir prad\u0117ti taikyti valstyb\u0117s informacini\u0173 i\u0161tekli\u0173 (toliau \u2013 VII) duomen\u0173 architekt\u016bros valdymo infrastrukt\u016bros veiklos model\u012f, VII duomen\u0173 valdysenos model\u012f ir sukurti centralizuotai valdomas technines priemones, \u012fgalinan\u010dias VII valdytojus \/ tvarkytojus parengti ir pateikti IS\/R duomenis bei j\u0173 metaduomenis vie\u0161ojo valdymo reikm\u0117ms, bei patogiai rasti ir gauti vie\u0161ojo sektoriaus institucij\u0173 tvarkomus duomenis tiek verslo pl\u0117trai, tiek ir nevyriausybini\u0173 iniciatyv\u0173 \u012fgyvendinimui.<\/p>\n<p>Projekto metu bus \u012fgyvendinamos \u0161ios\u00a0<strong>pagrindin\u0117s veiklos:<\/strong><\/p>\n<ul>\n<li>Metaduomen\u0173 standarto\u00a0 ir\u00a0 aplikacij\u0173 programavimo s\u0105sajos (toliau \u2013 API) k\u016brimo ir tvarkymo modelio suk\u016brimas;<\/li>\n<li>Metaduomenims generuoti skirto programinio \u012frankio suk\u016brimas ir \u012fdiegimas 15 IS\/R,\u00a0 centralizuotos metaduomen\u0173 saugojimo baz\u0117s ir API repozitoriaus suk\u016brimas ir u\u017epildymas metaduomenimis ir API s\u0105sajomis i\u0161 15 IS\/R;<\/li>\n<li>Metaduomenims generuoti skirto programinio \u012frankio \u012fdiegimas IS\/R, centralizuotos metaduomen\u0173 saugojimo baz\u0117s u\u017epildymas j\u0173 metaduomenimis;<\/li>\n<li>API repozitoriaus u\u017epildymas API s\u0105sajomis i\u0161 IS\/R.<\/li>\n<\/ul>\n<p>\u012egyvendinus Projekt\u0105 bus sukurti \u0161ie\u00a0<strong>rezultatai<\/strong>:<\/p>\n<ul>\n<li>Sukurtas metaduomen\u0173 standartas;<\/li>\n<li>Prad\u0117tas taikyti duomen\u0173 valdymo modelis;<\/li>\n<li>376 Valstyb\u0117s informacin\u0117se sistemose ir registruose \u012fdiegtas metaduomenims generuoti skirtas programinis \u012frankis;<\/li>\n<li>376 Valstyb\u0117s informacin\u0117se sistemose ir registruose \u012fdiegtos API s\u0105sajos, \u012ftrauktos \u012f API repozitori\u0173.<\/li>\n<\/ul>\n<p>Projektu prisidedama prie 2021-2030 met\u0173 Lietuvos Respublikos ekonomikos ir inovacij\u0173 ministerijos valstyb\u0117s skaitmeninimo pl\u0117tros programos pa\u017eangos priemon\u0117s Nr. 05-002-01-07-07 \u201eSkatinti duomen\u0173 prieinamum\u0105 ir pakartotin\u012f naudojim\u0105\u201c apra\u0161o patvirtinimo\u201c \u012fgyvendinamo Nacionalinio pa\u017eangos plano u\u017edavinio Nr. 1.7. Skatinti valstyb\u0117s skaitmeninim\u0105.<\/p>\n<p>Esama valstyb\u0117s institucin\u0117 sandara bei susiklos\u010diusi veiklos praktika nulemia, kad VII duomenys kuriami ir tvarkomi atskir\u0173 institucij\u0173 pagal veiklos sritis. VII buvo kuriami negalvojant apie tai, kaip duomenys tur\u0117t\u0173 dalyvauti bendroje valstyb\u0117s VII ekosistemoje u\u017e \u012fstaigos rib\u0173. Duomen\u0173 mainai tarp sistem\u0173 iki \u0161iol vyko nekoordinuojamai, kiekvienas naujos sistemos k\u016br\u0117jas pats sprend\u0117 kaip ir k\u0105 daryti. Siekiant patenkinti \u0161iuolaikinius valstyb\u0117s valdymo, administravimo bei pilie\u010di\u0173, verslo poreikius reikalingi poky\u010diai, kurie decentralizuotai sukurtus VII duomen\u0173 modelius pritaikyt\u0173 vieningam efektyviam naudojimui. Dar daugiau, ES institucijos siekdamos u\u017etikrinti tiek viening\u0105 ES skaitmenin\u0119 rink\u0105, pilie\u010di\u0173 laisv\u0105 jud\u0117jim\u0105 kartu su el. paslaugomis, skatina pana\u0161ias europines paslaugas, bei yra pateikusi teis\u0117k\u016bros iniciatyvas VII vystymo srityje. Lietuvai svarbu pasirengti dalyvavimui bendrame Europos S\u0105jungos valstybi\u0173 nari\u0173 VII gyvavimo cikle.<\/p>\n<p>Problemos, kurias spr\u0119sti yra planuojamas Projektas:<\/p>\n<ul>\n<li>Sunkiai randami reikalingi duomenys (ypa\u010d kai reikia gauti i\u0161 kitos organizacijos);<\/li>\n<li>Sud\u0117tingos duomen\u0173 main\u0173 proced\u016bros (ilgai trunkantys derinimai, reikia planuotis kit\u0173 met\u0173 biud\u017eete l\u0117\u0161as s\u0105sajoms ir t.t.);<\/li>\n<li>Nestandartizuoti, ilgai trunkantys ir brang\u016bs skaitmenizavimo sprendim\u0173 diegimai;<\/li>\n<li>Vis dar n\u0117ra atlikta i\u0161sami VII inventorizacija, n\u0117ra tiksliai centralizuotai \u017einoma kokie VII yra kaupiami, kaip jie kaupiami;<\/li>\n<li>Valstyb\u0117s informacini\u0173 sistem\u0173\/registr\u0173 (toliau \u2013 IS\/R) ir j\u0173 duomen\u0173 turinio dokumentacija yra neskaitmeninta, nepakankamai standartizuota ir susisteminta;<\/li>\n<li>Tr\u016bksta duomen\u0173 ir duomen\u0173 architekt\u016bros valdymo reguliavimo, valdymo praktikos, atitinkamo roli\u0173 ir atsakomybi\u0173 paskirstymo, duomen\u0173 kokyb\u0117s u\u017etikrinimo priemoni\u0173.<\/li>\n<\/ul>\n<p>I\u0161vardintos problemos gali b\u016bti i\u0161spr\u0119stos kuriant bendr\u0105 valstybin\u012f duomen\u0173 bei valdymo model\u012f, t.y. \u012fgyvendinant efektyvi\u0105 VII valdymo organizacin\u0119 strukt\u016br\u0105, sukuriant reikiam\u0105 teisin\u012f ir metodin\u012f VII tvarkymo ir valdymo pagrind\u0105, standartizuojant metaduomen\u0173 tvarkym\u0105 ir duomen\u0173 apsikeitim\u0105, sudarant\u012f prielaidas efektyviam VII duomen\u0173 tvarkymui ir naudojimui, bei integravimui \u012f Europos S\u0105jungos duomen\u0173 erdv\u0119.<\/p>\n<p>Siekiama nustatyti \u012f ateit\u012f kuriamoms, tobulinamoms IS\/R reikalavimus, kurie atitikt\u0173 \u0161iuolaikin\u012f valstyb\u0117s duomen\u0173 model\u012f. Taip pat siekiama pritaikyti priemones jau \u0161iuo metu egzistuojan\u010dioms IS\/R.<\/p>\n<p><strong>Vieningo duomen\u0173 modelio nauda<\/strong>:<\/p>\n<ul>\n<li>Duomenis b\u016bt\u0173 galima papras\u010diau rasti, kadangi duomen\u0173 modelis vieningas, ma\u017eiau duomen\u0173 dubliavimo;<\/li>\n<li>Duomen\u0173 mainai gali b\u016bti realizuoti naudojanti standartines priemones;<\/li>\n<li>Bendrasis duomen\u0173 modelis u\u017etikrins efektyv\u0173 duomen\u0173 vientisum\u0105, efektyv\u0173 apsikeitim\u0105 ir tuo pa\u010diu spartins skaitmenizavimo sprendim\u0173 \u012fdiegim\u0105;<\/li>\n<li>\u012egyvendinus viening\u0105 metaduomen\u0173 model\u012f, VII duomenys jau k\u016brimo stadijoje jie b\u016bt\u0173 pritaikyti bendram naudojimui bei apsikeitimui tarp skirting\u0173 VII, s\u0105lygojan\u010diam skaitmenizavimo spart\u0105 bei duomen\u0173 prieinamum\u0105.<\/li>\n<\/ul>\n<p><strong>Bendra projekto vert\u0117<br \/>\n<\/strong>16 270 760,26 Eur<\/p>\n<p><strong>Projekto veikl\u0173 \u012fgyvendinimo prad\u017eia<br \/>\n<\/strong>2022 m. spalio 11\u00a0d.<\/p>\n<p><strong>Projekto veikl\u0173 \u012fgyvendinimo pabaiga<br \/>\n<\/strong>2026 m. baland\u017eio 30 d.<\/p>\n<p><strong>Kontaktinis asmuo<br \/>\n<\/strong>Egl\u0117 \u010cepaitien\u0117<\/p>\n","protected":false},"excerpt":{"rendered":"<p>Valstyb\u0117s skaitmenini\u0173 sprendim\u0173 agent\u016bra \u012fgyvendina projekt\u0105\u00a0\u201eDuomen\u0173 valdymo modelio suk\u016brimas\u201c, projekto kodas Nr. 02-009-P-0001. Projekto tikslas\u00a0&#8211; parengti ir prad\u0117ti taikyti valstyb\u0117s informacini\u0173 i\u0161tekli\u0173 (toliau \u2013 VII) duomen\u0173 architekt\u016bros valdymo infrastrukt\u016bros veiklos model\u012f, VII duomen\u0173 valdysenos model\u012f ir sukurti centralizuotai valdomas technines&nbsp;<a href=\"https:\/\/www.nsa.smsm.lt\/projektai\/vykdomi-projektai\/duomenu-valdymo-modelio-sukurimas\/\" class=\"placiau\">Pla\u010diau <i class=\"fa fa-caret-right\"><\/i><\/a><\/p>\n","protected":false},"author":1,"featured_media":0,"parent":8,"menu_order":0,"comment_status":"closed","ping_status":"closed","template":"page-projektas.php","meta":{"_acf_changed":false,"inline_featured_image":false,"footnotes":""},"class_list":["post-3205","page","type-page","status-publish","hentry"],"acf":[],"yoast_head":"<!-- This site is optimized with the Yoast SEO plugin v27.2 - https:\/\/yoast.com\/product\/yoast-seo-wordpress\/ -->\n<title>Duomen\u0173 valdymo modelio suk\u016brimas - N\u0160A projektai<\/title>\n<meta name=\"robots\" content=\"index, follow, max-snippet:-1, max-image-preview:large, max-video-preview:-1\" \/>\n<link rel=\"canonical\" href=\"https:\/\/www.nsa.smsm.lt\/projektai\/vykdomi-projektai\/duomenu-valdymo-modelio-sukurimas\/\" \/>\n<meta property=\"og:locale\" content=\"lt_LT\" \/>\n<meta property=\"og:type\" content=\"article\" \/>\n<meta property=\"og:title\" content=\"Duomen\u0173 valdymo modelio suk\u016brimas - N\u0160A projektai\" \/>\n<meta property=\"og:description\" content=\"Valstyb\u0117s skaitmenini\u0173 sprendim\u0173 agent\u016bra \u012fgyvendina projekt\u0105\u00a0\u201eDuomen\u0173 valdymo modelio suk\u016brimas\u201c, projekto kodas Nr. 02-009-P-0001. Projekto tikslas\u00a0&#8211; parengti ir prad\u0117ti taikyti valstyb\u0117s informacini\u0173 i\u0161tekli\u0173 (toliau \u2013 VII) duomen\u0173 architekt\u016bros valdymo infrastrukt\u016bros veiklos model\u012f, VII duomen\u0173 valdysenos model\u012f ir sukurti centralizuotai valdomas technines&nbsp;Pla\u010diau\" \/>\n<meta property=\"og:url\" content=\"https:\/\/www.nsa.smsm.lt\/projektai\/vykdomi-projektai\/duomenu-valdymo-modelio-sukurimas\/\" \/>\n<meta property=\"og:site_name\" content=\"N\u0160A projektai\" \/>\n<meta property=\"article:modified_time\" content=\"2025-08-27T07:58:07+00:00\" \/>\n<meta name=\"twitter:card\" content=\"summary_large_image\" \/>\n<meta name=\"twitter:label1\" content=\"Est. reading time\" \/>\n\t<meta name=\"twitter:data1\" content=\"4 minut\u0117s\" \/>\n<script type=\"application\/ld+json\" class=\"yoast-schema-graph\">{\"@context\":\"https:\/\/schema.org\",\"@graph\":[{\"@type\":\"WebPage\",\"@id\":\"https:\/\/www.nsa.smsm.lt\/projektai\/vykdomi-projektai\/duomenu-valdymo-modelio-sukurimas\/\",\"url\":\"https:\/\/www.nsa.smsm.lt\/projektai\/vykdomi-projektai\/duomenu-valdymo-modelio-sukurimas\/\",\"name\":\"Duomen\u0173 valdymo modelio suk\u016brimas - N\u0160A projektai\",\"isPartOf\":{\"@id\":\"https:\/\/www.nsa.smsm.lt\/projektai\/#website\"},\"datePublished\":\"2025-08-27T07:57:00+00:00\",\"dateModified\":\"2025-08-27T07:58:07+00:00\",\"breadcrumb\":{\"@id\":\"https:\/\/www.nsa.smsm.lt\/projektai\/vykdomi-projektai\/duomenu-valdymo-modelio-sukurimas\/#breadcrumb\"},\"inLanguage\":\"lt-LT\",\"potentialAction\":[{\"@type\":\"ReadAction\",\"target\":[\"https:\/\/www.nsa.smsm.lt\/projektai\/vykdomi-projektai\/duomenu-valdymo-modelio-sukurimas\/\"]}]},{\"@type\":\"BreadcrumbList\",\"@id\":\"https:\/\/www.nsa.smsm.lt\/projektai\/vykdomi-projektai\/duomenu-valdymo-modelio-sukurimas\/#breadcrumb\",\"itemListElement\":[{\"@type\":\"ListItem\",\"position\":1,\"name\":\"Prad\u017eia\",\"item\":\"https:\/\/www.nsa.smsm.lt\/projektai\/\"},{\"@type\":\"ListItem\",\"position\":2,\"name\":\"Vykdomi projektai\",\"item\":\"https:\/\/www.nsa.smsm.lt\/projektai\/vykdomi-projektai\/\"},{\"@type\":\"ListItem\",\"position\":3,\"name\":\"Duomen\u0173 valdymo modelio suk\u016brimas\"}]},{\"@type\":\"WebSite\",\"@id\":\"https:\/\/www.nsa.smsm.lt\/projektai\/#website\",\"url\":\"https:\/\/www.nsa.smsm.lt\/projektai\/\",\"name\":\"N\u0160A projektai\",\"description\":\"\",\"potentialAction\":[{\"@type\":\"SearchAction\",\"target\":{\"@type\":\"EntryPoint\",\"urlTemplate\":\"https:\/\/www.nsa.smsm.lt\/projektai\/?s={search_term_string}\"},\"query-input\":{\"@type\":\"PropertyValueSpecification\",\"valueRequired\":true,\"valueName\":\"search_term_string\"}}],\"inLanguage\":\"lt-LT\"}]}<\/script>\n<!-- \/ Yoast SEO plugin. -->","yoast_head_json":{"title":"Duomen\u0173 valdymo modelio suk\u016brimas - N\u0160A projektai","robots":{"index":"index","follow":"follow","max-snippet":"max-snippet:-1","max-image-preview":"max-image-preview:large","max-video-preview":"max-video-preview:-1"},"canonical":"https:\/\/www.nsa.smsm.lt\/projektai\/vykdomi-projektai\/duomenu-valdymo-modelio-sukurimas\/","og_locale":"lt_LT","og_type":"article","og_title":"Duomen\u0173 valdymo modelio suk\u016brimas - N\u0160A projektai","og_description":"Valstyb\u0117s skaitmenini\u0173 sprendim\u0173 agent\u016bra \u012fgyvendina projekt\u0105\u00a0\u201eDuomen\u0173 valdymo modelio suk\u016brimas\u201c, projekto kodas Nr. 02-009-P-0001. Projekto tikslas\u00a0&#8211; parengti ir prad\u0117ti taikyti valstyb\u0117s informacini\u0173 i\u0161tekli\u0173 (toliau \u2013 VII) duomen\u0173 architekt\u016bros valdymo infrastrukt\u016bros veiklos model\u012f, VII duomen\u0173 valdysenos model\u012f ir sukurti centralizuotai valdomas technines&nbsp;Pla\u010diau","og_url":"https:\/\/www.nsa.smsm.lt\/projektai\/vykdomi-projektai\/duomenu-valdymo-modelio-sukurimas\/","og_site_name":"N\u0160A projektai","article_modified_time":"2025-08-27T07:58:07+00:00","twitter_card":"summary_large_image","twitter_misc":{"Est. reading time":"4 minut\u0117s"},"schema":{"@context":"https:\/\/schema.org","@graph":[{"@type":"WebPage","@id":"https:\/\/www.nsa.smsm.lt\/projektai\/vykdomi-projektai\/duomenu-valdymo-modelio-sukurimas\/","url":"https:\/\/www.nsa.smsm.lt\/projektai\/vykdomi-projektai\/duomenu-valdymo-modelio-sukurimas\/","name":"Duomen\u0173 valdymo modelio suk\u016brimas - N\u0160A projektai","isPartOf":{"@id":"https:\/\/www.nsa.smsm.lt\/projektai\/#website"},"datePublished":"2025-08-27T07:57:00+00:00","dateModified":"2025-08-27T07:58:07+00:00","breadcrumb":{"@id":"https:\/\/www.nsa.smsm.lt\/projektai\/vykdomi-projektai\/duomenu-valdymo-modelio-sukurimas\/#breadcrumb"},"inLanguage":"lt-LT","potentialAction":[{"@type":"ReadAction","target":["https:\/\/www.nsa.smsm.lt\/projektai\/vykdomi-projektai\/duomenu-valdymo-modelio-sukurimas\/"]}]},{"@type":"BreadcrumbList","@id":"https:\/\/www.nsa.smsm.lt\/projektai\/vykdomi-projektai\/duomenu-valdymo-modelio-sukurimas\/#breadcrumb","itemListElement":[{"@type":"ListItem","position":1,"name":"Prad\u017eia","item":"https:\/\/www.nsa.smsm.lt\/projektai\/"},{"@type":"ListItem","position":2,"name":"Vykdomi projektai","item":"https:\/\/www.nsa.smsm.lt\/projektai\/vykdomi-projektai\/"},{"@type":"ListItem","position":3,"name":"Duomen\u0173 valdymo modelio suk\u016brimas"}]},{"@type":"WebSite","@id":"https:\/\/www.nsa.smsm.lt\/projektai\/#website","url":"https:\/\/www.nsa.smsm.lt\/projektai\/","name":"N\u0160A projektai","description":"","potentialAction":[{"@type":"SearchAction","target":{"@type":"EntryPoint","urlTemplate":"https:\/\/www.nsa.smsm.lt\/projektai\/?s={search_term_string}"},"query-input":{"@type":"PropertyValueSpecification","valueRequired":true,"valueName":"search_term_string"}}],"inLanguage":"lt-LT"}]}},"_links":{"self":[{"href":"https:\/\/www.nsa.smsm.lt\/projektai\/wp-json\/wp\/v2\/pages\/3205","targetHints":{"allow":["GET"]}}],"collection":[{"href":"https:\/\/www.nsa.smsm.lt\/projektai\/wp-json\/wp\/v2\/pages"}],"about":[{"href":"https:\/\/www.nsa.smsm.lt\/projektai\/wp-json\/wp\/v2\/types\/page"}],"author":[{"embeddable":true,"href":"https:\/\/www.nsa.smsm.lt\/projektai\/wp-json\/wp\/v2\/users\/1"}],"replies":[{"embeddable":true,"href":"https:\/\/www.nsa.smsm.lt\/projektai\/wp-json\/wp\/v2\/comments?post=3205"}],"version-history":[{"count":2,"href":"https:\/\/www.nsa.smsm.lt\/projektai\/wp-json\/wp\/v2\/pages\/3205\/revisions"}],"predecessor-version":[{"id":3207,"href":"https:\/\/www.nsa.smsm.lt\/projektai\/wp-json\/wp\/v2\/pages\/3205\/revisions\/3207"}],"up":[{"embeddable":true,"href":"https:\/\/www.nsa.smsm.lt\/projektai\/wp-json\/wp\/v2\/pages\/8"}],"wp:attachment":[{"href":"https:\/\/www.nsa.smsm.lt\/projektai\/wp-json\/wp\/v2\/media?parent=3205"}],"curies":[{"name":"wp","href":"https:\/\/api.w.org\/{rel}","templated":true}]}}