{"id":2694,"date":"2024-09-12T10:03:55","date_gmt":"2024-09-12T10:03:55","guid":{"rendered":"http:\/\/www.nsa.smsm.lt\/projektai\/?page_id=2694"},"modified":"2026-01-07T13:14:46","modified_gmt":"2026-01-07T13:14:46","slug":"projekto-kontaktai","status":"publish","type":"page","link":"https:\/\/www.nsa.smsm.lt\/projektai\/vykdomi-projektai\/np-ms\/projekto-kontaktai\/","title":{"rendered":"Projekto kontaktai"},"content":{"rendered":"<p><strong>Pagrindiniai kontaktiniai asmenys:<\/strong><\/p>\n<div class=\"page\" title=\"Page 4\">\n<div class=\"layoutArea\">\n<div class=\"column\">\n<p>Projekto vadov\u0117: Rima Sinick\u0117, tel. +370 658 18367, el. pas\u030ctas rima.sinicke@nsa.smm.lt.<br \/>\nTurinio koordinator\u0117: Daiva Lepait\u0117, tel. +370 658 13489, el. pas\u030ctas daiva.lepaite@nsa.smm.lt.<br \/>\nNacionaliniu\u0328 programu\u0328 instituciju\u0328 koordinator\u0117: Brigita Laukevi\u010di\u016bt\u0117, el. p. <a href=\"mailto:brigita.laukeviciute@nsa.smm.lt\">brigita.laukeviciute@nsa.smm.lt<\/a>.<br \/>\nMagistrant\u016bros studij\u0173 institucij\u0173 koordinator\u0117: Brigita Laukevi\u010di\u016bt\u0117, el. p. <a href=\"mailto:brigita.laukeviciute@nsa.smm.lt\">brigita.laukeviciute@nsa.smm.lt<\/a>.<br \/>\nKomunikacijos koordinatore\u0307: Vaiva Gudaityte\u0307, el. p. <a href=\"mailto:vaiva.gudaityte@nsa.smm.lt\">vaiva.gudaityte@nsa.smm.lt<\/a><br \/>\nSteb\u0117senos analitik\u0117: Dalia Survutait\u0117, <a href=\"mailto:dalia.survutaite@nsa.smm.lt\">dalia.survutaite@nsa.smm.lt<\/a><\/p>\n<p>Projekto administrator\u0117s: Brigita Laukevi\u010di\u016bt\u0117, el. p. <a href=\"mailto:brigita.laukeviciute@nsa.smm.lt\">brigita.laukeviciute@nsa.smm.lt<\/a>\u00a0ir Vaiva Gudaityte\u0307, el. p. <a href=\"mailto:vaiva.gudaityte@nsa.smm.lt\">vaiva.gudaityte@nsa.smm.lt<\/a><\/p>\n<p><strong>Nacionalini\u0173 program\u0173 partnerys\u010di\u0173 vadove\u0307s<\/strong><\/p>\n<p>VDU &#8211; Agn\u0117 Liucil\u0117 Grickevi\u010d\u0117: agne.grickevice@vdu.lt<br \/>\nVU &#8211; (Vilniuje) &#8211; Asta Me\u0161kauskien\u0117: asta.meskauskiene@fsf.vu.lt<br \/>\nVU &#8211; (S\u030ciauliuose) &#8211; Rima Bakutyt\u0117: rima.bakutyte@sa.vu.lt<\/p>\n<p><strong>Magistrant\u016bros studij\u0173 partnerys\u010di\u0173 vadovai<\/strong><\/p>\n<p>VDU &#8211; Au\u0161ra Rutkien\u0117: ausra.rutkiene@vdu.lt<br \/>\nVU &#8211; (Vilnius ir \u0160iauliai)- Regina Karvelien\u0117: regina.karveliene@sa.vu.lt<br \/>\nKU &#8211; Aida Norvilien\u0117: aida.norviliene@ku.lt<br \/>\nKTU &#8211; Egl\u0117 Butkevi\u010dien\u0117: egle.butkeviciene@ktu.lt<br \/>\nMRU &#8211; Romas Prakapas: prakapas@mruni.eu<br \/>\nMRU &#8211; Barbara Stankiewicz: barbara@mruni.eu<\/p>\n<p><strong>Nacionalini\u0173 program\u0173 partnerys\u010di\u0173 veiklos koordinatoriai<\/strong><\/p>\n<p>VDU: Ksenija Banu\u0161evi\u010dien\u0117: ksenija.banuseviciene@vdu.lt<br \/>\nVDU: Antanas Stan\u010dius: stancius.antanas@gmail.com<br \/>\nVDU: Irena Juodien\u0117: irena.juodiene@vdu.lt<br \/>\nVU S\u030ciauliu\u0328 akademija: Birut\u0117 Bra\u010dkien\u0117: birute.brackiene@sa.vu.lt<br \/>\nVU S\u030ciauliu\u0328 akademija: Skaist\u0117 Kovien\u0117: skaiste.koviene@sa.vu.lt<br \/>\nVU Ugdymo institutas: Simona Vi\u017einien\u0117 <a href=\"mailto:simona.viziniene@fsf.vu.lt\">simona.viziniene@fsf.vu.lt<\/a><\/p>\n<p><strong>Magistrant\u016bros studij\u0173 partnerys\u010di\u0173 veiklos koordinatoriai<\/strong><\/p>\n<p>VDU: Lijana Janu\u0161aitien\u0117: lijana.janusaitiene@vdu.lt<br \/>\nVU S\u030ciauliu\u0328 akademija: Audron\u0117 Grisiuvien\u0117: audrone.grisiuviene@sa.vu.lt<br \/>\nVU S\u030ciauliu\u0328 akademija: Renata Juknien\u0117: renata.jukniene@sa.vu.lt<br \/>\nVU S\u030ciauliu\u0328 akademija: Evelina Kancevi\u010dien\u0117: evelina.kanceviciene@sa.vu.lt<br \/>\nVU Vilnius: Jolanta Zenkevi\u010d: jolanta.zenkevic@fsf.vu.lt<br \/>\nVU Vilnius: Andrijana Leonien\u0117, andrijana.leoniene@nsa.smm.lt<br \/>\nMRU: Romas Prakapas: prakapas@mruni.eu<br \/>\nMRU: Barbara Stankiewicz: barbara@mruni.eu<br \/>\nKU: Evelina Brazauskien\u0117: evelina.brazauskiene@ku.lt<br \/>\nKTU: Ieva Juknien\u0117: ieva.jukniene@ktu.lt<br \/>\nISM: Laurynas Puidokas: puidokas.laurynas@gmail.com<\/p>\n<\/div>\n<\/div>\n<\/div>\n","protected":false},"excerpt":{"rendered":"<p>Pagrindiniai kontaktiniai asmenys: Projekto vadov\u0117: Rima Sinick\u0117, tel. +370 658 18367, el. pas\u030ctas rima.sinicke@nsa.smm.lt. Turinio koordinator\u0117: Daiva Lepait\u0117, tel. +370 658 13489, el. pas\u030ctas daiva.lepaite@nsa.smm.lt. Nacionaliniu\u0328 programu\u0328 instituciju\u0328 koordinator\u0117: Brigita Laukevi\u010di\u016bt\u0117, el. p. brigita.laukeviciute@nsa.smm.lt. Magistrant\u016bros studij\u0173 institucij\u0173 koordinator\u0117: Brigita Laukevi\u010di\u016bt\u0117,&nbsp;<a href=\"https:\/\/www.nsa.smsm.lt\/projektai\/vykdomi-projektai\/np-ms\/projekto-kontaktai\/\" class=\"placiau\">Pla\u010diau <i class=\"fa fa-caret-right\"><\/i><\/a><\/p>\n","protected":false},"author":1,"featured_media":0,"parent":2557,"menu_order":0,"comment_status":"closed","ping_status":"closed","template":"page-sub-projektas.php","meta":{"_acf_changed":false,"inline_featured_image":false,"footnotes":""},"class_list":["post-2694","page","type-page","status-publish","hentry"],"acf":[],"yoast_head":"<!-- This site is optimized with the Yoast SEO plugin v27.2 - https:\/\/yoast.com\/product\/yoast-seo-wordpress\/ -->\n<title>Projekto kontaktai - N\u0160A projektai<\/title>\n<meta name=\"robots\" content=\"index, follow, max-snippet:-1, max-image-preview:large, max-video-preview:-1\" \/>\n<link rel=\"canonical\" href=\"https:\/\/www.nsa.smsm.lt\/projektai\/vykdomi-projektai\/np-ms\/projekto-kontaktai\/\" \/>\n<meta property=\"og:locale\" content=\"lt_LT\" \/>\n<meta property=\"og:type\" content=\"article\" \/>\n<meta property=\"og:title\" content=\"Projekto kontaktai - N\u0160A projektai\" \/>\n<meta property=\"og:description\" content=\"Pagrindiniai kontaktiniai asmenys: Projekto vadov\u0117: Rima Sinick\u0117, tel. +370 658 18367, el. pas\u030ctas rima.sinicke@nsa.smm.lt. Turinio koordinator\u0117: Daiva Lepait\u0117, tel. +370 658 13489, el. pas\u030ctas daiva.lepaite@nsa.smm.lt. Nacionaliniu\u0328 programu\u0328 instituciju\u0328 koordinator\u0117: Brigita Laukevi\u010di\u016bt\u0117, el. p. brigita.laukeviciute@nsa.smm.lt. Magistrant\u016bros studij\u0173 institucij\u0173 koordinator\u0117: Brigita Laukevi\u010di\u016bt\u0117,&nbsp;Pla\u010diau\" \/>\n<meta property=\"og:url\" content=\"https:\/\/www.nsa.smsm.lt\/projektai\/vykdomi-projektai\/np-ms\/projekto-kontaktai\/\" \/>\n<meta property=\"og:site_name\" content=\"N\u0160A projektai\" \/>\n<meta property=\"article:modified_time\" content=\"2026-01-07T13:14:46+00:00\" \/>\n<meta name=\"twitter:card\" content=\"summary_large_image\" \/>\n<meta name=\"twitter:label1\" content=\"Est. reading time\" \/>\n\t<meta name=\"twitter:data1\" content=\"2 minut\u0117s\" \/>\n<script type=\"application\/ld+json\" class=\"yoast-schema-graph\">{\"@context\":\"https:\/\/schema.org\",\"@graph\":[{\"@type\":\"WebPage\",\"@id\":\"https:\/\/www.nsa.smsm.lt\/projektai\/vykdomi-projektai\/np-ms\/projekto-kontaktai\/\",\"url\":\"https:\/\/www.nsa.smsm.lt\/projektai\/vykdomi-projektai\/np-ms\/projekto-kontaktai\/\",\"name\":\"Projekto kontaktai - N\u0160A projektai\",\"isPartOf\":{\"@id\":\"https:\/\/www.nsa.smsm.lt\/projektai\/#website\"},\"datePublished\":\"2024-09-12T10:03:55+00:00\",\"dateModified\":\"2026-01-07T13:14:46+00:00\",\"breadcrumb\":{\"@id\":\"https:\/\/www.nsa.smsm.lt\/projektai\/vykdomi-projektai\/np-ms\/projekto-kontaktai\/#breadcrumb\"},\"inLanguage\":\"lt-LT\",\"potentialAction\":[{\"@type\":\"ReadAction\",\"target\":[\"https:\/\/www.nsa.smsm.lt\/projektai\/vykdomi-projektai\/np-ms\/projekto-kontaktai\/\"]}]},{\"@type\":\"BreadcrumbList\",\"@id\":\"https:\/\/www.nsa.smsm.lt\/projektai\/vykdomi-projektai\/np-ms\/projekto-kontaktai\/#breadcrumb\",\"itemListElement\":[{\"@type\":\"ListItem\",\"position\":1,\"name\":\"Prad\u017eia\",\"item\":\"https:\/\/www.nsa.smsm.lt\/projektai\/\"},{\"@type\":\"ListItem\",\"position\":2,\"name\":\"Vykdomi projektai\",\"item\":\"https:\/\/www.nsa.smsm.lt\/projektai\/vykdomi-projektai\/\"},{\"@type\":\"ListItem\",\"position\":3,\"name\":\"Projektas \u201ePedagog\u0173 kompetencij\u0173 stiprinimas nacionalin\u0117se kvalifikacijos tobulinimo programose ir magistrant\u016bros studijose (NP \/ MS)\u201c\",\"item\":\"https:\/\/www.nsa.smsm.lt\/projektai\/vykdomi-projektai\/np-ms\/\"},{\"@type\":\"ListItem\",\"position\":4,\"name\":\"Projekto kontaktai\"}]},{\"@type\":\"WebSite\",\"@id\":\"https:\/\/www.nsa.smsm.lt\/projektai\/#website\",\"url\":\"https:\/\/www.nsa.smsm.lt\/projektai\/\",\"name\":\"N\u0160A projektai\",\"description\":\"\",\"potentialAction\":[{\"@type\":\"SearchAction\",\"target\":{\"@type\":\"EntryPoint\",\"urlTemplate\":\"https:\/\/www.nsa.smsm.lt\/projektai\/?s={search_term_string}\"},\"query-input\":{\"@type\":\"PropertyValueSpecification\",\"valueRequired\":true,\"valueName\":\"search_term_string\"}}],\"inLanguage\":\"lt-LT\"}]}<\/script>\n<!-- \/ Yoast SEO plugin. -->","yoast_head_json":{"title":"Projekto kontaktai - N\u0160A projektai","robots":{"index":"index","follow":"follow","max-snippet":"max-snippet:-1","max-image-preview":"max-image-preview:large","max-video-preview":"max-video-preview:-1"},"canonical":"https:\/\/www.nsa.smsm.lt\/projektai\/vykdomi-projektai\/np-ms\/projekto-kontaktai\/","og_locale":"lt_LT","og_type":"article","og_title":"Projekto kontaktai - N\u0160A projektai","og_description":"Pagrindiniai kontaktiniai asmenys: Projekto vadov\u0117: Rima Sinick\u0117, tel. +370 658 18367, el. pas\u030ctas rima.sinicke@nsa.smm.lt. Turinio koordinator\u0117: Daiva Lepait\u0117, tel. +370 658 13489, el. pas\u030ctas daiva.lepaite@nsa.smm.lt. Nacionaliniu\u0328 programu\u0328 instituciju\u0328 koordinator\u0117: Brigita Laukevi\u010di\u016bt\u0117, el. p. brigita.laukeviciute@nsa.smm.lt. Magistrant\u016bros studij\u0173 institucij\u0173 koordinator\u0117: Brigita Laukevi\u010di\u016bt\u0117,&nbsp;Pla\u010diau","og_url":"https:\/\/www.nsa.smsm.lt\/projektai\/vykdomi-projektai\/np-ms\/projekto-kontaktai\/","og_site_name":"N\u0160A projektai","article_modified_time":"2026-01-07T13:14:46+00:00","twitter_card":"summary_large_image","twitter_misc":{"Est. reading time":"2 minut\u0117s"},"schema":{"@context":"https:\/\/schema.org","@graph":[{"@type":"WebPage","@id":"https:\/\/www.nsa.smsm.lt\/projektai\/vykdomi-projektai\/np-ms\/projekto-kontaktai\/","url":"https:\/\/www.nsa.smsm.lt\/projektai\/vykdomi-projektai\/np-ms\/projekto-kontaktai\/","name":"Projekto kontaktai - N\u0160A projektai","isPartOf":{"@id":"https:\/\/www.nsa.smsm.lt\/projektai\/#website"},"datePublished":"2024-09-12T10:03:55+00:00","dateModified":"2026-01-07T13:14:46+00:00","breadcrumb":{"@id":"https:\/\/www.nsa.smsm.lt\/projektai\/vykdomi-projektai\/np-ms\/projekto-kontaktai\/#breadcrumb"},"inLanguage":"lt-LT","potentialAction":[{"@type":"ReadAction","target":["https:\/\/www.nsa.smsm.lt\/projektai\/vykdomi-projektai\/np-ms\/projekto-kontaktai\/"]}]},{"@type":"BreadcrumbList","@id":"https:\/\/www.nsa.smsm.lt\/projektai\/vykdomi-projektai\/np-ms\/projekto-kontaktai\/#breadcrumb","itemListElement":[{"@type":"ListItem","position":1,"name":"Prad\u017eia","item":"https:\/\/www.nsa.smsm.lt\/projektai\/"},{"@type":"ListItem","position":2,"name":"Vykdomi projektai","item":"https:\/\/www.nsa.smsm.lt\/projektai\/vykdomi-projektai\/"},{"@type":"ListItem","position":3,"name":"Projektas \u201ePedagog\u0173 kompetencij\u0173 stiprinimas nacionalin\u0117se kvalifikacijos tobulinimo programose ir magistrant\u016bros studijose (NP \/ MS)\u201c","item":"https:\/\/www.nsa.smsm.lt\/projektai\/vykdomi-projektai\/np-ms\/"},{"@type":"ListItem","position":4,"name":"Projekto kontaktai"}]},{"@type":"WebSite","@id":"https:\/\/www.nsa.smsm.lt\/projektai\/#website","url":"https:\/\/www.nsa.smsm.lt\/projektai\/","name":"N\u0160A projektai","description":"","potentialAction":[{"@type":"SearchAction","target":{"@type":"EntryPoint","urlTemplate":"https:\/\/www.nsa.smsm.lt\/projektai\/?s={search_term_string}"},"query-input":{"@type":"PropertyValueSpecification","valueRequired":true,"valueName":"search_term_string"}}],"inLanguage":"lt-LT"}]}},"_links":{"self":[{"href":"https:\/\/www.nsa.smsm.lt\/projektai\/wp-json\/wp\/v2\/pages\/2694","targetHints":{"allow":["GET"]}}],"collection":[{"href":"https:\/\/www.nsa.smsm.lt\/projektai\/wp-json\/wp\/v2\/pages"}],"about":[{"href":"https:\/\/www.nsa.smsm.lt\/projektai\/wp-json\/wp\/v2\/types\/page"}],"author":[{"embeddable":true,"href":"https:\/\/www.nsa.smsm.lt\/projektai\/wp-json\/wp\/v2\/users\/1"}],"replies":[{"embeddable":true,"href":"https:\/\/www.nsa.smsm.lt\/projektai\/wp-json\/wp\/v2\/comments?post=2694"}],"version-history":[{"count":16,"href":"https:\/\/www.nsa.smsm.lt\/projektai\/wp-json\/wp\/v2\/pages\/2694\/revisions"}],"predecessor-version":[{"id":3408,"href":"https:\/\/www.nsa.smsm.lt\/projektai\/wp-json\/wp\/v2\/pages\/2694\/revisions\/3408"}],"up":[{"embeddable":true,"href":"https:\/\/www.nsa.smsm.lt\/projektai\/wp-json\/wp\/v2\/pages\/2557"}],"wp:attachment":[{"href":"https:\/\/www.nsa.smsm.lt\/projektai\/wp-json\/wp\/v2\/media?parent=2694"}],"curies":[{"name":"wp","href":"https:\/\/api.w.org\/{rel}","templated":true}]}}