{"id":2522,"date":"2024-06-04T07:17:05","date_gmt":"2024-06-04T07:17:05","guid":{"rendered":"http:\/\/www.nsa.smsm.lt\/projektai\/?page_id=2522"},"modified":"2024-06-04T10:23:47","modified_gmt":"2024-06-04T10:23:47","slug":"projektas-ugdymo-priemones-mokykloms","status":"publish","type":"page","link":"https:\/\/www.nsa.smsm.lt\/projektai\/vykdomi-projektai\/projektas-ugdymo-priemones-mokykloms\/","title":{"rendered":"Projektas \u201eUgdymo priemon\u0117s mokykloms\u201c"},"content":{"rendered":"<p><b><span data-contrast=\"auto\">Projektas \u201eUgdymo priemon\u0117s mokykloms\u201c Nr. 10-063-P-0001<\/span><\/b><span data-contrast=\"auto\"> yra finansuojamas Europos regionin\u0117s pl\u0117tros fondo ir bendrojo finansavimo l\u0117\u0161omis.<\/span><span data-ccp-props=\"{&quot;335551550&quot;:6,&quot;335551620&quot;:6}\">\u00a0<\/span><\/p>\n<p><span data-contrast=\"auto\">Projektu siekiama gerinti \u0161vietimo paslaug\u0173 kokyb\u0119, apr\u016bpinant efektyviai veikian\u010dias bendrojo ugdymo mokyklas laboratorine \u012franga, priemon\u0117mis ir kompiuterine \u012franga.<\/span><span data-ccp-props=\"{&quot;335551550&quot;:6,&quot;335551620&quot;:6}\">\u00a0<\/span><\/p>\n<p><span data-contrast=\"auto\">Projekto \u012fgyvendinimas \u2013 nuo 2024 m. gegu\u017e\u0117s 9 d. iki 2028 m. rugs\u0117jo 30 d.<\/span><span data-ccp-props=\"{&quot;335551550&quot;:6,&quot;335551620&quot;:6}\">\u00a0<\/span><\/p>\n<p><span data-contrast=\"auto\">Projekto biud\u017eetas \u2013 52 090 812,98 Eur.<\/span><span data-ccp-props=\"{&quot;335551550&quot;:6,&quot;335551620&quot;:6}\">\u00a0<\/span><\/p>\n<p><span data-contrast=\"auto\">Projektas \u012fgyvendinamas su 74 partneriais (savivaldybi\u0173 administracijomis ir bendrojo ugdymo mokyklomis).<\/span><span data-ccp-props=\"{&quot;335551550&quot;:6,&quot;335551620&quot;:6}\">\u00a0<\/span><\/p>\n<p><span data-contrast=\"auto\">Projekte numatytos veiklos:<\/span><span data-ccp-props=\"{&quot;335551550&quot;:6,&quot;335551620&quot;:6}\">\u00a0<\/span><\/p>\n<ul>\n<li><span data-contrast=\"auto\">Ikimokyklinio, prie\u0161mokyklinio ir bendrojo ugdymo programas \u012fgyvendinan\u010di\u0173 \u0161vietimo \u012fstaig\u0173 apr\u016bpinimo standarto (rekomendacij\u0173) parengimas;<\/span><span data-ccp-props=\"{&quot;335551550&quot;:6,&quot;335551620&quot;:6}\">\u00a0<\/span><\/li>\n<li><span data-contrast=\"auto\">Bendrojo ugdymo mokykl\u0173 apr\u016bpinimas kompiuterine \u012franga;<\/span><span data-ccp-props=\"{&quot;335551550&quot;:6,&quot;335551620&quot;:6}\">\u00a0<\/span><\/li>\n<li><span data-contrast=\"auto\">Bendrojo ugdymo mokykl\u0173 apr\u016bpinimas \u0161iuolaiki\u0161komis gamtos ir technologij\u0173 moksl\u0173 priemon\u0117mis.<\/span><span data-ccp-props=\"{&quot;335551550&quot;:6,&quot;335551620&quot;:6}\">\u00a0<\/span><\/li>\n<\/ul>\n<p><span data-contrast=\"auto\">Siekiami steb\u0117senos rodikliai:<\/span><span data-ccp-props=\"{&quot;335551550&quot;:6,&quot;335551620&quot;:6}\">\u00a0<\/span><\/p>\n<ul>\n<li><span data-contrast=\"auto\">Naujos arba modernizuotos \u0161vietimo infrastrukt\u016bros mokymo klasi\u0173 talpumas \u2013 287\u202f038 asm.;<\/span><span data-ccp-props=\"{&quot;335551550&quot;:6,&quot;335551620&quot;:6}\">\u00a0<\/span><\/li>\n<li><span data-contrast=\"auto\">Bendrojo ugdymo mokyklos, kuriose \u012frengtos gamtos moksl\u0173 laboratorijos \u2013 470 vnt.<\/span><span data-ccp-props=\"{&quot;335551550&quot;:6,&quot;335551620&quot;:6}\">\u00a0<\/span><\/li>\n<\/ul>\n<p><span data-contrast=\"auto\">Projekto tikslin\u0117 grup\u0117: mokiniai, mokytojai, \u0161vietimo pagalbos specialistai ir kiti mokykl\u0173 darbuotojai, atsakingi u\u017e laboratorin\u0119 ir kompiuterin\u0119 \u012frang\u0105.<\/span><span data-ccp-props=\"{&quot;335551550&quot;:6,&quot;335551620&quot;:6}\">\u00a0<\/span><\/p>\n<p><strong>Informacij\u0105 teikia:<\/strong><span data-ccp-props=\"{&quot;335551550&quot;:6,&quot;335551620&quot;:6}\"><strong>\u00a0<\/strong><br \/>\n<\/span><span data-contrast=\"auto\">Projekto vadov\u0117 Radvil\u0117 Masiulionien\u0117, tel. +370\u202f611 43\u202f246, el. pa\u0161tas <\/span><a href=\"mailto:radvile.masiulioniene@nsa.smm.lt\"><span data-contrast=\"none\">radvile.masiulioniene<\/span><span data-contrast=\"none\">@nsa.smm.lt<\/span><\/a><span data-ccp-props=\"{&quot;335551550&quot;:6,&quot;335551620&quot;:6}\">\u00a0<\/span><\/p>\n<p><span data-ccp-props=\"{&quot;335551550&quot;:6,&quot;335551620&quot;:6}\">\u00a0<\/span><\/p>\n<p><i><span data-contrast=\"auto\">Projektas Nr. 10-063-P-0001 vykdomas pagal 2021-2030 m. pl\u0117tros programos valdytojos Lietuvos Respublikos \u0161vietimo, mokslo ir sporto ministerijos \u0161vietimo pl\u0117tros programos pa\u017eangos priemon\u0119 Nr. 12-003-01-03 \u201cU\u017etikrinti visiems prieinam\u0105 \u0161iuolaikin\u012f ugdymo turin\u012f\u201d.<\/span><\/i><span data-ccp-props=\"{&quot;335551550&quot;:6,&quot;335551620&quot;:6}\">\u00a0<\/span><\/p>\n","protected":false},"excerpt":{"rendered":"<p>Projektas \u201eUgdymo priemon\u0117s mokykloms\u201c Nr. 10-063-P-0001 yra finansuojamas Europos regionin\u0117s pl\u0117tros fondo ir bendrojo finansavimo l\u0117\u0161omis.\u00a0 Projektu siekiama gerinti \u0161vietimo paslaug\u0173 kokyb\u0119, apr\u016bpinant efektyviai veikian\u010dias bendrojo ugdymo mokyklas laboratorine \u012franga, priemon\u0117mis ir kompiuterine \u012franga.\u00a0 Projekto \u012fgyvendinimas \u2013 nuo 2024 m.&nbsp;<a href=\"https:\/\/www.nsa.smsm.lt\/projektai\/vykdomi-projektai\/projektas-ugdymo-priemones-mokykloms\/\" class=\"placiau\">Pla\u010diau <i class=\"fa fa-caret-right\"><\/i><\/a><\/p>\n","protected":false},"author":1,"featured_media":0,"parent":8,"menu_order":0,"comment_status":"closed","ping_status":"closed","template":"page-projektas.php","meta":{"_acf_changed":false,"inline_featured_image":false,"footnotes":""},"class_list":["post-2522","page","type-page","status-publish","hentry"],"acf":[],"yoast_head":"<!-- This site is optimized with the Yoast SEO plugin v27.4 - https:\/\/yoast.com\/product\/yoast-seo-wordpress\/ -->\n<title>Projektas \u201eUgdymo priemon\u0117s mokykloms\u201c - N\u0160A projektai<\/title>\n<meta name=\"robots\" content=\"index, follow, max-snippet:-1, max-image-preview:large, max-video-preview:-1\" \/>\n<link rel=\"canonical\" href=\"https:\/\/www.nsa.smsm.lt\/projektai\/vykdomi-projektai\/projektas-ugdymo-priemones-mokykloms\/\" \/>\n<meta property=\"og:locale\" content=\"lt_LT\" \/>\n<meta property=\"og:type\" content=\"article\" \/>\n<meta property=\"og:title\" content=\"Projektas \u201eUgdymo priemon\u0117s mokykloms\u201c - N\u0160A projektai\" \/>\n<meta property=\"og:description\" content=\"Projektas \u201eUgdymo priemon\u0117s mokykloms\u201c Nr. 10-063-P-0001 yra finansuojamas Europos regionin\u0117s pl\u0117tros fondo ir bendrojo finansavimo l\u0117\u0161omis.\u00a0 Projektu siekiama gerinti \u0161vietimo paslaug\u0173 kokyb\u0119, apr\u016bpinant efektyviai veikian\u010dias bendrojo ugdymo mokyklas laboratorine \u012franga, priemon\u0117mis ir kompiuterine \u012franga.\u00a0 Projekto \u012fgyvendinimas \u2013 nuo 2024 m.&nbsp;Pla\u010diau\" \/>\n<meta property=\"og:url\" content=\"https:\/\/www.nsa.smsm.lt\/projektai\/vykdomi-projektai\/projektas-ugdymo-priemones-mokykloms\/\" \/>\n<meta property=\"og:site_name\" content=\"N\u0160A projektai\" \/>\n<meta property=\"article:modified_time\" content=\"2024-06-04T10:23:47+00:00\" \/>\n<meta name=\"twitter:card\" content=\"summary_large_image\" \/>\n<meta name=\"twitter:label1\" content=\"Est. reading time\" \/>\n\t<meta name=\"twitter:data1\" content=\"2 minut\u0117s\" \/>\n<script type=\"application\/ld+json\" class=\"yoast-schema-graph\">{\"@context\":\"https:\\\/\\\/schema.org\",\"@graph\":[{\"@type\":\"WebPage\",\"@id\":\"https:\\\/\\\/www.nsa.smsm.lt\\\/projektai\\\/vykdomi-projektai\\\/projektas-ugdymo-priemones-mokykloms\\\/\",\"url\":\"https:\\\/\\\/www.nsa.smsm.lt\\\/projektai\\\/vykdomi-projektai\\\/projektas-ugdymo-priemones-mokykloms\\\/\",\"name\":\"Projektas \u201eUgdymo priemon\u0117s mokykloms\u201c - N\u0160A projektai\",\"isPartOf\":{\"@id\":\"https:\\\/\\\/www.nsa.smsm.lt\\\/projektai\\\/#website\"},\"datePublished\":\"2024-06-04T07:17:05+00:00\",\"dateModified\":\"2024-06-04T10:23:47+00:00\",\"breadcrumb\":{\"@id\":\"https:\\\/\\\/www.nsa.smsm.lt\\\/projektai\\\/vykdomi-projektai\\\/projektas-ugdymo-priemones-mokykloms\\\/#breadcrumb\"},\"inLanguage\":\"lt-LT\",\"potentialAction\":[{\"@type\":\"ReadAction\",\"target\":[\"https:\\\/\\\/www.nsa.smsm.lt\\\/projektai\\\/vykdomi-projektai\\\/projektas-ugdymo-priemones-mokykloms\\\/\"]}]},{\"@type\":\"BreadcrumbList\",\"@id\":\"https:\\\/\\\/www.nsa.smsm.lt\\\/projektai\\\/vykdomi-projektai\\\/projektas-ugdymo-priemones-mokykloms\\\/#breadcrumb\",\"itemListElement\":[{\"@type\":\"ListItem\",\"position\":1,\"name\":\"Prad\u017eia\",\"item\":\"https:\\\/\\\/www.nsa.smsm.lt\\\/projektai\\\/\"},{\"@type\":\"ListItem\",\"position\":2,\"name\":\"Vykdomi projektai\",\"item\":\"https:\\\/\\\/www.nsa.smsm.lt\\\/projektai\\\/vykdomi-projektai\\\/\"},{\"@type\":\"ListItem\",\"position\":3,\"name\":\"Projektas \u201eUgdymo priemon\u0117s mokykloms\u201c\"}]},{\"@type\":\"WebSite\",\"@id\":\"https:\\\/\\\/www.nsa.smsm.lt\\\/projektai\\\/#website\",\"url\":\"https:\\\/\\\/www.nsa.smsm.lt\\\/projektai\\\/\",\"name\":\"N\u0160A projektai\",\"description\":\"\",\"potentialAction\":[{\"@type\":\"SearchAction\",\"target\":{\"@type\":\"EntryPoint\",\"urlTemplate\":\"https:\\\/\\\/www.nsa.smsm.lt\\\/projektai\\\/?s={search_term_string}\"},\"query-input\":{\"@type\":\"PropertyValueSpecification\",\"valueRequired\":true,\"valueName\":\"search_term_string\"}}],\"inLanguage\":\"lt-LT\"}]}<\/script>\n<!-- \/ Yoast SEO plugin. -->","yoast_head_json":{"title":"Projektas \u201eUgdymo priemon\u0117s mokykloms\u201c - N\u0160A projektai","robots":{"index":"index","follow":"follow","max-snippet":"max-snippet:-1","max-image-preview":"max-image-preview:large","max-video-preview":"max-video-preview:-1"},"canonical":"https:\/\/www.nsa.smsm.lt\/projektai\/vykdomi-projektai\/projektas-ugdymo-priemones-mokykloms\/","og_locale":"lt_LT","og_type":"article","og_title":"Projektas \u201eUgdymo priemon\u0117s mokykloms\u201c - N\u0160A projektai","og_description":"Projektas \u201eUgdymo priemon\u0117s mokykloms\u201c Nr. 10-063-P-0001 yra finansuojamas Europos regionin\u0117s pl\u0117tros fondo ir bendrojo finansavimo l\u0117\u0161omis.\u00a0 Projektu siekiama gerinti \u0161vietimo paslaug\u0173 kokyb\u0119, apr\u016bpinant efektyviai veikian\u010dias bendrojo ugdymo mokyklas laboratorine \u012franga, priemon\u0117mis ir kompiuterine \u012franga.\u00a0 Projekto \u012fgyvendinimas \u2013 nuo 2024 m.&nbsp;Pla\u010diau","og_url":"https:\/\/www.nsa.smsm.lt\/projektai\/vykdomi-projektai\/projektas-ugdymo-priemones-mokykloms\/","og_site_name":"N\u0160A projektai","article_modified_time":"2024-06-04T10:23:47+00:00","twitter_card":"summary_large_image","twitter_misc":{"Est. reading time":"2 minut\u0117s"},"schema":{"@context":"https:\/\/schema.org","@graph":[{"@type":"WebPage","@id":"https:\/\/www.nsa.smsm.lt\/projektai\/vykdomi-projektai\/projektas-ugdymo-priemones-mokykloms\/","url":"https:\/\/www.nsa.smsm.lt\/projektai\/vykdomi-projektai\/projektas-ugdymo-priemones-mokykloms\/","name":"Projektas \u201eUgdymo priemon\u0117s mokykloms\u201c - N\u0160A projektai","isPartOf":{"@id":"https:\/\/www.nsa.smsm.lt\/projektai\/#website"},"datePublished":"2024-06-04T07:17:05+00:00","dateModified":"2024-06-04T10:23:47+00:00","breadcrumb":{"@id":"https:\/\/www.nsa.smsm.lt\/projektai\/vykdomi-projektai\/projektas-ugdymo-priemones-mokykloms\/#breadcrumb"},"inLanguage":"lt-LT","potentialAction":[{"@type":"ReadAction","target":["https:\/\/www.nsa.smsm.lt\/projektai\/vykdomi-projektai\/projektas-ugdymo-priemones-mokykloms\/"]}]},{"@type":"BreadcrumbList","@id":"https:\/\/www.nsa.smsm.lt\/projektai\/vykdomi-projektai\/projektas-ugdymo-priemones-mokykloms\/#breadcrumb","itemListElement":[{"@type":"ListItem","position":1,"name":"Prad\u017eia","item":"https:\/\/www.nsa.smsm.lt\/projektai\/"},{"@type":"ListItem","position":2,"name":"Vykdomi projektai","item":"https:\/\/www.nsa.smsm.lt\/projektai\/vykdomi-projektai\/"},{"@type":"ListItem","position":3,"name":"Projektas \u201eUgdymo priemon\u0117s mokykloms\u201c"}]},{"@type":"WebSite","@id":"https:\/\/www.nsa.smsm.lt\/projektai\/#website","url":"https:\/\/www.nsa.smsm.lt\/projektai\/","name":"N\u0160A projektai","description":"","potentialAction":[{"@type":"SearchAction","target":{"@type":"EntryPoint","urlTemplate":"https:\/\/www.nsa.smsm.lt\/projektai\/?s={search_term_string}"},"query-input":{"@type":"PropertyValueSpecification","valueRequired":true,"valueName":"search_term_string"}}],"inLanguage":"lt-LT"}]}},"_links":{"self":[{"href":"https:\/\/www.nsa.smsm.lt\/projektai\/wp-json\/wp\/v2\/pages\/2522","targetHints":{"allow":["GET"]}}],"collection":[{"href":"https:\/\/www.nsa.smsm.lt\/projektai\/wp-json\/wp\/v2\/pages"}],"about":[{"href":"https:\/\/www.nsa.smsm.lt\/projektai\/wp-json\/wp\/v2\/types\/page"}],"author":[{"embeddable":true,"href":"https:\/\/www.nsa.smsm.lt\/projektai\/wp-json\/wp\/v2\/users\/1"}],"replies":[{"embeddable":true,"href":"https:\/\/www.nsa.smsm.lt\/projektai\/wp-json\/wp\/v2\/comments?post=2522"}],"version-history":[{"count":2,"href":"https:\/\/www.nsa.smsm.lt\/projektai\/wp-json\/wp\/v2\/pages\/2522\/revisions"}],"predecessor-version":[{"id":2528,"href":"https:\/\/www.nsa.smsm.lt\/projektai\/wp-json\/wp\/v2\/pages\/2522\/revisions\/2528"}],"up":[{"embeddable":true,"href":"https:\/\/www.nsa.smsm.lt\/projektai\/wp-json\/wp\/v2\/pages\/8"}],"wp:attachment":[{"href":"https:\/\/www.nsa.smsm.lt\/projektai\/wp-json\/wp\/v2\/media?parent=2522"}],"curies":[{"name":"wp","href":"https:\/\/api.w.org\/{rel}","templated":true}]}}