{"id":2384,"date":"2024-01-23T13:30:36","date_gmt":"2024-01-23T13:30:36","guid":{"rendered":"http:\/\/www.nsa.smsm.lt\/projektai\/?page_id=2384"},"modified":"2025-05-31T07:23:56","modified_gmt":"2025-05-31T07:23:56","slug":"partneriai","status":"publish","type":"page","link":"https:\/\/www.nsa.smsm.lt\/projektai\/informacine-kampanija-nepalik-vaiko-be-pradzios\/partneriai\/","title":{"rendered":"Partneriai"},"content":{"rendered":"<p>Nuo\u0161ird\u017eiai d\u0117kojame kampanijos <strong data-start=\"175\" data-end=\"206\">\u201eNepalik vaiko be prad\u017eios\u201c<\/strong> partneriams, kurie prisid\u0117jo prie s\u0117kmingo projekto \u012fgyvendinimo ir sklaidos!<\/p>\n<p><img loading=\"lazy\" decoding=\"async\" class=\"alignleft size-full wp-image-2973\" src=\"http:\/\/www.nsa.smsm.lt\/projektai\/wp-content\/uploads\/2025\/04\/visiArtboard-1.jpg\" alt=\"\" width=\"2268\" height=\"673\" srcset=\"https:\/\/www.nsa.smsm.lt\/projektai\/wp-content\/uploads\/2025\/04\/visiArtboard-1.jpg 2268w, https:\/\/www.nsa.smsm.lt\/projektai\/wp-content\/uploads\/2025\/04\/visiArtboard-1-300x89.jpg 300w, https:\/\/www.nsa.smsm.lt\/projektai\/wp-content\/uploads\/2025\/04\/visiArtboard-1-1024x304.jpg 1024w, https:\/\/www.nsa.smsm.lt\/projektai\/wp-content\/uploads\/2025\/04\/visiArtboard-1-768x228.jpg 768w, https:\/\/www.nsa.smsm.lt\/projektai\/wp-content\/uploads\/2025\/04\/visiArtboard-1-1536x456.jpg 1536w, https:\/\/www.nsa.smsm.lt\/projektai\/wp-content\/uploads\/2025\/04\/visiArtboard-1-2048x608.jpg 2048w\" sizes=\"auto, (max-width: 2268px) 100vw, 2268px\" \/><\/p>\n<p>&nbsp;<\/p>\n<p>&nbsp;<\/p>\n<p>&nbsp;<\/p>\n<p><img loading=\"lazy\" decoding=\"async\" class=\"size-large wp-image-3097 aligncenter\" src=\"https:\/\/www.nsa.smsm.lt\/projektai\/wp-content\/uploads\/2025\/05\/Padeka-724x1024.jpg\" alt=\"\" width=\"724\" height=\"1024\" srcset=\"https:\/\/www.nsa.smsm.lt\/projektai\/wp-content\/uploads\/2025\/05\/Padeka-724x1024.jpg 724w, https:\/\/www.nsa.smsm.lt\/projektai\/wp-content\/uploads\/2025\/05\/Padeka-212x300.jpg 212w, https:\/\/www.nsa.smsm.lt\/projektai\/wp-content\/uploads\/2025\/05\/Padeka-768x1086.jpg 768w, https:\/\/www.nsa.smsm.lt\/projektai\/wp-content\/uploads\/2025\/05\/Padeka-1086x1536.jpg 1086w, https:\/\/www.nsa.smsm.lt\/projektai\/wp-content\/uploads\/2025\/05\/Padeka-1448x2048.jpg 1448w, https:\/\/www.nsa.smsm.lt\/projektai\/wp-content\/uploads\/2025\/05\/Padeka.jpg 1654w\" sizes=\"auto, (max-width: 724px) 100vw, 724px\" \/><\/p>\n<p>&nbsp;<\/p>\n","protected":false},"excerpt":{"rendered":"<p>Nuo\u0161ird\u017eiai d\u0117kojame kampanijos \u201eNepalik vaiko be prad\u017eios\u201c partneriams, kurie prisid\u0117jo prie s\u0117kmingo projekto \u012fgyvendinimo ir sklaidos! &nbsp; &nbsp; &nbsp; &nbsp;<\/p>\n","protected":false},"author":8,"featured_media":0,"parent":2360,"menu_order":0,"comment_status":"closed","ping_status":"closed","template":"page-kampanija.php","meta":{"_acf_changed":false,"inline_featured_image":false,"footnotes":""},"class_list":["post-2384","page","type-page","status-publish","hentry"],"acf":[],"yoast_head":"<!-- This site is optimized with the Yoast SEO plugin v27.4 - https:\/\/yoast.com\/product\/yoast-seo-wordpress\/ -->\n<title>Partneriai - N\u0160A projektai<\/title>\n<meta name=\"robots\" content=\"index, follow, max-snippet:-1, max-image-preview:large, max-video-preview:-1\" \/>\n<link rel=\"canonical\" href=\"https:\/\/www.nsa.smsm.lt\/projektai\/informacine-kampanija-nepalik-vaiko-be-pradzios\/partneriai\/\" \/>\n<meta property=\"og:locale\" content=\"lt_LT\" \/>\n<meta property=\"og:type\" content=\"article\" \/>\n<meta property=\"og:title\" content=\"Partneriai - N\u0160A projektai\" \/>\n<meta property=\"og:description\" content=\"Nuo\u0161ird\u017eiai d\u0117kojame kampanijos \u201eNepalik vaiko be prad\u017eios\u201c partneriams, kurie prisid\u0117jo prie s\u0117kmingo projekto \u012fgyvendinimo ir sklaidos! &nbsp; &nbsp; &nbsp; &nbsp;\" \/>\n<meta property=\"og:url\" content=\"https:\/\/www.nsa.smsm.lt\/projektai\/informacine-kampanija-nepalik-vaiko-be-pradzios\/partneriai\/\" \/>\n<meta property=\"og:site_name\" content=\"N\u0160A projektai\" \/>\n<meta property=\"article:modified_time\" content=\"2025-05-31T07:23:56+00:00\" \/>\n<meta property=\"og:image\" content=\"https:\/\/www.nsa.smsm.lt\/projektai\/wp-content\/uploads\/2025\/04\/visiArtboard-1.jpg\" \/>\n\t<meta property=\"og:image:width\" content=\"2268\" \/>\n\t<meta property=\"og:image:height\" content=\"673\" \/>\n\t<meta property=\"og:image:type\" content=\"image\/jpeg\" \/>\n<meta name=\"twitter:card\" content=\"summary_large_image\" \/>\n<meta name=\"twitter:label1\" content=\"Est. reading time\" \/>\n\t<meta name=\"twitter:data1\" content=\"1 minut\u0117\" \/>\n<script type=\"application\/ld+json\" class=\"yoast-schema-graph\">{\"@context\":\"https:\\\/\\\/schema.org\",\"@graph\":[{\"@type\":\"WebPage\",\"@id\":\"https:\\\/\\\/www.nsa.smsm.lt\\\/projektai\\\/informacine-kampanija-nepalik-vaiko-be-pradzios\\\/partneriai\\\/\",\"url\":\"https:\\\/\\\/www.nsa.smsm.lt\\\/projektai\\\/informacine-kampanija-nepalik-vaiko-be-pradzios\\\/partneriai\\\/\",\"name\":\"Partneriai - N\u0160A projektai\",\"isPartOf\":{\"@id\":\"https:\\\/\\\/www.nsa.smsm.lt\\\/projektai\\\/#website\"},\"primaryImageOfPage\":{\"@id\":\"https:\\\/\\\/www.nsa.smsm.lt\\\/projektai\\\/informacine-kampanija-nepalik-vaiko-be-pradzios\\\/partneriai\\\/#primaryimage\"},\"image\":{\"@id\":\"https:\\\/\\\/www.nsa.smsm.lt\\\/projektai\\\/informacine-kampanija-nepalik-vaiko-be-pradzios\\\/partneriai\\\/#primaryimage\"},\"thumbnailUrl\":\"http:\\\/\\\/www.nsa.smsm.lt\\\/projektai\\\/wp-content\\\/uploads\\\/2025\\\/04\\\/visiArtboard-1.jpg\",\"datePublished\":\"2024-01-23T13:30:36+00:00\",\"dateModified\":\"2025-05-31T07:23:56+00:00\",\"breadcrumb\":{\"@id\":\"https:\\\/\\\/www.nsa.smsm.lt\\\/projektai\\\/informacine-kampanija-nepalik-vaiko-be-pradzios\\\/partneriai\\\/#breadcrumb\"},\"inLanguage\":\"lt-LT\",\"potentialAction\":[{\"@type\":\"ReadAction\",\"target\":[\"https:\\\/\\\/www.nsa.smsm.lt\\\/projektai\\\/informacine-kampanija-nepalik-vaiko-be-pradzios\\\/partneriai\\\/\"]}]},{\"@type\":\"ImageObject\",\"inLanguage\":\"lt-LT\",\"@id\":\"https:\\\/\\\/www.nsa.smsm.lt\\\/projektai\\\/informacine-kampanija-nepalik-vaiko-be-pradzios\\\/partneriai\\\/#primaryimage\",\"url\":\"https:\\\/\\\/www.nsa.smsm.lt\\\/projektai\\\/wp-content\\\/uploads\\\/2025\\\/04\\\/visiArtboard-1.jpg\",\"contentUrl\":\"https:\\\/\\\/www.nsa.smsm.lt\\\/projektai\\\/wp-content\\\/uploads\\\/2025\\\/04\\\/visiArtboard-1.jpg\",\"width\":2268,\"height\":673},{\"@type\":\"BreadcrumbList\",\"@id\":\"https:\\\/\\\/www.nsa.smsm.lt\\\/projektai\\\/informacine-kampanija-nepalik-vaiko-be-pradzios\\\/partneriai\\\/#breadcrumb\",\"itemListElement\":[{\"@type\":\"ListItem\",\"position\":1,\"name\":\"Prad\u017eia\",\"item\":\"https:\\\/\\\/www.nsa.smsm.lt\\\/projektai\\\/\"},{\"@type\":\"ListItem\",\"position\":2,\"name\":\"Ankstyvasis ugdymas\",\"item\":\"https:\\\/\\\/www.nsa.smsm.lt\\\/projektai\\\/informacine-kampanija-nepalik-vaiko-be-pradzios\\\/\"},{\"@type\":\"ListItem\",\"position\":3,\"name\":\"Partneriai\"}]},{\"@type\":\"WebSite\",\"@id\":\"https:\\\/\\\/www.nsa.smsm.lt\\\/projektai\\\/#website\",\"url\":\"https:\\\/\\\/www.nsa.smsm.lt\\\/projektai\\\/\",\"name\":\"N\u0160A projektai\",\"description\":\"\",\"potentialAction\":[{\"@type\":\"SearchAction\",\"target\":{\"@type\":\"EntryPoint\",\"urlTemplate\":\"https:\\\/\\\/www.nsa.smsm.lt\\\/projektai\\\/?s={search_term_string}\"},\"query-input\":{\"@type\":\"PropertyValueSpecification\",\"valueRequired\":true,\"valueName\":\"search_term_string\"}}],\"inLanguage\":\"lt-LT\"}]}<\/script>\n<!-- \/ Yoast SEO plugin. -->","yoast_head_json":{"title":"Partneriai - N\u0160A projektai","robots":{"index":"index","follow":"follow","max-snippet":"max-snippet:-1","max-image-preview":"max-image-preview:large","max-video-preview":"max-video-preview:-1"},"canonical":"https:\/\/www.nsa.smsm.lt\/projektai\/informacine-kampanija-nepalik-vaiko-be-pradzios\/partneriai\/","og_locale":"lt_LT","og_type":"article","og_title":"Partneriai - N\u0160A projektai","og_description":"Nuo\u0161ird\u017eiai d\u0117kojame kampanijos \u201eNepalik vaiko be prad\u017eios\u201c partneriams, kurie prisid\u0117jo prie s\u0117kmingo projekto \u012fgyvendinimo ir sklaidos! &nbsp; &nbsp; &nbsp; &nbsp;","og_url":"https:\/\/www.nsa.smsm.lt\/projektai\/informacine-kampanija-nepalik-vaiko-be-pradzios\/partneriai\/","og_site_name":"N\u0160A projektai","article_modified_time":"2025-05-31T07:23:56+00:00","og_image":[{"width":2268,"height":673,"url":"https:\/\/www.nsa.smsm.lt\/projektai\/wp-content\/uploads\/2025\/04\/visiArtboard-1.jpg","type":"image\/jpeg"}],"twitter_card":"summary_large_image","twitter_misc":{"Est. reading time":"1 minut\u0117"},"schema":{"@context":"https:\/\/schema.org","@graph":[{"@type":"WebPage","@id":"https:\/\/www.nsa.smsm.lt\/projektai\/informacine-kampanija-nepalik-vaiko-be-pradzios\/partneriai\/","url":"https:\/\/www.nsa.smsm.lt\/projektai\/informacine-kampanija-nepalik-vaiko-be-pradzios\/partneriai\/","name":"Partneriai - N\u0160A projektai","isPartOf":{"@id":"https:\/\/www.nsa.smsm.lt\/projektai\/#website"},"primaryImageOfPage":{"@id":"https:\/\/www.nsa.smsm.lt\/projektai\/informacine-kampanija-nepalik-vaiko-be-pradzios\/partneriai\/#primaryimage"},"image":{"@id":"https:\/\/www.nsa.smsm.lt\/projektai\/informacine-kampanija-nepalik-vaiko-be-pradzios\/partneriai\/#primaryimage"},"thumbnailUrl":"http:\/\/www.nsa.smsm.lt\/projektai\/wp-content\/uploads\/2025\/04\/visiArtboard-1.jpg","datePublished":"2024-01-23T13:30:36+00:00","dateModified":"2025-05-31T07:23:56+00:00","breadcrumb":{"@id":"https:\/\/www.nsa.smsm.lt\/projektai\/informacine-kampanija-nepalik-vaiko-be-pradzios\/partneriai\/#breadcrumb"},"inLanguage":"lt-LT","potentialAction":[{"@type":"ReadAction","target":["https:\/\/www.nsa.smsm.lt\/projektai\/informacine-kampanija-nepalik-vaiko-be-pradzios\/partneriai\/"]}]},{"@type":"ImageObject","inLanguage":"lt-LT","@id":"https:\/\/www.nsa.smsm.lt\/projektai\/informacine-kampanija-nepalik-vaiko-be-pradzios\/partneriai\/#primaryimage","url":"https:\/\/www.nsa.smsm.lt\/projektai\/wp-content\/uploads\/2025\/04\/visiArtboard-1.jpg","contentUrl":"https:\/\/www.nsa.smsm.lt\/projektai\/wp-content\/uploads\/2025\/04\/visiArtboard-1.jpg","width":2268,"height":673},{"@type":"BreadcrumbList","@id":"https:\/\/www.nsa.smsm.lt\/projektai\/informacine-kampanija-nepalik-vaiko-be-pradzios\/partneriai\/#breadcrumb","itemListElement":[{"@type":"ListItem","position":1,"name":"Prad\u017eia","item":"https:\/\/www.nsa.smsm.lt\/projektai\/"},{"@type":"ListItem","position":2,"name":"Ankstyvasis ugdymas","item":"https:\/\/www.nsa.smsm.lt\/projektai\/informacine-kampanija-nepalik-vaiko-be-pradzios\/"},{"@type":"ListItem","position":3,"name":"Partneriai"}]},{"@type":"WebSite","@id":"https:\/\/www.nsa.smsm.lt\/projektai\/#website","url":"https:\/\/www.nsa.smsm.lt\/projektai\/","name":"N\u0160A projektai","description":"","potentialAction":[{"@type":"SearchAction","target":{"@type":"EntryPoint","urlTemplate":"https:\/\/www.nsa.smsm.lt\/projektai\/?s={search_term_string}"},"query-input":{"@type":"PropertyValueSpecification","valueRequired":true,"valueName":"search_term_string"}}],"inLanguage":"lt-LT"}]}},"_links":{"self":[{"href":"https:\/\/www.nsa.smsm.lt\/projektai\/wp-json\/wp\/v2\/pages\/2384","targetHints":{"allow":["GET"]}}],"collection":[{"href":"https:\/\/www.nsa.smsm.lt\/projektai\/wp-json\/wp\/v2\/pages"}],"about":[{"href":"https:\/\/www.nsa.smsm.lt\/projektai\/wp-json\/wp\/v2\/types\/page"}],"author":[{"embeddable":true,"href":"https:\/\/www.nsa.smsm.lt\/projektai\/wp-json\/wp\/v2\/users\/8"}],"replies":[{"embeddable":true,"href":"https:\/\/www.nsa.smsm.lt\/projektai\/wp-json\/wp\/v2\/comments?post=2384"}],"version-history":[{"count":9,"href":"https:\/\/www.nsa.smsm.lt\/projektai\/wp-json\/wp\/v2\/pages\/2384\/revisions"}],"predecessor-version":[{"id":3098,"href":"https:\/\/www.nsa.smsm.lt\/projektai\/wp-json\/wp\/v2\/pages\/2384\/revisions\/3098"}],"up":[{"embeddable":true,"href":"https:\/\/www.nsa.smsm.lt\/projektai\/wp-json\/wp\/v2\/pages\/2360"}],"wp:attachment":[{"href":"https:\/\/www.nsa.smsm.lt\/projektai\/wp-json\/wp\/v2\/media?parent=2384"}],"curies":[{"name":"wp","href":"https:\/\/api.w.org\/{rel}","templated":true}]}}