{"id":2321,"date":"2023-10-26T18:00:51","date_gmt":"2023-10-26T18:00:51","guid":{"rendered":"http:\/\/www.nsa.smsm.lt\/projektai\/?page_id=2321"},"modified":"2025-06-13T07:42:24","modified_gmt":"2025-06-13T07:42:24","slug":"projektas-tesk-ateik-tobulek-prisidek","status":"publish","type":"page","link":"https:\/\/www.nsa.smsm.lt\/projektai\/ugdymo-projektai\/projektas-tesk-ateik-tobulek-prisidek\/","title":{"rendered":"Projektas \u201eT\u0119sk: ateik, tobul\u0117k, prisid\u0117k!\u201c"},"content":{"rendered":"<p><span data-contrast=\"none\">Projekto \u201eT\u0119sk: ateik, tobul\u0117k, prisid\u0117k!\u201c\u00a0 veiklomis siekiama <\/span><b><span data-contrast=\"none\">sustiprinti pedagogo profesijos patrauklum\u0105 bei pedagog\u0173 rengimo ir profesinio augimo sistem\u0105, u\u017etikrinti nauj\u0173 pedagog\u0173 at\u0117jim\u0105 \u012f \u0161vietimo sistem\u0105.<\/span><\/b> <span data-ccp-props=\"{&quot;134233117&quot;:false,&quot;134233118&quot;:false,&quot;335551550&quot;:6,&quot;335551620&quot;:6,&quot;335557856&quot;:16777215,&quot;335559738&quot;:0,&quot;335559739&quot;:240}\">\u00a0<\/span><\/p>\n<p><span data-contrast=\"none\">Projekto \u012fgyvendinimo laikotarpiu bus finansuojamos mokomojo (-\u0173j\u0173) dalyko (-\u0173) ir (ar) ugdymo srities <\/span><b><span data-contrast=\"none\">pedagogin\u0117s specializacijos studijos<\/span><\/b><span data-contrast=\"none\">, i\u0161bandomos <\/span><b><span data-contrast=\"none\">mokytoj\u0173 ir pagalbos mokiniui specialist\u0173 pritraukimo \u012f \u0161vietimo \u012fstaigas alternatyvos<\/span><\/b><span data-contrast=\"none\">. Sprend\u017eiant nauj\u0173 mokytoj\u0173 ir pagalbos mokiniui specialist\u0173 tr\u016bkumo mokyklose ir praktinio pasirengimo profesinei veiklai kokyb\u0117s, s\u0117kmingos integracijos \u012f profesij\u0105 ir j\u0173 tolesnio darbo mokykloje specifines problemas bus vykdoma <\/span><b><span data-contrast=\"none\">mentoryst\u0117s programa<\/span><\/b><span data-contrast=\"none\"> mokytojams ir pagalbos mokiniui specialistams, <\/span><b><span data-contrast=\"none\">palyd\u0117jimas \u012f profesin\u0119 veikl\u0105<\/span><\/b><span data-contrast=\"none\">, <\/span><b><span data-contrast=\"none\">kvalifikacijos tobulinimo ir palaikymo<\/span><\/b><span data-contrast=\"none\"> veiklos. Projekte numatytas pagalbos \u0161vietimo \u012fstaig\u0173 vadovams u\u017etikrinimas \u2013 <\/span><b><span data-contrast=\"none\">ilgalaik\u0117 vadov\u0173 mentoryst\u0117<\/span><\/b><span data-contrast=\"none\">, \u0161vietimo \u012fstaig\u0173 <\/span><b><span data-contrast=\"none\">vadov\u0173 kvalifikacijos tobulinimo program\u0173 rengimas ir \u012fgyvendinimas<\/span><\/b><span data-contrast=\"none\">, taip pat pedagog\u0173 sta\u017euo\u010di\u0173 apra\u0161o parengimas ir <\/span><b><span data-contrast=\"none\">sta\u017euo\u010di\u0173 u\u017esienyje<\/span><\/b><span data-contrast=\"none\"> organizavimas. Projekto veiklose taip pat numatyta finansuoti <\/span><b><span data-contrast=\"none\">lituanistinio \u0161vietimo<\/span><\/b><span data-contrast=\"none\"> vykdytoj\u0173 studijas ir kvalifikacijos tobulinim\u0105.<\/span><span data-ccp-props=\"{&quot;134233117&quot;:false,&quot;134233118&quot;:false,&quot;335551550&quot;:6,&quot;335551620&quot;:6,&quot;335557856&quot;:16777215,&quot;335559738&quot;:0,&quot;335559739&quot;:240}\">\u00a0<\/span><\/p>\n<p><b><span data-contrast=\"none\">Projekto tikslas<\/span><\/b><span data-contrast=\"none\">\u00a0\u2013 stiprinti \u0161vietimo sistem\u0105, suteikiant reikiamas kompetencijas pedagoginiams darbuotojams ir alternatyviuoju b\u016bdu pritraukiant mokytojus \u012f mokyklas.<\/span><span data-ccp-props=\"{&quot;134233117&quot;:false,&quot;134233118&quot;:false,&quot;335551550&quot;:6,&quot;335551620&quot;:6,&quot;335557856&quot;:16777215,&quot;335559738&quot;:0,&quot;335559739&quot;:240}\">\u00a0<\/span><\/p>\n<p><b><span data-contrast=\"none\">Projekto tikslin\u0117 grup\u0117: <\/span><\/b><span data-contrast=\"none\">pedagoginiai darbuotojai (i\u0161skyrus auk\u0161t\u0173j\u0173 mokykl\u0173 darbuotojus), lituanistinio \u0161vietimo vykdytojai, kiti asmenys, turintys auk\u0161t\u0105j\u012f i\u0161silavinim\u0105.<\/span><span data-ccp-props=\"{&quot;134233117&quot;:false,&quot;134233118&quot;:false,&quot;335551550&quot;:6,&quot;335551620&quot;:6,&quot;335557856&quot;:16777215,&quot;335559738&quot;:0,&quot;335559739&quot;:240}\">\u00a0<\/span><\/p>\n<p><b><span data-contrast=\"none\">Projektas \u012fgyvendinimas: 2023\u00a0m. spalio 9 d.\u00a0\u2013\u00a02027\u00a0m. rugs\u0117jo 30 d.<\/span><\/b><span data-ccp-props=\"{&quot;134233117&quot;:false,&quot;134233118&quot;:false,&quot;335551550&quot;:6,&quot;335551620&quot;:6,&quot;335557856&quot;:16777215,&quot;335559738&quot;:0,&quot;335559739&quot;:240}\">\u00a0<\/span><\/p>\n<p><b><span data-contrast=\"none\">Projekto biud\u017eetas \u2013 41\u00a0632\u00a0489,60 Eur.<\/span><\/b><span data-ccp-props=\"{&quot;134233117&quot;:false,&quot;134233118&quot;:false,&quot;335551550&quot;:6,&quot;335551620&quot;:6,&quot;335557856&quot;:16777215,&quot;335559738&quot;:0,&quot;335559739&quot;:240}\">\u00a0<\/span><\/p>\n<p><b><span data-contrast=\"none\">Projekto veiklos:<\/span><\/b><span data-ccp-props=\"{&quot;134233117&quot;:false,&quot;134233118&quot;:false,&quot;335551550&quot;:1,&quot;335551620&quot;:1,&quot;335557856&quot;:16777215,&quot;335559738&quot;:0,&quot;335559739&quot;:240}\">\u00a0<\/span><\/p>\n<ol>\n<li data-leveltext=\"%1.\" data-font=\"Raleway\" data-listid=\"1\" data-list-defn-props=\"{&quot;335551671&quot;:1,&quot;335552541&quot;:0,&quot;335559683&quot;:0,&quot;335559684&quot;:-1,&quot;335559685&quot;:720,&quot;335559991&quot;:360,&quot;469769242&quot;:[65533,0,46],&quot;469777803&quot;:&quot;left&quot;,&quot;469777804&quot;:&quot;%1.&quot;,&quot;469777815&quot;:&quot;hybridMultilevel&quot;}\" aria-setsize=\"-1\" data-aria-posinset=\"1\" data-aria-level=\"1\"><span data-contrast=\"none\">Pritraukti nauj\u0173 pedagog\u0173 ir suteikti pedagogo kvalifikacij\u0105 turintiems asmenims galimyb\u0119 \u012fgyti kito dalyko \/ specializacijos ar vadybini\u0173 kompetencij\u0173 bei u\u017etikrinti galimybes tobulinti kvalifikacij\u0105 lituanistinio \u0161vietimo vykdytojams.<\/span><span data-ccp-props=\"{&quot;134233117&quot;:false,&quot;134233118&quot;:false,&quot;335551550&quot;:1,&quot;335551620&quot;:1,&quot;335557856&quot;:16777215,&quot;335559738&quot;:0,&quot;335559739&quot;:0}\">\u00a0<\/span><\/li>\n<\/ol>\n<ol>\n<li data-leveltext=\"%1.\" data-font=\"Raleway\" data-listid=\"1\" data-list-defn-props=\"{&quot;335551671&quot;:1,&quot;335552541&quot;:0,&quot;335559683&quot;:0,&quot;335559684&quot;:-1,&quot;335559685&quot;:720,&quot;335559991&quot;:360,&quot;469769242&quot;:[65533,0,46],&quot;469777803&quot;:&quot;left&quot;,&quot;469777804&quot;:&quot;%1.&quot;,&quot;469777815&quot;:&quot;hybridMultilevel&quot;}\" aria-setsize=\"-1\" data-aria-posinset=\"2\" data-aria-level=\"1\"><span data-contrast=\"none\">U\u017etikrinti pagalb\u0105 \u0161vietimo \u012fstaig\u0173 vadovams.<\/span><span data-ccp-props=\"{&quot;134233117&quot;:false,&quot;134233118&quot;:false,&quot;335551550&quot;:1,&quot;335551620&quot;:1,&quot;335557856&quot;:16777215,&quot;335559738&quot;:0,&quot;335559739&quot;:0}\">\u00a0<\/span><\/li>\n<\/ol>\n<ol>\n<li data-leveltext=\"%1.\" data-font=\"Raleway\" data-listid=\"1\" data-list-defn-props=\"{&quot;335551671&quot;:1,&quot;335552541&quot;:0,&quot;335559683&quot;:0,&quot;335559684&quot;:-1,&quot;335559685&quot;:720,&quot;335559991&quot;:360,&quot;469769242&quot;:[65533,0,46],&quot;469777803&quot;:&quot;left&quot;,&quot;469777804&quot;:&quot;%1.&quot;,&quot;469777815&quot;:&quot;hybridMultilevel&quot;}\" aria-setsize=\"-1\" data-aria-posinset=\"3\" data-aria-level=\"1\"><span data-contrast=\"none\">Pl\u0117sti pedagog\u0173 bendradarbiavimo galimybes (pedagog\u0173 profesin\u0117s kompetencijos sta\u017euo\u010di\u0173 u\u017esienyje programa).<\/span><span data-ccp-props=\"{&quot;134233117&quot;:false,&quot;134233118&quot;:false,&quot;335551550&quot;:1,&quot;335551620&quot;:1,&quot;335557856&quot;:16777215,&quot;335559738&quot;:0,&quot;335559739&quot;:0}\">\u00a0<\/span><\/li>\n<\/ol>\n<p><span data-ccp-props=\"{&quot;134233117&quot;:false,&quot;134233118&quot;:false,&quot;335551550&quot;:1,&quot;335551620&quot;:1,&quot;335557856&quot;:16777215,&quot;335559685&quot;:720,&quot;335559738&quot;:0,&quot;335559739&quot;:0}\">\u00a0<\/span><\/p>\n<p><b><span data-contrast=\"none\">Siektini steb\u0117senos rodikliai:<\/span><\/b><span data-ccp-props=\"{&quot;134233117&quot;:false,&quot;134233118&quot;:false,&quot;335551550&quot;:1,&quot;335551620&quot;:1,&quot;335557856&quot;:16777215,&quot;335559738&quot;:0,&quot;335559739&quot;:240}\">\u00a0<\/span><\/p>\n<ol>\n<li data-leveltext=\"%1.\" data-font=\"Raleway\" data-listid=\"2\" data-list-defn-props=\"{&quot;335551671&quot;:1,&quot;335552541&quot;:0,&quot;335559683&quot;:0,&quot;335559684&quot;:-1,&quot;335559685&quot;:720,&quot;335559991&quot;:360,&quot;469769242&quot;:[65533,0,46],&quot;469777803&quot;:&quot;left&quot;,&quot;469777804&quot;:&quot;%1.&quot;,&quot;469777815&quot;:&quot;hybridMultilevel&quot;}\" aria-setsize=\"-1\" data-aria-posinset=\"1\" data-aria-level=\"1\"><b><span data-contrast=\"none\">Asmenys, turintys tretin\u012f (ISCED 5\u20138 kodai) i\u0161silavinim\u0105.<\/span><\/b><span data-contrast=\"none\">\u00a0<\/span><br \/>\n<span data-contrast=\"none\">Siektina reik\u0161m\u0117 (asmen\u0173 skai\u010dius): <\/span><b><span data-contrast=\"none\">7301.<\/span><\/b><span data-ccp-props=\"{&quot;134233117&quot;:false,&quot;134233118&quot;:false,&quot;335551550&quot;:6,&quot;335551620&quot;:6,&quot;335557856&quot;:16777215,&quot;335559738&quot;:0,&quot;335559739&quot;:0}\">\u00a0<\/span><\/li>\n<\/ol>\n<p><span data-contrast=\"none\">Siekiama pritraukti nauj\u0173 pedagog\u0173 ir suteikti pedagogo kvalifikacij\u0105 turintiems asmenims galimyb\u0119 \u012fgyti kito dalyko \/ specializacijos ar vadybini\u0173 kompetencij\u0173, u\u017etikrinti pagalb\u0105 \u0161vietimo \u012fstaig\u0173 vadovams ir pl\u0117sti pedagog\u0173 bendradarbiavimo galimybes (pedagog\u0173 profesin\u0117s kompetencijos sta\u017euo\u010di\u0173 u\u017esienyje programa).<\/span><span data-ccp-props=\"{&quot;134233117&quot;:false,&quot;134233118&quot;:false,&quot;335551550&quot;:6,&quot;335551620&quot;:6,&quot;335557856&quot;:16777215,&quot;335559685&quot;:720,&quot;335559738&quot;:0,&quot;335559739&quot;:0}\">\u00a0<\/span><\/p>\n<p><span data-ccp-props=\"{&quot;134233117&quot;:false,&quot;134233118&quot;:false,&quot;335551550&quot;:6,&quot;335551620&quot;:6,&quot;335557856&quot;:16777215,&quot;335559685&quot;:720,&quot;335559738&quot;:0,&quot;335559739&quot;:0}\">\u00a0<\/span><\/p>\n<ol>\n<li data-leveltext=\"%1.\" data-font=\"Raleway\" data-listid=\"3\" data-list-defn-props=\"{&quot;335551671&quot;:2,&quot;335552541&quot;:0,&quot;335559683&quot;:0,&quot;335559684&quot;:-1,&quot;335559685&quot;:720,&quot;335559991&quot;:360,&quot;469769242&quot;:[65533,0,46],&quot;469777803&quot;:&quot;left&quot;,&quot;469777804&quot;:&quot;%1.&quot;,&quot;469777815&quot;:&quot;hybridMultilevel&quot;}\" aria-setsize=\"-1\" data-aria-posinset=\"2\" data-aria-level=\"1\"><b><span data-contrast=\"none\">Dalyviai, \u012fgyjantys kvalifikacij\u0105 pasibaigus j\u0173 dalyvavimui mokymuose<\/span><\/b><span data-contrast=\"none\">.<\/span><br \/>\n<span data-contrast=\"none\">Siektina reik\u0161m\u0117 (asmen\u0173 skai\u010dius): <\/span><b><span data-contrast=\"none\">6206.<\/span><\/b><span data-ccp-props=\"{&quot;134233117&quot;:false,&quot;134233118&quot;:false,&quot;335551550&quot;:6,&quot;335551620&quot;:6,&quot;335557856&quot;:16777215,&quot;335559738&quot;:0,&quot;335559739&quot;:0}\">\u00a0<\/span><\/li>\n<\/ol>\n<p><span data-contrast=\"none\">Siekiama pritraukti nauj\u0173 pedagog\u0173 ir suteikti pedagogo kvalifikacij\u0105 turintiems asmenims galimyb\u0119 \u012fgyti kito dalyko \/ specializacijos ar vadybini\u0173 kompetencij\u0173, u\u017etikrinti galimybes tobulinti kvalifikacij\u0105 lituanistinio \u0161vietimo vykdytojams, u\u017etikrinti pagalb\u0105 \u0161vietimo \u012fstaig\u0173 vadovams ir pl\u0117sti pedagog\u0173 bendradarbiavimo galimybes (pedagog\u0173 profesin\u0117s kompetencijos sta\u017euo\u010di\u0173 u\u017esienyje programa).<\/span><span data-ccp-props=\"{&quot;134233117&quot;:false,&quot;134233118&quot;:false,&quot;335551550&quot;:6,&quot;335551620&quot;:6,&quot;335557856&quot;:16777215,&quot;335559685&quot;:720,&quot;335559731&quot;:0,&quot;335559738&quot;:0,&quot;335559739&quot;:240}\">\u00a0<\/span><\/p>\n<ol>\n<li data-leveltext=\"%1.\" data-font=\"Raleway\" data-listid=\"4\" data-list-defn-props=\"{&quot;335551671&quot;:3,&quot;335552541&quot;:0,&quot;335559683&quot;:0,&quot;335559684&quot;:-1,&quot;335559685&quot;:720,&quot;335559991&quot;:360,&quot;469769242&quot;:[65533,0,46],&quot;469777803&quot;:&quot;left&quot;,&quot;469777804&quot;:&quot;%1.&quot;,&quot;469777815&quot;:&quot;hybridMultilevel&quot;}\" aria-setsize=\"-1\" data-aria-posinset=\"3\" data-aria-level=\"1\"><b><span data-contrast=\"none\">Lituanistinio \u0161vietimo vykdytoj\u0173, \u012fgijusi\u0173 reikiam\u0105 kvalifikacij\u0105, procentin\u0117 dalis nuo \u0161ios kvalifikacijos neturin\u010di\u0173 asmen\u0173.\u00a0<\/span><\/b><br \/>\n<span data-contrast=\"none\">Siektina reik\u0161m\u0117 (procentai): <\/span><b><span data-contrast=\"none\">10 (preliminariai \u2013\u00a059 asmenys)<\/span><\/b><span data-contrast=\"none\">.<\/span><span data-ccp-props=\"{&quot;134233117&quot;:false,&quot;134233118&quot;:false,&quot;335551550&quot;:6,&quot;335551620&quot;:6,&quot;335557856&quot;:16777215,&quot;335559738&quot;:0,&quot;335559739&quot;:0}\">\u00a0<\/span><\/li>\n<\/ol>\n<p><span data-contrast=\"none\">Siekiama pritraukti nauj\u0173 pedagog\u0173 ir suteikti pedagogo kvalifikacij\u0105 turintiems asmenims galimyb\u0119 \u012fgyti kito dalyko \/ specializacijos ar vadybini\u0173 kompetencij\u0173, u\u017etikrinti galimybes tobulinti kvalifikacij\u0105 lituanistinio \u0161vietimo vykdytojams.<\/span><span data-ccp-props=\"{&quot;134233117&quot;:false,&quot;134233118&quot;:false,&quot;335551550&quot;:6,&quot;335551620&quot;:6,&quot;335557856&quot;:16777215,&quot;335559685&quot;:720,&quot;335559738&quot;:0,&quot;335559739&quot;:240}\">\u00a0<\/span><\/p>\n<ol>\n<li data-leveltext=\"%1.\" data-font=\"Raleway\" data-listid=\"5\" data-list-defn-props=\"{&quot;335551671&quot;:4,&quot;335552541&quot;:0,&quot;335559683&quot;:0,&quot;335559684&quot;:-1,&quot;335559685&quot;:720,&quot;335559991&quot;:360,&quot;469769242&quot;:[65533,0,46],&quot;469777803&quot;:&quot;left&quot;,&quot;469777804&quot;:&quot;%1.&quot;,&quot;469777815&quot;:&quot;hybridMultilevel&quot;}\" aria-setsize=\"-1\" data-aria-posinset=\"4\" data-aria-level=\"1\"><b><span data-contrast=\"none\">Kvalifikacij\u0105 patobulinusi\u0173 lituanistinio \u0161vietimo vykdytoj\u0173 skai\u010dius<\/span><\/b><span data-contrast=\"none\">. Siektina reik\u0161m\u0117 (asmen\u0173 skai\u010dius): <\/span><b><span data-contrast=\"none\">100<\/span><\/b><span data-contrast=\"none\">.<\/span><span data-ccp-props=\"{&quot;134233117&quot;:false,&quot;134233118&quot;:false,&quot;335551550&quot;:6,&quot;335551620&quot;:6,&quot;335557856&quot;:16777215,&quot;335559738&quot;:0,&quot;335559739&quot;:0}\">\u00a0<\/span><\/li>\n<\/ol>\n<p><span data-contrast=\"none\">Siekiama pritraukti nauj\u0173 pedagog\u0173 ir suteikti pedagogo kvalifikacij\u0105 turintiems asmenims galimyb\u0119 \u012fgyti kito dalyko \/ specializacijos ar vadybini\u0173 kompetencij\u0173, u\u017etikrinti galimybes tobulinti kvalifikacij\u0105 lituanistinio \u0161vietimo vykdytojams.<\/span><span data-ccp-props=\"{&quot;134233117&quot;:false,&quot;134233118&quot;:false,&quot;335551550&quot;:6,&quot;335551620&quot;:6,&quot;335557856&quot;:16777215,&quot;335559685&quot;:720,&quot;335559738&quot;:0,&quot;335559739&quot;:240}\">\u00a0<\/span><\/p>\n<p>&nbsp;<\/p>\n<p><a href=\"http:\/\/www.nsa.smsm.lt\/projektai\/ugdymo-projektai\/projektas-tesk-ateik-tobulek-prisidek\/projekto-kontaktai\/\"><b><span data-contrast=\"none\">Projekto veikl\u0173 koordinatori\u0173 kontaktai &gt;&gt;<\/span><\/b><\/a><br \/>\n<span data-ccp-props=\"{&quot;134233117&quot;:false,&quot;134233118&quot;:false,&quot;335551550&quot;:1,&quot;335551620&quot;:1,&quot;335557856&quot;:16777215,&quot;335559738&quot;:0,&quot;335559739&quot;:240}\">\u00a0<\/span><\/p>\n<p><i><span data-contrast=\"none\">Projektas <\/span><\/i><span data-contrast=\"none\">\u201e<\/span><i><span data-contrast=\"none\">T\u0119sk: ateik, tobul\u0117k, prisid\u0117k!\u201c<\/span><\/i><span data-contrast=\"none\"> (<\/span><i><span data-contrast=\"none\">Nr. 10-045-P-0001) vykdomas pagal 2021\u20132030 m. pl\u0117tros programos valdytojos <\/span><\/i><a href=\"https:\/\/smsm.lrv.lt\/lt\/\"><i><span data-contrast=\"none\">Lietuvos Respublikos \u0161vietimo, mokslo ir sporto ministerijos<\/span><\/i><\/a><i><span data-contrast=\"none\"> \u0161vietimo pl\u0117tros programos pa\u017eangos priemon\u0119 Nr.\u00a012-003-03-06-01 <\/span><\/i><a href=\"https:\/\/2021.esinvesticijos.lt\/priemones\/pirmiausia-mokytojas\"><i><span data-contrast=\"none\">\u201ePirmiausia \u2013 mokytojas\u201c<\/span><\/i><\/a><i><span data-contrast=\"none\">, finansuojamas Europos socialinio fondo + ir Europos S\u0105jungos bendrojo finansavimo l\u0117\u0161omis.<\/span><\/i><span data-ccp-props=\"{&quot;134233117&quot;:false,&quot;134233118&quot;:false,&quot;335551550&quot;:1,&quot;335551620&quot;:1,&quot;335557856&quot;:16777215,&quot;335559738&quot;:0,&quot;335559739&quot;:240}\">\u00a0<\/span><\/p>\n","protected":false},"excerpt":{"rendered":"<p>Projekto \u201eT\u0119sk: ateik, tobul\u0117k, prisid\u0117k!\u201c\u00a0 veiklomis siekiama sustiprinti pedagogo profesijos patrauklum\u0105 bei pedagog\u0173 rengimo ir profesinio augimo sistem\u0105, u\u017etikrinti nauj\u0173 pedagog\u0173 at\u0117jim\u0105 \u012f \u0161vietimo sistem\u0105. \u00a0 Projekto \u012fgyvendinimo laikotarpiu bus finansuojamos mokomojo (-\u0173j\u0173) dalyko (-\u0173) ir (ar) ugdymo srities pedagogin\u0117s&nbsp;<a href=\"https:\/\/www.nsa.smsm.lt\/projektai\/ugdymo-projektai\/projektas-tesk-ateik-tobulek-prisidek\/\" class=\"placiau\">Pla\u010diau <i class=\"fa fa-caret-right\"><\/i><\/a><\/p>\n","protected":false},"author":1,"featured_media":0,"parent":28,"menu_order":0,"comment_status":"closed","ping_status":"closed","template":"page-projektas.php","meta":{"_acf_changed":false,"inline_featured_image":false,"footnotes":""},"class_list":["post-2321","page","type-page","status-publish","hentry"],"acf":[],"yoast_head":"<!-- This site is optimized with the Yoast SEO plugin v27.4 - https:\/\/yoast.com\/product\/yoast-seo-wordpress\/ -->\n<title>Projektas \u201eT\u0119sk: ateik, tobul\u0117k, prisid\u0117k!\u201c - N\u0160A projektai<\/title>\n<meta name=\"robots\" content=\"index, follow, max-snippet:-1, max-image-preview:large, max-video-preview:-1\" \/>\n<link rel=\"canonical\" href=\"https:\/\/www.nsa.smsm.lt\/projektai\/ugdymo-projektai\/projektas-tesk-ateik-tobulek-prisidek\/\" \/>\n<meta property=\"og:locale\" content=\"lt_LT\" \/>\n<meta property=\"og:type\" content=\"article\" \/>\n<meta property=\"og:title\" content=\"Projektas \u201eT\u0119sk: ateik, tobul\u0117k, prisid\u0117k!\u201c - N\u0160A projektai\" \/>\n<meta property=\"og:description\" content=\"Projekto \u201eT\u0119sk: ateik, tobul\u0117k, prisid\u0117k!\u201c\u00a0 veiklomis siekiama sustiprinti pedagogo profesijos patrauklum\u0105 bei pedagog\u0173 rengimo ir profesinio augimo sistem\u0105, u\u017etikrinti nauj\u0173 pedagog\u0173 at\u0117jim\u0105 \u012f \u0161vietimo sistem\u0105. \u00a0 Projekto \u012fgyvendinimo laikotarpiu bus finansuojamos mokomojo (-\u0173j\u0173) dalyko (-\u0173) ir (ar) ugdymo srities pedagogin\u0117s&nbsp;Pla\u010diau\" \/>\n<meta property=\"og:url\" content=\"https:\/\/www.nsa.smsm.lt\/projektai\/ugdymo-projektai\/projektas-tesk-ateik-tobulek-prisidek\/\" \/>\n<meta property=\"og:site_name\" content=\"N\u0160A projektai\" \/>\n<meta property=\"article:modified_time\" content=\"2025-06-13T07:42:24+00:00\" \/>\n<meta name=\"twitter:card\" content=\"summary_large_image\" \/>\n<meta name=\"twitter:label1\" content=\"Est. reading time\" \/>\n\t<meta name=\"twitter:data1\" content=\"3 minut\u0117s\" \/>\n<script type=\"application\/ld+json\" class=\"yoast-schema-graph\">{\"@context\":\"https:\\\/\\\/schema.org\",\"@graph\":[{\"@type\":\"WebPage\",\"@id\":\"https:\\\/\\\/www.nsa.smsm.lt\\\/projektai\\\/ugdymo-projektai\\\/projektas-tesk-ateik-tobulek-prisidek\\\/\",\"url\":\"https:\\\/\\\/www.nsa.smsm.lt\\\/projektai\\\/ugdymo-projektai\\\/projektas-tesk-ateik-tobulek-prisidek\\\/\",\"name\":\"Projektas \u201eT\u0119sk: ateik, tobul\u0117k, prisid\u0117k!\u201c - N\u0160A projektai\",\"isPartOf\":{\"@id\":\"https:\\\/\\\/www.nsa.smsm.lt\\\/projektai\\\/#website\"},\"datePublished\":\"2023-10-26T18:00:51+00:00\",\"dateModified\":\"2025-06-13T07:42:24+00:00\",\"breadcrumb\":{\"@id\":\"https:\\\/\\\/www.nsa.smsm.lt\\\/projektai\\\/ugdymo-projektai\\\/projektas-tesk-ateik-tobulek-prisidek\\\/#breadcrumb\"},\"inLanguage\":\"lt-LT\",\"potentialAction\":[{\"@type\":\"ReadAction\",\"target\":[\"https:\\\/\\\/www.nsa.smsm.lt\\\/projektai\\\/ugdymo-projektai\\\/projektas-tesk-ateik-tobulek-prisidek\\\/\"]}]},{\"@type\":\"BreadcrumbList\",\"@id\":\"https:\\\/\\\/www.nsa.smsm.lt\\\/projektai\\\/ugdymo-projektai\\\/projektas-tesk-ateik-tobulek-prisidek\\\/#breadcrumb\",\"itemListElement\":[{\"@type\":\"ListItem\",\"position\":1,\"name\":\"Prad\u017eia\",\"item\":\"https:\\\/\\\/www.nsa.smsm.lt\\\/projektai\\\/\"},{\"@type\":\"ListItem\",\"position\":2,\"name\":\"Ugdymo projektai\",\"item\":\"https:\\\/\\\/www.nsa.smsm.lt\\\/projektai\\\/ugdymo-projektai\\\/\"},{\"@type\":\"ListItem\",\"position\":3,\"name\":\"Projektas \u201eT\u0119sk: ateik, tobul\u0117k, prisid\u0117k!\u201c\"}]},{\"@type\":\"WebSite\",\"@id\":\"https:\\\/\\\/www.nsa.smsm.lt\\\/projektai\\\/#website\",\"url\":\"https:\\\/\\\/www.nsa.smsm.lt\\\/projektai\\\/\",\"name\":\"N\u0160A projektai\",\"description\":\"\",\"potentialAction\":[{\"@type\":\"SearchAction\",\"target\":{\"@type\":\"EntryPoint\",\"urlTemplate\":\"https:\\\/\\\/www.nsa.smsm.lt\\\/projektai\\\/?s={search_term_string}\"},\"query-input\":{\"@type\":\"PropertyValueSpecification\",\"valueRequired\":true,\"valueName\":\"search_term_string\"}}],\"inLanguage\":\"lt-LT\"}]}<\/script>\n<!-- \/ Yoast SEO plugin. -->","yoast_head_json":{"title":"Projektas \u201eT\u0119sk: ateik, tobul\u0117k, prisid\u0117k!\u201c - N\u0160A projektai","robots":{"index":"index","follow":"follow","max-snippet":"max-snippet:-1","max-image-preview":"max-image-preview:large","max-video-preview":"max-video-preview:-1"},"canonical":"https:\/\/www.nsa.smsm.lt\/projektai\/ugdymo-projektai\/projektas-tesk-ateik-tobulek-prisidek\/","og_locale":"lt_LT","og_type":"article","og_title":"Projektas \u201eT\u0119sk: ateik, tobul\u0117k, prisid\u0117k!\u201c - N\u0160A projektai","og_description":"Projekto \u201eT\u0119sk: ateik, tobul\u0117k, prisid\u0117k!\u201c\u00a0 veiklomis siekiama sustiprinti pedagogo profesijos patrauklum\u0105 bei pedagog\u0173 rengimo ir profesinio augimo sistem\u0105, u\u017etikrinti nauj\u0173 pedagog\u0173 at\u0117jim\u0105 \u012f \u0161vietimo sistem\u0105. \u00a0 Projekto \u012fgyvendinimo laikotarpiu bus finansuojamos mokomojo (-\u0173j\u0173) dalyko (-\u0173) ir (ar) ugdymo srities pedagogin\u0117s&nbsp;Pla\u010diau","og_url":"https:\/\/www.nsa.smsm.lt\/projektai\/ugdymo-projektai\/projektas-tesk-ateik-tobulek-prisidek\/","og_site_name":"N\u0160A projektai","article_modified_time":"2025-06-13T07:42:24+00:00","twitter_card":"summary_large_image","twitter_misc":{"Est. reading time":"3 minut\u0117s"},"schema":{"@context":"https:\/\/schema.org","@graph":[{"@type":"WebPage","@id":"https:\/\/www.nsa.smsm.lt\/projektai\/ugdymo-projektai\/projektas-tesk-ateik-tobulek-prisidek\/","url":"https:\/\/www.nsa.smsm.lt\/projektai\/ugdymo-projektai\/projektas-tesk-ateik-tobulek-prisidek\/","name":"Projektas \u201eT\u0119sk: ateik, tobul\u0117k, prisid\u0117k!\u201c - N\u0160A projektai","isPartOf":{"@id":"https:\/\/www.nsa.smsm.lt\/projektai\/#website"},"datePublished":"2023-10-26T18:00:51+00:00","dateModified":"2025-06-13T07:42:24+00:00","breadcrumb":{"@id":"https:\/\/www.nsa.smsm.lt\/projektai\/ugdymo-projektai\/projektas-tesk-ateik-tobulek-prisidek\/#breadcrumb"},"inLanguage":"lt-LT","potentialAction":[{"@type":"ReadAction","target":["https:\/\/www.nsa.smsm.lt\/projektai\/ugdymo-projektai\/projektas-tesk-ateik-tobulek-prisidek\/"]}]},{"@type":"BreadcrumbList","@id":"https:\/\/www.nsa.smsm.lt\/projektai\/ugdymo-projektai\/projektas-tesk-ateik-tobulek-prisidek\/#breadcrumb","itemListElement":[{"@type":"ListItem","position":1,"name":"Prad\u017eia","item":"https:\/\/www.nsa.smsm.lt\/projektai\/"},{"@type":"ListItem","position":2,"name":"Ugdymo projektai","item":"https:\/\/www.nsa.smsm.lt\/projektai\/ugdymo-projektai\/"},{"@type":"ListItem","position":3,"name":"Projektas \u201eT\u0119sk: ateik, tobul\u0117k, prisid\u0117k!\u201c"}]},{"@type":"WebSite","@id":"https:\/\/www.nsa.smsm.lt\/projektai\/#website","url":"https:\/\/www.nsa.smsm.lt\/projektai\/","name":"N\u0160A projektai","description":"","potentialAction":[{"@type":"SearchAction","target":{"@type":"EntryPoint","urlTemplate":"https:\/\/www.nsa.smsm.lt\/projektai\/?s={search_term_string}"},"query-input":{"@type":"PropertyValueSpecification","valueRequired":true,"valueName":"search_term_string"}}],"inLanguage":"lt-LT"}]}},"_links":{"self":[{"href":"https:\/\/www.nsa.smsm.lt\/projektai\/wp-json\/wp\/v2\/pages\/2321","targetHints":{"allow":["GET"]}}],"collection":[{"href":"https:\/\/www.nsa.smsm.lt\/projektai\/wp-json\/wp\/v2\/pages"}],"about":[{"href":"https:\/\/www.nsa.smsm.lt\/projektai\/wp-json\/wp\/v2\/types\/page"}],"author":[{"embeddable":true,"href":"https:\/\/www.nsa.smsm.lt\/projektai\/wp-json\/wp\/v2\/users\/1"}],"replies":[{"embeddable":true,"href":"https:\/\/www.nsa.smsm.lt\/projektai\/wp-json\/wp\/v2\/comments?post=2321"}],"version-history":[{"count":11,"href":"https:\/\/www.nsa.smsm.lt\/projektai\/wp-json\/wp\/v2\/pages\/2321\/revisions"}],"predecessor-version":[{"id":3130,"href":"https:\/\/www.nsa.smsm.lt\/projektai\/wp-json\/wp\/v2\/pages\/2321\/revisions\/3130"}],"up":[{"embeddable":true,"href":"https:\/\/www.nsa.smsm.lt\/projektai\/wp-json\/wp\/v2\/pages\/28"}],"wp:attachment":[{"href":"https:\/\/www.nsa.smsm.lt\/projektai\/wp-json\/wp\/v2\/media?parent=2321"}],"curies":[{"name":"wp","href":"https:\/\/api.w.org\/{rel}","templated":true}]}}