{"id":36407,"date":"2023-09-08T09:31:35","date_gmt":"2023-09-08T07:31:35","guid":{"rendered":"https:\/\/www.nsa.smsm.lt\/old\/?post_type=tribe_events&#038;p=36407"},"modified":"2023-09-08T09:31:35","modified_gmt":"2023-09-08T07:31:35","slug":"seminaras-dirbtinis-intelektas-svietime","status":"publish","type":"tribe_events","link":"https:\/\/www.nsa.smsm.lt\/old\/renginys\/seminaras-dirbtinis-intelektas-svietime\/","title":{"rendered":"Seminaras \u201eDirbtinis intelektas \u0161vietime\u201c"},"content":{"rendered":"<p>2023 m. spalio 19 d. N\u0160A did\u017eiojoje sal\u0117je ir III a. foj\u0117 vyks EdTech centro organizuojamas renginys.<\/p>\n<p><strong>Informacija apie rengin\u012f:\u00a0<\/strong><\/p>\n<p>2023 m. spalio 19 d., nuo 13 val. iki 18 val.<\/p>\n<p>Tema &#8211; apie dirbtin\u012f intelekt\u0105 \u0161vietime;<\/p>\n<p>Auditorija \u2013 vyresni\u0173 klasi\u0173 moksleiviai (gimnazistai) ir juos lydintys mokytojai, preliminarus dalyvi\u0173 skai\u010dius \u2013 120 asm. kontaktiniame renginyje;<\/p>\n<p>Forma: hibridinis;<\/p>\n<p>Vieta: N\u0160A did\u017eioji sal\u0117 ir III a. foj\u0117, II a. biblioteka ir kita sal\u0117.<\/p>\n<p>Atsakingas asmuo: Egl\u0117 \u0160ilkon\u0117, el. p. <a href=\"mailto:egle.silkone@nsa.smm.lt\">egle.silkone@nsa.smm.lt<\/a>, tel. +370\u00a0603 35350<\/p>\n<p><strong>Preliminari programa:<\/strong><\/p>\n<table width=\"0\">\n<tbody>\n<tr>\n<td><strong>Laikas:<\/strong><\/td>\n<td><strong>N\u0160A sal\u0117<\/strong><\/td>\n<\/tr>\n<tr>\n<td>13:30 &#8211; 14:00<\/td>\n<td>Registracija, pasisveikinimo g\u0117rimas<\/td>\n<\/tr>\n<tr>\n<td>14:00 &#8211; 14:10<\/td>\n<td>Sveikinimo \u017eodis<\/td>\n<\/tr>\n<tr>\n<td>14:10 &#8211; 14:20<\/td>\n<td>Konferencijos pristatymas: tikslai ir l\u016bkes\u010diai<\/td>\n<\/tr>\n<tr>\n<td>14:20 &#8211; 14:35<\/td>\n<td>Prane\u0161imas: Ko tu dar ne\u017einai apie DI?, Q&amp;A<\/td>\n<\/tr>\n<tr>\n<td>14:35 &#8211; 14:50<\/td>\n<td>Panelin\u0117 diskusija. DI \u0161vietime: kas k\u0105 &#8222;valgo&#8221;?, Q&amp;A<\/td>\n<\/tr>\n<tr>\n<td>14:50 &#8211; 15:10<\/td>\n<td>Naujienos pristatymas \/ mini konkursas dalyviams<\/td>\n<\/tr>\n<tr>\n<td>15:10 &#8211; 15:40<\/td>\n<td>K\u0105 naujo i\u0161mokome su DI?<\/td>\n<\/tr>\n<tr>\n<td><strong>15:40 &#8211; 16:00<\/strong><\/td>\n<td><strong>Kavos pertrauka \/ expo<\/strong><\/td>\n<\/tr>\n<tr>\n<td>16:00 &#8211; 16:15<\/td>\n<td>Prane\u0161imas: EdTech ant bangos, Q&amp;A<\/td>\n<\/tr>\n<tr>\n<td>16:15 &#8211; 16:30<\/td>\n<td>Ateities profesijos DI kontekste<\/td>\n<\/tr>\n<tr>\n<td>16:30 &#8211; 17:00<\/td>\n<td>Dirbtuv\u0117s \u2013 sprendim\u0173 i\u0161bandymai<\/td>\n<\/tr>\n<\/tbody>\n<\/table>\n<p>&nbsp;<\/p>\n<p>Programa gali keistis.<\/p>\n","protected":false},"excerpt":{"rendered":"<p>2023 m. spalio 19 d. N\u0160A did\u017eiojoje sal\u0117je ir III a. foj\u0117 vyks EdTech centro organizuojamas renginys. Informacija apie rengin\u012f:\u00a0 2023 m. spalio 19 d., nuo 13 val. iki 18 val. Tema &#8211; apie dirbtin\u012f intelekt\u0105 \u0161vietime; Auditorija \u2013 vyresni\u0173&nbsp;<a href=\"https:\/\/www.nsa.smsm.lt\/old\/renginys\/seminaras-dirbtinis-intelektas-svietime\/\" class=\"placiau\">Pla\u010diau <i class=\"fa fa-caret-right\"><\/i><\/a><\/p>\n","protected":false},"author":1,"featured_media":0,"template":"","meta":{"_acf_changed":false,"_tribe_events_status":"","_tribe_events_status_reason":"","_tribe_events_is_hybrid":"","_tribe_events_is_virtual":"","_tribe_events_virtual_video_source":"","_tribe_events_virtual_embed_video":"","_tribe_events_virtual_linked_button_text":"","_tribe_events_virtual_linked_button":"","_tribe_events_virtual_show_embed_at":"","_tribe_events_virtual_show_embed_to":[],"_tribe_events_virtual_show_on_event":"","_tribe_events_virtual_show_on_views":"","_tribe_events_virtual_url":"","footnotes":""},"tags":[],"tribe_events_cat":[],"class_list":["post-36407","tribe_events","type-tribe_events","status-publish","hentry"],"acf":[],"_links":{"self":[{"href":"https:\/\/www.nsa.smsm.lt\/old\/wp-json\/wp\/v2\/tribe_events\/36407","targetHints":{"allow":["GET"]}}],"collection":[{"href":"https:\/\/www.nsa.smsm.lt\/old\/wp-json\/wp\/v2\/tribe_events"}],"about":[{"href":"https:\/\/www.nsa.smsm.lt\/old\/wp-json\/wp\/v2\/types\/tribe_events"}],"author":[{"embeddable":true,"href":"https:\/\/www.nsa.smsm.lt\/old\/wp-json\/wp\/v2\/users\/1"}],"version-history":[{"count":1,"href":"https:\/\/www.nsa.smsm.lt\/old\/wp-json\/wp\/v2\/tribe_events\/36407\/revisions"}],"predecessor-version":[{"id":36408,"href":"https:\/\/www.nsa.smsm.lt\/old\/wp-json\/wp\/v2\/tribe_events\/36407\/revisions\/36408"}],"wp:attachment":[{"href":"https:\/\/www.nsa.smsm.lt\/old\/wp-json\/wp\/v2\/media?parent=36407"}],"wp:term":[{"taxonomy":"post_tag","embeddable":true,"href":"https:\/\/www.nsa.smsm.lt\/old\/wp-json\/wp\/v2\/tags?post=36407"},{"taxonomy":"tribe_events_cat","embeddable":true,"href":"https:\/\/www.nsa.smsm.lt\/old\/wp-json\/wp\/v2\/tribe_events_cat?post=36407"}],"curies":[{"name":"wp","href":"https:\/\/api.w.org\/{rel}","templated":true}]}}

Seminaras „Dirbtinis intelektas švietime“

<p>2023 m. spalio 19 d. NŠA didžiojoje salėje ir III a. fojė vyks EdTech centro organizuojamas renginys.</p>
<p><strong>Informacija apie renginį: </strong></p>
<p>2023 m. spalio 19 d., nuo 13 val. iki 18 val.</p>
<p>Tema &#8211; apie dirbtinį intelektą švietime;</p>
<p>Auditorija – vyresnių klasių moksleiviai (gimnazistai) ir juos lydintys mokytojai, preliminarus dalyvių skaičius – 120 asm. kontaktiniame renginyje;</p>
<p>Forma: hibridinis;</p>
<p>Vieta: NŠA didžioji salė ir III a. fojė, II a. biblioteka ir kita salė.</p>
<p>Atsakingas asmuo: Eglė Šilkonė, el. p. <a href="mailto:egle.silkone@nsa.smm.lt">egle.silkone@nsa.smm.lt</a>, tel. +370 603 35350</p>
<p><strong>Preliminari programa:</strong></p>
<table width="0">
<tbody>
<tr>
<td><strong>Laikas:</strong></td>
<td><strong>NŠA salė</strong></td>
</tr>
<tr>
<td>13:30 &#8211; 14:00</td>
<td>Registracija, pasisveikinimo gėrimas</td>
</tr>
<tr>
<td>14:00 &#8211; 14:10</td>
<td>Sveikinimo žodis</td>
</tr>
<tr>
<td>14:10 &#8211; 14:20</td>
<td>Konferencijos pristatymas: tikslai ir lūkesčiai</td>
</tr>
<tr>
<td>14:20 &#8211; 14:35</td>
<td>Pranešimas: Ko tu dar nežinai apie DI?, Q&amp;A</td>
</tr>
<tr>
<td>14:35 &#8211; 14:50</td>
<td>Panelinė diskusija. DI švietime: kas ką &#8222;valgo&#8221;?, Q&amp;A</td>
</tr>
<tr>
<td>14:50 &#8211; 15:10</td>
<td>Naujienos pristatymas / mini konkursas dalyviams</td>
</tr>
<tr>
<td>15:10 &#8211; 15:40</td>
<td>Ką naujo išmokome su DI?</td>
</tr>
<tr>
<td><strong>15:40 &#8211; 16:00</strong></td>
<td><strong>Kavos pertrauka / expo</strong></td>
</tr>
<tr>
<td>16:00 &#8211; 16:15</td>
<td>Pranešimas: EdTech ant bangos, Q&amp;A</td>
</tr>
<tr>
<td>16:15 &#8211; 16:30</td>
<td>Ateities profesijos DI kontekste</td>
</tr>
<tr>
<td>16:30 &#8211; 17:00</td>
<td>Dirbtuvės – sprendimų išbandymai</td>
</tr>
</tbody>
</table>
<p>&nbsp;</p>
<p>Programa gali keistis.</p>

<p>2023 m. spalio 19 d. NŠA didžiojoje salėje ir III a. fojė vyks EdTech centro organizuojamas renginys. Informacija apie renginį:  2023 m. spalio 19 d., nuo 13 val. iki 18 val. Tema &#8211; apie dirbtinį intelektą švietime; Auditorija – vyresnių&nbsp;<a href="https://www.nsa.smsm.lt/old/renginys/seminaras-dirbtinis-intelektas-svietime/" class="placiau">Plačiau <i class="fa fa-caret-right"></i></a></p>
