{"id":9174,"date":"2022-09-04T06:10:49","date_gmt":"2022-09-04T04:10:49","guid":{"rendered":"https:\/\/www.nsa.smsm.lt\/old\/?page_id=9174"},"modified":"2023-01-11T23:40:37","modified_gmt":"2023-01-11T21:40:37","slug":"infrastrukturos-pletros-departamentas","status":"publish","type":"page","link":"https:\/\/www.nsa.smsm.lt\/old\/infrastrukturos-pletros-departamentas\/","title":{"rendered":"Infrastrukt\u016bros pl\u0117tros departamentas"},"content":{"rendered":"<p><strong>Departamento\u00a0paskirtis<\/strong>\u00a0\u2013 dalyvauti \u012fgyvendinant \u0161vietimo politik\u0105, skatinant \u0161vietimo \u012fstaigas, kitus \u0161vietimo teik\u0117jus u\u017etikrinti \u0161vietimo veiklos kokyb\u0119, teikiant informacin\u0119, statistin\u0119, technin\u0119 konsultacin\u0119 pagalb\u0105, atliekant mokyklos, regiono, \u0161alies \u0161vietimo steb\u0117sen\u0105 ir \u0161vietimo tyrimus; koordinuoti \u0161vietimo \u012fstaig\u0173 apr\u016bpinim\u0105, vykdyti technin\u0119 IT priemoni\u0173 prie\u017ei\u016br\u0105.<\/p>\n<p><strong>Departamento u\u017edaviniai:<\/strong><\/p>\n<ul>\n<li>organizuoti ir koordinuoti \u0161vietimo \u012fstaig\u0173 apr\u016bpinim\u0105;<\/li>\n<li>pl\u0117toti ir administruoti \u0161vietimo registrus;<\/li>\n<li>pl\u0117toti ir administruoti informacines sistemas.<\/li>\n<\/ul>\n<p><strong>Departamento funkcijos:<\/strong><\/p>\n<ul>\n<li>inicijuoja ir vykdo \u0161vietimo \u012fstaig\u0173 apr\u016bpinim\u0105 mokymo priemon\u0117mis, informacijos ir ry\u0161i\u0173 technologij\u0173 bei kita infrastrukt\u016bra; techni\u0161kai pri\u017ei\u016bri virtuali\u0173 aplink\u0173 ir kit\u0173 mokymo priemoni\u0173 palaikym\u0105;<\/li>\n<li>teikia informacin\u0119, ekspertin\u0119, konsultacin\u0119 pagalb\u0105 \u0161vietimo subjektams, organizuojantiems ir \u012fgyvendinantiems \u0161vietimo veikl\u0105, skatina veiklos \u012fsivertinimo kult\u016bros pa\u017eang\u0105;<\/li>\n<li>palaiko ir analizuoja \u0161vietimu suinteresuot\u0173 \u0161ali\u0173 iniciatyvas, koordinuoja ir (ar) vykdo projektus, skirtus \u0161vietimo \u012fstaig\u0173, kit\u0173 \u0161vietimo teik\u0117j\u0173 veiklos kokybei gerinti;<\/li>\n<li>kaupia duomenis apie asmen\u0173 \u017eini\u0173 bei geb\u0117jim\u0173 vertinimo, egzaminavimo, nuostat\u0173 tyrim\u0173 ir ugdymo rezultatus, kuria klausim\u0173 ir u\u017eduo\u010di\u0173 bank\u0105;<\/li>\n<li>palaiko ir analizuoja \u0161vietimu suinteresuot\u0173 \u0161ali\u0173 iniciatyvas, koordinuoja ir (ar) vykdo projektus, skirtus \u0161vietimo \u012fstaig\u0173, kit\u0173 \u0161vietimo teik\u0117j\u0173 veiklos kokybei gerinti;<\/li>\n<li>rengia \u0161vietimo statistin\u0117s informacijos rinkimo metodikas, statistines suvestines bei teikia statistin\u0119 informacij\u0105; renka, tvarko, integruoja, apdoroja duomenis apie nacionalinius \u017emogi\u0161kuosius i\u0161teklius, Lietuvos \u0161vietim\u0105 ir moksl\u0105 bei skai\u010diuoja ir skelbia nacionalinius \u017emogi\u0161k\u0173j\u0173 i\u0161tekli\u0173, Valstyb\u0117s \u0161vietimo steb\u0117senos ir kitus \u0161vietimo rodiklius;<\/li>\n<li>vie\u0161ina informacij\u0105 apie mokyklas, j\u0173 vykdomas \u0161vietimo programas, pri\u0117mimo \u012f jas s\u0105lygas, atlieka mokini\u0173 pri\u0117mimo \u012f mokyklas proceso technologin\u012f programin\u012f palaikym\u0105;<\/li>\n<li>koordinuoja ir vykdo bendr\u0105j\u012f \u0161vietimo sistemos valdymo kompiuterizavim\u0105: kuria klasifikatorius, valdo ir tvarko registrus, informacines sistemas; koordinuoja \u0161vietimo informacini\u0173 sistem\u0173 ir registr\u0173 integracijos procesus;<\/li>\n<li>inicijuoja virtuali\u0173 aplink\u0173 mokymuisi diegim\u0105, skatina \u0161vietimo \u012fstaigas diegti informacines technologijas organizacijos procesams valdyti;<\/li>\n<li>rengia, vykdo ir administruoja Europos S\u0105jungos remiamus projektus pagal kompetencija;<\/li>\n<li>teis\u0117s akt\u0173 nustatyta tvarka teikia informacij\u0105 suinteresuotosioms institucijoms ir visuomenei pagal savo kompetencija;<\/li>\n<li>dalyvauja rengiant teis\u0117s akt\u0173 projektus.<\/li>\n<\/ul>\n<p><strong>Departament\u0105 sudaro:<\/strong><\/p>\n<ul>\n<li>IT skyrius;<\/li>\n<li>\u0160vietimo duomen\u0173 skyrius;<\/li>\n<li>\u0160vietimo informacini\u0173 sistem\u0173 skyrius.<\/li>\n<\/ul>\n","protected":false},"excerpt":{"rendered":"<p>Departamento\u00a0paskirtis\u00a0\u2013 dalyvauti \u012fgyvendinant \u0161vietimo politik\u0105, skatinant \u0161vietimo \u012fstaigas, kitus \u0161vietimo teik\u0117jus u\u017etikrinti \u0161vietimo veiklos kokyb\u0119, teikiant informacin\u0119, statistin\u0119, technin\u0119 konsultacin\u0119 pagalb\u0105, atliekant mokyklos, regiono, \u0161alies \u0161vietimo steb\u0117sen\u0105 ir \u0161vietimo tyrimus; koordinuoti \u0161vietimo \u012fstaig\u0173 apr\u016bpinim\u0105, vykdyti technin\u0119 IT priemoni\u0173 prie\u017ei\u016br\u0105. Departamento&nbsp;<a href=\"https:\/\/www.nsa.smsm.lt\/old\/infrastrukturos-pletros-departamentas\/\" class=\"placiau\">Pla\u010diau <i class=\"fa fa-caret-right\"><\/i><\/a><\/p>\n","protected":false},"author":1,"featured_media":0,"parent":0,"menu_order":5,"comment_status":"closed","ping_status":"closed","template":"","meta":{"_acf_changed":false,"footnotes":""},"class_list":["post-9174","page","type-page","status-publish","hentry"],"acf":[],"_links":{"self":[{"href":"https:\/\/www.nsa.smsm.lt\/old\/wp-json\/wp\/v2\/pages\/9174","targetHints":{"allow":["GET"]}}],"collection":[{"href":"https:\/\/www.nsa.smsm.lt\/old\/wp-json\/wp\/v2\/pages"}],"about":[{"href":"https:\/\/www.nsa.smsm.lt\/old\/wp-json\/wp\/v2\/types\/page"}],"author":[{"embeddable":true,"href":"https:\/\/www.nsa.smsm.lt\/old\/wp-json\/wp\/v2\/users\/1"}],"replies":[{"embeddable":true,"href":"https:\/\/www.nsa.smsm.lt\/old\/wp-json\/wp\/v2\/comments?post=9174"}],"version-history":[{"count":0,"href":"https:\/\/www.nsa.smsm.lt\/old\/wp-json\/wp\/v2\/pages\/9174\/revisions"}],"wp:attachment":[{"href":"https:\/\/www.nsa.smsm.lt\/old\/wp-json\/wp\/v2\/media?parent=9174"}],"curies":[{"name":"wp","href":"https:\/\/api.w.org\/{rel}","templated":true}]}}