{"id":871,"date":"2022-10-08T18:48:48","date_gmt":"2022-10-08T16:48:48","guid":{"rendered":"http:\/\/www.sac.smm.lt\/?page_id=871"},"modified":"2023-01-11T20:07:12","modified_gmt":"2023-01-11T18:07:12","slug":"vadoveliai-ir-pratybu-sasiuviniai-labas","status":"publish","type":"page","link":"https:\/\/www.nsa.smsm.lt\/old\/bendruju-reikalu-departamentas\/leidiniai\/leidiniai-pagal-temas\/kiti\/vadoveliai-ir-pratybu-sasiuviniai-labas\/","title":{"rendered":"Lietuvi\u0173 kalbos vadov\u0117liai ir pratyb\u0173 s\u0105siuviniai \u201eMano ir tavo \u0161alis LIETUVA\u201c ir \u201eLabas\u201c"},"content":{"rendered":"<p><i class=\"fa fa-file-pdf \" ><\/i> LABAS I Dalis (15mb)<a href=\"https:\/\/www.nsa.smsm.lt\/old\/old\/wp-content\/uploads\/2022\/04\/LABAS-I-dalis-1.pdf\"> <i class=\"fa fa-chevron-circle-right \" ><\/i><\/a><\/p>\n<p><i class=\"fa fa-file-pdf \" ><\/i> LABAS II Dalis\u00a0(14.5mb) <a href=\"https:\/\/www.nsa.smsm.lt\/old\/old\/wp-content\/uploads\/2022\/04\/LABAS-II-dalis.pdf\"><i class=\"fa fa-chevron-circle-right \" ><\/i><\/a><\/p>\n<p><i class=\"fa fa-file-pdf \" ><\/i> LABAS III Dalis\u00a0(17.2Mb) <a href=\"https:\/\/www.nsa.smsm.lt\/old\/old\/wp-content\/uploads\/2022\/04\/LABAS-III-dalis.pdf\" target=\"_blank\" rel=\"noopener\"><i class=\"fa fa-chevron-circle-right \" ><\/i><\/a><\/p>\n<p><i class=\"fa fa-file-archive \" ><\/i> LIETUVA III Pokalbiai Klausomi Ir Skaitomi Tekstai\u00a0(34.3Mb) <a href=\"https:\/\/www.nsa.smsm.lt\/old\/old\/wp-content\/uploads\/lietuviu_priemones\/LIETUVA_III_Pokalbiai_klausomi_ir_skaitomi_tekstai.zip\"><i class=\"fa fa-chevron-circle-right \" ><\/i><\/a><\/p>\n<p><i class=\"fa fa-file-archive \" ><\/i> LIETUVA II Pokalbiai Klausomi Ir Skaitomi Tekstai\u00a0(60.1Mb) <a href=\"https:\/\/www.nsa.smsm.lt\/old\/old\/wp-content\/uploads\/lietuviu_priemones\/LIETUVA_II_Pokalbiai_klausomi_ir_skaitomi_tekstai.zip\"><i class=\"fa fa-chevron-circle-right \" ><\/i><\/a><\/p>\n<p><i class=\"fa fa-file-archive \" ><\/i> LIETUVA I Pokalbiai Klausomi Ir Skaitomi Tekstai\u00a0(66Mb) <a href=\"https:\/\/www.nsa.smsm.lt\/old\/old\/wp-content\/uploads\/lietuviu_priemones\/LIETUVA_I_Pokalbiai_klausomi_ir_skaitomi_tekstai.zip\"><i class=\"fa fa-chevron-circle-right \" ><\/i><\/a><\/p>\n<p><i class=\"fa fa-file-archive \" ><\/i> Lietuviu Kalbos Vadovelis Labas Klausomieji Tekstai Ir Uzduotys (64.4Mb) <a href=\"https:\/\/www.nsa.smsm.lt\/old\/old\/wp-content\/uploads\/lietuviu_priemones\/Lietuviu_kalbos_vadovelis_Labas_Klausomieji_tekstai_ir_uzduotys.zip\"> <i class=\"fa fa-chevron-circle-right \" ><\/i><\/a><\/p>\n<p><i class=\"fa fa-file-pdf \" ><\/i> Mano Ir Tavo Salis Lietuva\u00a0(6.4Mb)<a href=\"https:\/\/www.nsa.smsm.lt\/old\/old\/wp-content\/uploads\/lietuviu_priemones\/Mano%20ir%20tavo%20salis%20Lietuva.pdf\"> <i class=\"fa fa-chevron-circle-right \" ><\/i><\/a><\/p>\n<p><i class=\"fa fa-file-pdf \" ><\/i> Mano Ir Tavo Salis Lietuva SKUV\u00a0(15.9Mb) <a href=\"https:\/\/www.nsa.smsm.lt\/old\/old\/wp-content\/uploads\/2022\/04\/Mano-ir-tavo-salis-Lietuva-SKUV.pdf\"><i class=\"fa fa-chevron-circle-right \" ><\/i><\/a><\/p>\n<p><i class=\"fa fa-file-pdf \" ><\/i> Mano Ir Tavo Salis Lietuva 2\u00a0(3.3Mb)<a href=\"https:\/\/www.nsa.smsm.lt\/old\/old\/wp-content\/uploads\/lietuviu_priemones\/Mano%20ir%20tavo%20salis%20Lietuva%202.pdf\"><i class=\"fa fa-chevron-circle-right \" ><\/i><\/a><\/p>\n<p><i class=\"fa fa-file-pdf \" ><\/i> Mano Ir Tavo Salis Lietuva 3\u00a0(14.5Mb)<a href=\"https:\/\/www.nsa.smsm.lt\/old\/old\/wp-content\/uploads\/lietuviu_priemones\/Mano%20ir%20tavo%20salis%20Lietuva%203.pdf\"><i class=\"fa fa-chevron-circle-right \" ><\/i><\/a><\/p>\n","protected":false},"excerpt":{"rendered":"<p>LABAS I Dalis (15mb) LABAS II Dalis\u00a0(14.5mb) LABAS III Dalis\u00a0(17.2Mb) LIETUVA III Pokalbiai Klausomi Ir Skaitomi Tekstai\u00a0(34.3Mb) LIETUVA II Pokalbiai Klausomi Ir Skaitomi Tekstai\u00a0(60.1Mb) LIETUVA I Pokalbiai Klausomi Ir Skaitomi Tekstai\u00a0(66Mb) Lietuviu Kalbos Vadovelis Labas Klausomieji Tekstai Ir Uzduotys (64.4Mb)&nbsp;<a href=\"https:\/\/www.nsa.smsm.lt\/old\/bendruju-reikalu-departamentas\/leidiniai\/leidiniai-pagal-temas\/kiti\/vadoveliai-ir-pratybu-sasiuviniai-labas\/\" class=\"placiau\">Pla\u010diau <i class=\"fa fa-caret-right\"><\/i><\/a><\/p>\n","protected":false},"author":1,"featured_media":0,"parent":1062,"menu_order":14,"comment_status":"closed","ping_status":"closed","template":"","meta":{"_acf_changed":false,"footnotes":""},"class_list":["post-871","page","type-page","status-publish","hentry"],"acf":[],"_links":{"self":[{"href":"https:\/\/www.nsa.smsm.lt\/old\/wp-json\/wp\/v2\/pages\/871","targetHints":{"allow":["GET"]}}],"collection":[{"href":"https:\/\/www.nsa.smsm.lt\/old\/wp-json\/wp\/v2\/pages"}],"about":[{"href":"https:\/\/www.nsa.smsm.lt\/old\/wp-json\/wp\/v2\/types\/page"}],"author":[{"embeddable":true,"href":"https:\/\/www.nsa.smsm.lt\/old\/wp-json\/wp\/v2\/users\/1"}],"replies":[{"embeddable":true,"href":"https:\/\/www.nsa.smsm.lt\/old\/wp-json\/wp\/v2\/comments?post=871"}],"version-history":[{"count":0,"href":"https:\/\/www.nsa.smsm.lt\/old\/wp-json\/wp\/v2\/pages\/871\/revisions"}],"up":[{"embeddable":true,"href":"https:\/\/www.nsa.smsm.lt\/old\/wp-json\/wp\/v2\/pages\/1062"}],"wp:attachment":[{"href":"https:\/\/www.nsa.smsm.lt\/old\/wp-json\/wp\/v2\/media?parent=871"}],"curies":[{"name":"wp","href":"https:\/\/api.w.org\/{rel}","templated":true}]}}