{"id":748,"date":"2022-11-04T09:14:51","date_gmt":"2022-11-04T07:14:51","guid":{"rendered":"https:\/\/www.itc.smm.lt\/?page_id=748"},"modified":"2023-01-11T19:59:58","modified_gmt":"2023-01-11T17:59:58","slug":"svis-informacine-sistema","status":"publish","type":"page","link":"https:\/\/www.nsa.smsm.lt\/old\/svietimo-sistemos\/svis-informacine-sistema\/","title":{"rendered":"\u0160VIS informacin\u0117 sistema"},"content":{"rendered":"<p><img loading=\"lazy\" decoding=\"async\" class=\"alignnone wp-image-10014\" src=\"https:\/\/www.nsa.smsm.lt\/old\/old\/wp-content\/uploads\/2019\/10\/logo_svis2.png\" alt=\"\" width=\"219\" height=\"90\" \/><\/p>\n<p><strong>Paskirtis<\/strong> &#8211;\u00a0teikti duomenis, reikalingus \u0161vietimo subjektams \u0161vietimo b\u016bklei \u012fvairiais aspektais analizuoti ir vertinti, \u0161vietimo kaitai prognozuoti, duomenimis pagr\u012fstiems sprendimams priimti ir \u0161vietimo kokyb\u0119 laiduojan\u010diam valdymui vykdyti.<\/p>\n<p><strong>Sistemos adresas <\/strong>&#8211; <a href=\"http:\/\/www.svis.smm.lt\">http:\/\/www.svis.smm.lt<\/a><\/p>\n<p><strong>Kaip galima gauti informacij\u0105 i\u0161 registro (tapti IS naudotoju)<\/strong> &#8211;\u00a0<a href=\"http:\/\/svis.emokykla.lt\/svis-naudotoju-anketos\/\">http:\/\/svis.emokykla.lt\/svis-naudotoju-anketos\/<\/a><\/p>\n<p><strong>Kontaktai<\/strong><br \/>\nVaida Kostygova, <a href=\"mailto:vaida.kostygova@nsa.smm.lt\">vaida.kostygova@nsa.smm.lt<\/a><\/p>\n<p><strong>Esminiai dokumentai<\/strong> &#8211;\u00a0<a href=\"https:\/\/www.krisin.smm.lt\/aikos2-krisin\/public\/sistemosPerziura.xhtml?id=111\">https:\/\/www.krisin.smm.lt\/aikos2-krisin\/public\/sistemosPerziura.xhtml?id=111<\/a><\/p>\n<p><strong>Pagrindin\u0119 \u0161vietimo statistik\u0105 rasite \u010dia:\u00a0<\/strong><a href=\"http:\/\/svis.emokykla.lt\/\">http:\/\/svis.emokykla.lt\/<\/a><\/p>\n<p><strong>Vie\u0161\u0105j\u0105 statistik\u0105 rasite \u010dia: <\/strong><a href=\"http:\/\/svis.emokykla.lt\/viesoji-statistika\/\">http:\/\/svis.emokykla.lt\/viesoji-statistika\/<\/a><\/p>\n<p><strong>Informacijos teikimo instrukcijas rasite \u010dia<\/strong>: <a href=\"http:\/\/svis.emokykla.lt\/statistikos-duomenu-teikimo-instrukcijos\/\">http:\/\/svis.emokykla.lt\/statistikos-duomenu-teikimo-instrukcijos\/<\/a><\/p>\n","protected":false},"excerpt":{"rendered":"<p>Paskirtis &#8211;\u00a0teikti duomenis, reikalingus \u0161vietimo subjektams \u0161vietimo b\u016bklei \u012fvairiais aspektais analizuoti ir vertinti, \u0161vietimo kaitai prognozuoti, duomenimis pagr\u012fstiems sprendimams priimti ir \u0161vietimo kokyb\u0119 laiduojan\u010diam valdymui vykdyti. Sistemos adresas &#8211; http:\/\/www.svis.smm.lt Kaip galima gauti informacij\u0105 i\u0161 registro (tapti IS naudotoju) &#8211;\u00a0http:\/\/svis.emokykla.lt\/svis-naudotoju-anketos\/&nbsp;<a href=\"https:\/\/www.nsa.smsm.lt\/old\/svietimo-sistemos\/svis-informacine-sistema\/\" class=\"placiau\">Pla\u010diau <i class=\"fa fa-caret-right\"><\/i><\/a><\/p>\n","protected":false},"author":1,"featured_media":0,"parent":3053,"menu_order":4,"comment_status":"closed","ping_status":"closed","template":"page-svietimo-sistemos.php","meta":{"_acf_changed":false,"footnotes":""},"class_list":["post-748","page","type-page","status-publish","hentry"],"acf":[],"_links":{"self":[{"href":"https:\/\/www.nsa.smsm.lt\/old\/wp-json\/wp\/v2\/pages\/748","targetHints":{"allow":["GET"]}}],"collection":[{"href":"https:\/\/www.nsa.smsm.lt\/old\/wp-json\/wp\/v2\/pages"}],"about":[{"href":"https:\/\/www.nsa.smsm.lt\/old\/wp-json\/wp\/v2\/types\/page"}],"author":[{"embeddable":true,"href":"https:\/\/www.nsa.smsm.lt\/old\/wp-json\/wp\/v2\/users\/1"}],"replies":[{"embeddable":true,"href":"https:\/\/www.nsa.smsm.lt\/old\/wp-json\/wp\/v2\/comments?post=748"}],"version-history":[{"count":0,"href":"https:\/\/www.nsa.smsm.lt\/old\/wp-json\/wp\/v2\/pages\/748\/revisions"}],"up":[{"embeddable":true,"href":"https:\/\/www.nsa.smsm.lt\/old\/wp-json\/wp\/v2\/pages\/3053"}],"wp:attachment":[{"href":"https:\/\/www.nsa.smsm.lt\/old\/wp-json\/wp\/v2\/media?parent=748"}],"curies":[{"name":"wp","href":"https:\/\/api.w.org\/{rel}","templated":true}]}}