{"id":501,"date":"2023-11-15T08:40:56","date_gmt":"2023-11-15T06:40:56","guid":{"rendered":"https:\/\/www.itc.smm.lt\/?page_id=501"},"modified":"2023-11-15T12:26:30","modified_gmt":"2023-11-15T10:26:30","slug":"svietimo-mokslo-instituciju-registras","status":"publish","type":"page","link":"https:\/\/www.nsa.smsm.lt\/old\/registrai\/svietimo-mokslo-instituciju-registras\/","title":{"rendered":"\u0160vietimo ir mokslo institucij\u0173 registras"},"content":{"rendered":"<p>Registre kaupiami duomenys apie Registro objektus\u00a0 \u2013 \u00a0\u0161vietimo \u012fstaigas (auk\u0161tosios, bendrojo ugdymo, neformaliojo \u0161vietimo mokyklas, profesinio mokymo, \u0161vietimo pagalbos \u012fstaigas), laisvuosius mokytojus, kitus \u0161vietimo teik\u0117jus (\u012fstaig\u0105, \u012fmon\u0119, organizacij\u0105, taip pat valstyb\u0117s nar\u0117s juridin\u012f asmen\u012f ar kit\u0105 organizacij\u0105 ar j\u0173 padalinius, \u012fsteigtus Lietuvos Respublikos teritorijoje, kuriems \u0161vietimas n\u0117ra pagrindin\u0117 veikla) ir mokslini\u0173 tyrim\u0173 institutus, j\u0173 filialus, Lietuvos Respublikoje \u012fsteigtus u\u017esienio auk\u0161t\u0173j\u0173 mokykl\u0173 filialus, Lietuvos Respublikoje \u012fsteigtas u\u017esienio auk\u0161t\u0173j\u0173 mokykl\u0173 atstovybes.<\/p>\n<p>Registro\u00a0 paskirtis\u00a0 \u2013\u00a0 registruoti Registro objektus, rinkti, apdoroti, sisteminti, kaupti, saugoti ir teikti Registro duomenis fiziniams ir juridiniams asmenims, kurie Lietuvos Respublikos \u012fstatymuose ir (arba) kituose teis\u0117s aktuose nustatyta tvarka turi teis\u0119 gauti Registro duomenis, atlikti kitus Registro duomen\u0173 tvarkymo veiksmus.<\/p>\n<p>Registro\u00a0 duomenis\u00a0 \u012fra\u0161ymui\u00a0 \u012f\u00a0 Registr\u0105\u00a0 teikia Registro duomen\u0173\u00a0 teik\u0117jai\u00a0 \u2013 \u00a0\u0161vietimo \u012fstaigos (auk\u0161tosios, bendrojo ugdymo, neformaliojo \u0161vietimo mokyklos, profesinio mokymo, \u0161vietimo pagalbos \u012fstaigos), laisvieji mokytojai, kiti \u0161vietimo teik\u0117jai (\u012fstaiga, \u012fmon\u0117, organizacija, taip pat valstyb\u0117s nar\u0117s juridinis asmuo ar kita organizacija ar j\u0173 padaliniai, \u012fsteigti Lietuvos Respublikos teritorijoje, kuriems \u0161vietimas n\u0117ra pagrindin\u0117 veikla) ir mokslini\u0173 tyrim\u0173 institutai, j\u0173 filialai, Lietuvos Respublikoje \u012fsteigti u\u017esienio auk\u0161t\u0173j\u0173 mokykl\u0173 filialai, Lietuvos Respublikoje \u012fsteigtos u\u017esienio auk\u0161t\u0173j\u0173 mokykl\u0173 atstovyb\u0117s.<\/p>\n<p>Bendrojo ugdymo, neformaliojo \u0161vietimo mokyklos, \u0161vietimo pagalbos \u012fstaigos, laisvieji mokytojai, kiti \u0161vietimo teik\u0117jai siekiantys tapti Registro objektu, turi kreiptis \u012f atitinkamos savivaldyb\u0117s \u0161vietimo skyri\u0173.<\/p>\n<p><i>Auk\u0161tosios mokyklos, profesinio mokymo \u012fstaigos, mokslini\u0173 tyrim\u0173 institutai d\u0117l registracijos Registre turi kreiptis \u012f Registro <\/i><em> <a href=\"mailto:grazina.zemlo@nsa.smm.lt\">administrator\u0119<\/a>.<\/em><\/p>\n<p>Registro duomenys yra skelbiami Atviroje informavimo, konsultavimo, orientavimo sistemoje (AIKOS)\u00a0 <a href=\"http:\/\/www.aikos.smm.lt\/\">www.aikos.smm.lt<\/a><\/p>\n<p>&nbsp;<\/p>\n<h4><strong>Dokumentai<\/strong><\/h4>\n<hr \/>\n<p><i class=\"fa fa-file \" ><\/i> \u0160vietimo ir mokslo institucij\u0173 registro teisinius dokumentus rasite adresu <a href=\"https:\/\/www.krisin.smm.lt\/aikos2-krisin\/public\/\">https:\/\/www.krisin.smm.lt\/aikos2-krisin\/public\/<\/a><\/p>\n<p><i class=\"fa fa-file \" ><\/i> \u0160vietimo ir mokslo institucij\u0173 registro techninio darbo organizavimo tvarkos apra\u0161as <a href=\"https:\/\/www.nsa.smsm.lt\/old\/old\/wp-content\/uploads\/2016\/12\/SMIR-tvarkos-aprasas-2016.09-15-10.docx\" target=\"_blank\" rel=\"noopener noreferrer\"><i class=\"fa fa-chevron-circle-right \" ><\/i><\/a><\/p>\n<p><i class=\"fa fa-file \" ><\/i> \u0160vietimo ir mokslo institucij\u0173 registro tvarkytojo vadovas <span style=\"color: #888888;\"><a href=\"https:\/\/www.nsa.smsm.lt\/old\/old\/wp-content\/uploads\/2016\/12\/SMIR_tvarkytojo_vadovas-1.pdf\" target=\"_blank\" rel=\"noopener noreferrer\"><i class=\"fa fa-chevron-circle-right \" ><\/i><\/a><\/span><\/p>\n<p><i class=\"fa fa-file \" ><\/i> \u0160vietimo ir mokslo institucij\u0173 registro teik\u0117jo vadovas <span style=\"color: #888888;\"><a href=\"https:\/\/www.nsa.smsm.lt\/old\/old\/wp-content\/uploads\/2016\/12\/SMIR_teikejo_vadovas-1.pdf\" target=\"_blank\" rel=\"noopener noreferrer\"><i class=\"fa fa-chevron-circle-right \" ><\/i><\/a><\/span><\/p>\n<p><i class=\"fa fa-file \" ><\/i> <strong>Savivaldybi\u0173 \u0161vietimo sk. tvarkytoj\u0173 kontaktiniai duomenys nurodyti <\/strong>\u00a0<a href=\"https:\/\/www.smir.smm.lt\/aikos2-smir\/\">https:\/\/www.smir.smm.lt\/aikos2-smir\/<\/a> prisegtuke SAV tvarkytojai<\/p>\n<p><i class=\"fa fa-file \" ><\/i> Nevalstybini\u0173 mokslini\u0173 tyrim\u0173 institut\u0173 registravimo \u0160vietimo ir mokslo institucij\u0173 registre tvarkos apra\u0161as <span style=\"color: #888888;\"><a href=\"https:\/\/www.nsa.smsm.lt\/old\/old\/wp-content\/uploads\/2020\/06\/Atnaujintas-MTI-tvarkos-aprasas-2020-03-10-Nr.-V-342.docx\" target=\"_blank\" rel=\"noopener noreferrer\"><i class=\"fa fa-chevron-circle-right \" ><\/i><\/a><\/span><\/p>\n","protected":false},"excerpt":{"rendered":"<p>Registre kaupiami duomenys apie Registro objektus\u00a0 \u2013 \u00a0\u0161vietimo \u012fstaigas (auk\u0161tosios, bendrojo ugdymo, neformaliojo \u0161vietimo mokyklas, profesinio mokymo, \u0161vietimo pagalbos \u012fstaigas), laisvuosius mokytojus, kitus \u0161vietimo teik\u0117jus (\u012fstaig\u0105, \u012fmon\u0119, organizacij\u0105, taip pat valstyb\u0117s nar\u0117s juridin\u012f asmen\u012f ar kit\u0105 organizacij\u0105 ar j\u0173 padalinius,&nbsp;<a href=\"https:\/\/www.nsa.smsm.lt\/old\/registrai\/svietimo-mokslo-instituciju-registras\/\" class=\"placiau\">Pla\u010diau <i class=\"fa fa-caret-right\"><\/i><\/a><\/p>\n","protected":false},"author":1,"featured_media":0,"parent":32703,"menu_order":4,"comment_status":"closed","ping_status":"closed","template":"page-registrai.php","meta":{"_acf_changed":false,"footnotes":""},"class_list":["post-501","page","type-page","status-publish","hentry"],"acf":[],"_links":{"self":[{"href":"https:\/\/www.nsa.smsm.lt\/old\/wp-json\/wp\/v2\/pages\/501","targetHints":{"allow":["GET"]}}],"collection":[{"href":"https:\/\/www.nsa.smsm.lt\/old\/wp-json\/wp\/v2\/pages"}],"about":[{"href":"https:\/\/www.nsa.smsm.lt\/old\/wp-json\/wp\/v2\/types\/page"}],"author":[{"embeddable":true,"href":"https:\/\/www.nsa.smsm.lt\/old\/wp-json\/wp\/v2\/users\/1"}],"replies":[{"embeddable":true,"href":"https:\/\/www.nsa.smsm.lt\/old\/wp-json\/wp\/v2\/comments?post=501"}],"version-history":[{"count":1,"href":"https:\/\/www.nsa.smsm.lt\/old\/wp-json\/wp\/v2\/pages\/501\/revisions"}],"predecessor-version":[{"id":37297,"href":"https:\/\/www.nsa.smsm.lt\/old\/wp-json\/wp\/v2\/pages\/501\/revisions\/37297"}],"up":[{"embeddable":true,"href":"https:\/\/www.nsa.smsm.lt\/old\/wp-json\/wp\/v2\/pages\/32703"}],"wp:attachment":[{"href":"https:\/\/www.nsa.smsm.lt\/old\/wp-json\/wp\/v2\/media?parent=501"}],"curies":[{"name":"wp","href":"https:\/\/api.w.org\/{rel}","templated":true}]}}