{"id":43,"date":"2024-08-19T08:19:49","date_gmt":"2024-08-19T06:19:49","guid":{"rendered":"https:\/\/www.itc.smm.lt\/?page_id=43"},"modified":"2025-02-05T13:10:28","modified_gmt":"2025-02-05T11:10:28","slug":"nsa-nuostatai","status":"publish","type":"page","link":"https:\/\/www.nsa.smsm.lt\/old\/administracine-informacija\/nsa-nuostatai\/","title":{"rendered":"Nuostatai"},"content":{"rendered":"<p style=\"text-align: right;\">PATVIRTINTA<\/p>\n<p style=\"text-align: right;\">Lietuvos Respublikos \u0161vietimo, mokslo ir sporto ministro<br \/>\n2023 m. baland\u017eio 20 d. \u012fsakymu Nr. V-573<br \/>\n(Lietuvos Respublikos \u0161vietimo, mokslo ir sporto ministro<br \/>\n2024 m. rugpj\u016b\u010dio 14 d. \u012fsakymo Nr. V-873 redakcija)<\/p>\n<p>&nbsp;<\/p>\n<p style=\"text-align: center;\"><strong>NACIONALIN\u0117S \u0161VIETIMO AGENT\u016aROS NUOSTATAI<\/strong><\/p>\n<p style=\"text-align: center;\"><strong>I SKYRIUS<br \/>\n<\/strong><strong>BENDROSIOS NUOSTATOS<\/strong><\/p>\n<ol>\n<li>Nacionalin\u0117 \u0161vietimo agent\u016bra (toliau \u2013 Agent\u016bra) yra \u012fstaiga prie Lietuvos Respublikos \u0161vietimo, mokslo ir sporto ministerijos (toliau \u2013 Ministerija).<\/li>\n<li>Agent\u016bra yra biud\u017eetin\u0117 \u012fstaiga, juridinio asmens kodas 305238040, turinti s\u0105skait\u0105 banke ir antspaud\u0105 su savo pavadinimu. Agent\u016bros buvein\u0117 yra K. Kalinausko g. 7, LT-03107, Vilnius.<\/li>\n<li>Agent\u016bros finansavimo \u0161altiniai \u2013 Lietuvos Respublikos valstyb\u0117s biudz\u030ceto asignavimai ir kit\u0173 valstyb\u0117s pinig\u0173 fond\u0173 l\u0117\u0161os. Agent\u016bros veiklai finansuoti gali b\u016bti naudojamos ir kitos teis\u0117tais b\u016bdais \u012fgytos l\u0117\u0161os.<\/li>\n<li>Agent\u016bros savinink\u0117 yra valstyb\u0117. Agent\u016bros savininko teises ir pareigas \u012fgyvendina Ministerija, kuri vykdo Lietuvos Respublikos biudz\u030cetini\u0173 \u012fstaig\u0173 \u012fstatyme nustatytas funkcijas, i\u0161skyrus sutikimo d\u0117l Agent\u016bros reorganizavimo ir likvidavimo pri\u0117mim\u0105, taip pat koordinuoja ir kontroliuoja Agent\u016bros veikl\u0105.<\/li>\n<li>Agent\u016bros vie\u0161i prane\u0161imai skelbiami Agent\u016bros interneto svetain\u0117je (www.nsa.smm.lt), teis\u0117s akt\u0173, reglamentuojanc\u030ci\u0173 vie\u0161\u0173 prane\u0161im\u0173 skelbim\u0105, nustatytais atvejais \u2013 ir kitose visuomen\u0117s informavimo priemon\u0117se.<\/li>\n<li>Agent\u016bra veikia \u0161vietimo, mokslo ir sporto ministrui (toliau \u2013 Ministras) pavestoje \u0161vietimo valdymo srityje, \u012fgyvendindama \u0161vietimo politik\u0105 pagal nustatytus veiklos tikslus.<\/li>\n<li>Agent\u016bros nuostat\u0173 pakeitimus gali inicijuoti Agent\u016bros direktorius ar Ministras. Pakeistus nuostatus tvirtina Ministerija, juos pasira\u0161o Ministras arba Ministerijos \u012fgaliotas asmuo. Pakeitus Agent\u016bros nuostatus, kartu su teis\u0117s akt\u0173 nustatytais dokumentais Juridini\u0173 asmen\u0173 registrui pateikiami pakeisti Agent\u016bros nuostatai ir nurodomi j\u0173 pakeitimai. Pakeisti Agent\u016bros nuostatai \u012fsigalioja nuo j\u0173 \u012fregistravimo Juridini\u0173 asmen\u0173 registre dienos. U\u017e Agent\u016bros nuostat\u0173 pateikim\u0105 Juridini\u0173 asmen\u0173 registrui atsako Agent\u016bros direktorius.<\/li>\n<li>Nuostatuose vartojamos s\u0105vokos atitinka Lietuvos Respublikos \u0161vietimo \u012fstatyme vartojamas s\u0105vokas.<\/li>\n<\/ol>\n<p style=\"text-align: center;\"><strong>II SKYRIUS<\/strong><br \/>\n<strong>AGENT\u016aROS VEIKLOS TIKSLAI IR FUNKCIJOS<\/strong><\/p>\n<ol start=\"9\">\n<li>Agent\u016bros veiklos tikslai:<\/li>\n<\/ol>\n<p style=\"padding-left: 40px;\">9.1. sudaryti vienodas s\u0105lygas ikimokyklinio, prie\u0161mokyklinio ir bendrojo ugdymo prieinamumui ir geros kokyb\u0117s \u0161vietimui: ugdymo turiniui \u012fgyvendinti, \u012ftraukties principui laikytis; \u0161vietimo teik\u0117j\u0173 veiksmingam valdymui uz\u030ctikrinti;<br \/>\n9.2. vykdyti pedagogini\u0173 darbuotoj\u0173 (i\u0161skyrus auk\u0161t\u0173j\u0173 mokykl\u0173 darbuotojus) skai\u010diaus ir sud\u0117ties bei kvalifikacijos tobulinimo steb\u0117sen\u0105, skatinti \u0161vietimo \u012fstaig\u0173 (i\u0161skyrus auk\u0161t\u0105sias mokyklas) vadov\u0173 rezervo formavim\u0105 ir \u012fgyvendinti priemones laiku pedagogini\u0173 darbuotoj\u0173 (i\u0161skyrus auk\u0161t\u0173j\u0173 mokykl\u0173 darbuotojus) kaitai u\u017etikrinti;<br \/>\n9.3. vykdyti mokini\u0173 pasiekim\u0173 vertinim\u0105, analizuoti mokini\u0173 pasiekim\u0173 rezultatus, parinkti ir \u012fgyvendinti tinkamas priemones mokini\u0173 pasiekimams gerinti;<br \/>\n9.4. atlikti valstybine\u0328 \u0161vietimo teik\u0117j\u0173 (i\u0161skyrus auk\u0161t\u0105sias mokyklas) veiklos priez\u030ci\u016br\u0105, bendradarbiauti su savininko teises ir pareigas \u012fgyvendinanc\u030ciomis institucijomis (dalyvi\u0173 susirinkimais), teikiant pagalb\u0105 \u0161vietimo teik\u0117jams;<br \/>\n9.5. uz\u030ctikrinti valstybiniuose \u0161vietimo registruose ir informacin\u0117se sistemose tvarkom\u0173 duomen\u0173 teis\u0117tum\u0105, prieinamum\u0105 ir kokybe\u0328;<br \/>\n9.6. vykdyti valstyb\u0117s \u0161vietimo steb\u0117sen\u0105, teikti si\u016blymus pagal kompetencij\u0105 Ministerijai d\u0117l \u0161vietimo politikos formavimo.<\/p>\n<ol start=\"10\">\n<li>Agent\u016bra, siekdama Nuostat\u0173 9.1 papunktyje nurodyto veiklos tikslo, atlieka \u0161ias funkcijas:<\/li>\n<\/ol>\n<p style=\"padding-left: 40px;\">10.1. rengia ikimokyklinio ugdymo programos gaires, prie\u0161mokyklinio, pradinio, pagrindinio ir vidurinio ugdymo bendr\u0173j\u0173 program\u0173 projektus ir teikia juos Ministerijai bei rengia metodikas, rekomendacijas ir si\u016blymus ugdymo turiniui \u012fgyvendinti;<br \/>\n10.2. kuria ikimokyklinio, prie\u0161mokyklinio ir bendrojo ugdymo programas \u012fgyvendinanc\u030ci\u0173 mokykl\u0173 apr\u016bpinimo standart\u0173 projektus ir teikia juos Ministerijai, analizuoja mokykl\u0173 apr\u016bpinimo situacij\u0105 \u0161alyje, teikia si\u016blymus mokykloms, j\u0173 savininko teises ir pareigas \u012fgyvendinanc\u030cioms institucijoms (dalyvi\u0173 susirinkimams), Ministerijai d\u0117l \u0161vietimo apr\u016bpinimo gerinimo;<br \/>\n10.3. skelbia informacij\u0105 apie vadov\u0117lius ir kitas mokymo priemones Agent\u016bros tvarkomoje informacin\u0117je sistemoje, vykdo bendrojo ugdymo dalyk\u0173 vadov\u0117li\u0173 ir mokymo priemoni\u0173 kokyb\u0117s priez\u030ci\u016br\u0105\u201c teikia metodine\u0328 pagalb\u0105 su vadov\u0117li\u0173 ir (ar) mokymo priemoni\u0173 rengimu ir leidyba susijusiems fiziniams ar juridiniams asmenims;<br \/>\n10.4. konsultuoja \u0161vietimo teik\u0117jus ikimokyklinio ugdymo turinio rengimo, ikimokyklinio, prie\u0161mokyklinio ir bendrojo ugdymo turinio \u012fgyvendinimo klausimais;<br \/>\n10.5. kuria ir pl\u0117toja i\u0161skirtini\u0173 gabum\u0173 turinc\u030ci\u0173 vaik\u0173 atpaz\u030cinimo ir ugdymo sistem\u0105, konsultuoja \u0161vietimo teik\u0117jus d\u0117l \u0161ios sistemos diegimo;<br \/>\n10.6. bendradarbiauja su \u0161vietimo \u012fstaig\u0173 savininko teises ir pareigas \u012fgyvendinanc\u030ciomis institucijomis (dalyvi\u0173 susirinkimais) diegiant \u0161vietimo pl\u0117tros iniciatyvas, \u012fgyvendina ir pl\u0117toja ikimokyklinio, prie\u0161mokyklinio ir bendrojo ugdymo inovacijas, finansuoja \u0161vietimo teik\u0117jus joms \u012fgyvendinti;<br \/>\n10.7. vykdo prevencini\u0173 program\u0173 \u012fgyvendinimo mokyklose (i\u0161skyrus auk\u0161t\u0105sias mokyklas) steb\u0117sen\u0105, organizuoja ir vykdo prevencini\u0173 program\u0173 vertinim\u0105.<\/p>\n<ol start=\"11\">\n<li>Agent\u016bra, siekdama Nuostat\u0173 9.2 papunktyje nurodyto veiklos tikslo, atlieka \u0161ias funkcijas:<\/li>\n<\/ol>\n<p style=\"padding-left: 40px;\">11.1. analizuoja pedagogini\u0173 darbuotoj\u0173 (i\u0161skyrus auk\u0161t\u0173j\u0173 mokykl\u0173 darbuotojus) atitikt\u012f kvalifikacijos reikalavimams, vertina poreik\u012f kvalifikacij\u0105 \u012fgyti ir (ar) tobulinti, planuoja priemones ir teikia si\u016blymus Ministerijai d\u0117l pedagog\u0173 rengimo ir pedagogini\u0173 darbuotoj\u0173 (i\u0161skyrus auk\u0161t\u0173j\u0173 mokykl\u0173 darbuotojus) kvalifikacijos tobulinimo prioritet\u0173 nustatymo;<br \/>\n11.2. inicijuoja pedagogini\u0173 darbuotoj\u0173 (i\u0161skyrus auk\u0161t\u0173j\u0173 mokykl\u0173 darbuotojus) kvalifikacijos tobulinimo programas, sudaro galimybes pedagoginiams darbuotojams (i\u0161skyrus auk\u0161t\u0173j\u0173 mokykl\u0173 darbuotojus) tobulinti kvalifikacij\u0105 Lietuvos ir u\u017esienio \u0161ali\u0173 kvalifikacijos tobulinimo programose;<br \/>\n11.3. analizuoja valstybini\u0173 ir savivaldybi\u0173 \u0161vietimo \u012fstaig\u0173 vadov\u0173, j\u0173 pavaduotoj\u0173 ugdymui, ugdym\u0105 organizuojanc\u030ci\u0173 skyri\u0173 ved\u0117j\u0173, mokytoj\u0173 ir pagalbos mokiniui specialist\u0173 atlygio uz\u030c darb\u0105 sistem\u0105 ir karjeros model\u012f, jo vidin\u012f ir i\u0161orin\u012f konkurencingum\u0105, teikia si\u016blymus Ministerijai d\u0117l reikaling\u0173 sprendim\u0173 atlygio uz\u030c darb\u0105 ir karjeros srityje;<br \/>\n11.4. konsultuoja pretendentus \u012f valstybini\u0173 ir savivaldybi\u0173 \u0161vietimo \u012fstaig\u0173 (i\u0161skyrus auk\u0161t\u0105sias mokyklas) vadovus, organizuoja ir vykdo pretendent\u0173 \u012f valstybini\u0173 ir savivaldybi\u0173 \u0161vietimo \u012fstaig\u0173 (i\u0161skyrus auk\u0161t\u0105sias mokyklas) vadovus kompetencij\u0173 ar jam prilygint\u0105 vertinim\u0105, dalyvauja konkurs\u0173 \u012f valstybini\u0173 ir savivaldybi\u0173 \u0161vietimo \u012fstaig\u0173 (i\u0161skyrus auk\u0161t\u0105sias mokyklas) vadov\u0173 pareigas atrankos komisijose;<br \/>\n11.5. uz\u030ctikrina \u0161vietimo \u012fstaig\u0173 (i\u0161skyrus auk\u0161t\u0105sias mokyklas) vadov\u0173 rezervo funkcionavim\u0105, vykdo \u0161vietimo \u012fstaig\u0173 (i\u0161skyrus auk\u0161t\u0105sias mokyklas) vadov\u0173 metin\u0117s veiklos vertinimo steb\u0117sen\u0105.<\/p>\n<ol start=\"12\">\n<li>Agent\u016bra, siekdama Nuostat\u0173 9.3 papunktyje nurodyto veiklos tikslo, atlieka \u0161ias funkcijas:<\/li>\n<\/ol>\n<p style=\"padding-left: 40px;\">12.1. organizuoja brandos egzamin\u0173, pagrindinio ugdymo, nacionalini\u0173 ir kit\u0173 pasiekim\u0173 patikrinim\u0173 vykdym\u0105 ir vertinim\u0105, rengia su tuo susijusius teis\u0117s aktus ar j\u0173 projektus;<br \/>\n12.2. organizuoja brandos egzamin\u0173, pagrindinio ugdymo, nacionalini\u0173 ir kit\u0173 mokini\u0173 pasiekim\u0173 patikrinim\u0173 uz\u030cduoc\u030ci\u0173 k\u016brim\u0105, uz\u030ctikrina j\u0173 kokybe\u0328;<br \/>\n12.3. organizuoja uz\u030csieniec\u030ci\u0173, uz\u030csienio lietuvi\u0173 valstybin\u0117s kalbos, valstybin\u0117s kalbos mok\u0117jimo, lietuvi\u0173 kalbos mok\u0117jimo lygi\u0173 nustatymo, Lietuvos Respublikos Konstitucijos pagrind\u0173 egzaminus, organizuoja j\u0173 uz\u030cduoc\u030ci\u0173 k\u016brim\u0105, administruoja asmens bendr\u0173j\u0173 geb\u0117jim\u0173 ir (ar) \u012fgyt\u0173 profesini\u0173 kompetencij\u0173 vertinimus.<\/p>\n<ol start=\"13\">\n<li>Agent\u016bra, siekdama Nuostat\u0173 9.4 papunktyje nurodyto veiklos tikslo, atlieka \u0161ias funkcijas:<\/li>\n<\/ol>\n<p style=\"padding-left: 40px;\">13.1. analizuoja mokykl\u0173, vykdanc\u030ci\u0173 formaliojo \u0161vietimo programas, tinklo pertvarkos bendruosius planus, vertina j\u0173 \u012fgyvendinim\u0105, prognozuoja galimus mokykl\u0173 tinklo kaitos scenarijus bei teikia si\u016blymus savininko teises ir pareigas \u012fgyvendinanc\u030cioms institucijoms (dalyvi\u0173 susirinkimams) d\u0117l reikaling\u0173 mokykl\u0173, vykdanc\u030ci\u0173 formaliojo \u0161vietimo programas, tinklo pertvarkos sprendim\u0173 pri\u0117mimo;<br \/>\n13.2. teikia metodine\u0328 pagalb\u0105, konsultacijas, \u012fgyvendina kitas prevencines priemones, padedanc\u030cias \u0161vietimo teik\u0117jams laikytis \u0161vietimo politik\u0105 \u012fgyvendinanc\u030ci\u0173 teis\u0117s akt\u0173 reikalavim\u0173;<br \/>\n13.3. pagal kompetencij\u0105 atlieka \u0161vietimo teik\u0117j\u0173 (i\u0161skyrus auk\u0161t\u0105sias mokyklas) veiklos rizikos analize\u0328, teikia rekomendacijas \u0161vietimo teik\u0117jams ir j\u0173 savininko teises ir pareigas \u012fgyvendinanc\u030cioms institucijoms (dalyvi\u0173 susirinkimams);<br \/>\n13.4. vykdo \u0161vietimo teik\u0117j\u0173 planinius ir neplaninius patikrinimus j\u0173 veiklos kokybei \u012fvertinti;<br \/>\n13.5. taiko poveikio priemones, padedanc\u030cias \u0161vietimo teik\u0117jams efektyviai ir kokybi\u0161kai vykdyti veikl\u0105, \u012fstatym\u0173 ir j\u0173 pagrindu priimt\u0173 teis\u0117s akt\u0173 nustatyta tvarka;<br \/>\n13.6. kaupia ir analizuoja duomenis apie vaiko minimalios ir vidutin\u0117s priez\u030ci\u016bros vykdym\u0105, teikia metodine\u0328 konsultacine\u0328 pagalb\u0105 savivaldybi\u0173 administracij\u0173 vaiko gerov\u0117s komisijoms, vaiko minimalios ir vidutin\u0117s priez\u030ci\u016bros priemoni\u0173 vykdytojams;<br \/>\n13.7. vykdo mokykl\u0173, vykdanc\u030ci\u0173 bendrojo ugdymo, ikimokyklinio ir (ar) prie\u0161mokyklinio ugdymo programas, veiklos i\u0161orin\u012f vertinim\u0105;<br \/>\n13.8. vykdo vidurinio ugdymo program\u0173 akreditavim\u0105.<\/p>\n<ol start=\"14\">\n<li>Agent\u016bra, siekdama Nuostat\u0173 9.5 papunktyje nurodyto veiklos tikslo, atlieka \u0161ias funkcijas:<\/li>\n<\/ol>\n<p style=\"padding-left: 40px;\">14.1. administruoja ir pagal kompetencij\u0105 pl\u0117toja \u0161vietimo valstybines informacines sistemas ir registrus, uz\u030ctikrina sistemose ir registruose esanc\u030ci\u0173 duomen\u0173 prieinamum\u0105 bei kokybe\u0328;<br \/>\n14.2. uz\u030ctikrina, kad renkant duomenis b\u016bt\u0173 laikomasi 2016 m. balandz\u030cio 27 d. Europos Parlamento ir Tarybos reglamento (ES) 2016\/679 d\u0117l fizini\u0173 asmen\u0173 apsaugos tvarkant asmens duomenis ir d\u0117l laisvo toki\u0173 duomen\u0173 jud\u0117jimo ir kuriuo panaikinama Direktyva 95\/46\/EB (Bendrasis duomen\u0173 apsaugos reglamentas), Lietuvos Respublikos asmens duomen\u0173 teisin\u0117s apsaugos \u012fstatymo ir kit\u0173 teis\u0117s akt\u0173, reglamentuojanc\u030ci\u0173 asmens duomen\u0173 teisine\u0328 apsaug\u0105, reikalavim\u0173;<br \/>\n14.3. teikia b\u016btinus duomenis Ministerijai ar kitoms valstyb\u0117s institucijoms, gavusi duomen\u0173 teikimo uz\u030cklausas;<br \/>\n14.4. bendradarbiauja su mokslo ir studij\u0173 institucij\u0173 d\u0117stytojais, mokslo darbuotojais bei kitaistyr\u0117jais d\u0117l duomen\u0173 analiz\u0117s atliekamuose tyrimuose.<\/p>\n<ol start=\"15\">\n<li>Agent\u016bra, siekdama Nuostat\u0173 9.6 papunktyje nurodyto veiklos tikslo, atlieka \u0161ias funkcijas:<\/li>\n<\/ol>\n<p style=\"padding-left: 40px;\">15.1. pagal kompetencij\u0105 analizuoja ir vertina \u0161vietimo b\u016bkle\u0328, modeliuoja ir prognozuoja galim\u0105 inicijuojam\u0173 pokyc\u030ci\u0173 poveik\u012f;<br \/>\n15.2. kiekvienais metais iki rugpj\u016bc\u030cio 31 dienos parengia prane\u0161im\u0105 apie ikimokyklinio,\u00a0prie\u0161mokyklinio ir bendrojo ugdymo b\u016bkle\u0328 \u0161alyje ir regionuose bei teikia i\u0161vadas Ministerijai d\u0117l reikalingo ikimokyklinio, prie\u0161mokyklinio ir bendrojo ugdymo sistemos tobulinimo;<br \/>\n15.3. pagal kompetencij\u0105 atlieka nacionalinius ir tarptautinius tyrimus ir analizes bei teikia si\u016blymus Ministerijai d\u0117l \u0161vietimo kokyb\u0117s tobulinimo, paz\u030cangos priemoni\u0173 \u012fgyvendinimo \u0161alyje.<\/p>\n<ol start=\"16\">\n<li>Pagal kompetencij\u0105 siekdama tiksl\u0173 Agent\u016bra atlieka ir kitas funkcijas:<\/li>\n<\/ol>\n<p style=\"padding-left: 40px;\">16.1. teikia duomenimis pagr\u012fstus si\u016blymus Ministerijai d\u0117l valstybin\u0117s \u0161vietimo politikos formavimo ir rengiam\u0173 teis\u0117s akt\u0173 projekt\u0173;<br \/>\n16.2. inicijuoja, Ministerijai pavedus, administruoja ir (ar) \u012fgyvendina, ir (ar) finansuoja priemones, projektus, skirtus ikimokyklinio, prie\u0161mokyklinio ir bendrojo ugdymo politikos te\u0328stin\u0117s veiklos ir (ar) paz\u030cangos uz\u030cdaviniams \u012fgyvendinti, priima sprendimus d\u0117l finansavimo skyrimo \u0161ias priemones \u012fgyvendinantiems projektams;<br \/>\n16.3. bendradarbiauja su \u0161alies ir tarptautin\u0117mis organizacijomis, kartu rengia projektus, inicijuoja ir \u012fgyvendina priemones \u0161vietimo kokybei stiprinti;<br \/>\n16.4. nagrin\u0117ja asmen\u0173 skundus ir pra\u0161ymus Agent\u016bros kompetencijos klausimais;<br \/>\n16.5. organizuoja neformaliojo suaugusi\u0173j\u0173 \u0161vietimo renginius nacionaliniams interesams ir Agent\u016bros funkcij\u0173 vykdymo poreikiams tenkinti.<\/p>\n<ol start=\"17\">\n<li>\u012fgyvendindama nustatytus veiklos tikslus, Agent\u016bra taip pat atlieka kitas Lietuvos Respublikos \u012fstatymuose, Lietuvos Respublikos Vyriausyb\u0117s nutarimuose, Ministro \u012fsakymuose ir kituose su Agent\u016bros veikla susijusiuose teis\u0117s aktuose nustatytas funkcijas, \u012fskaitant dalyvavim\u0105 rengiant Lietuvos Respublikos \u012fstatym\u0173, Lietuvos Respublikos Vyriausyb\u0117s nutarim\u0173 ir kit\u0173 Lietuvos Respublikos, Europos S\u0105jungos bei tarptautini\u0173 teis\u0117s akt\u0173 projektus bei pastab\u0173 ir pasi\u016blym\u0173 d\u0117l kit\u0173 valstyb\u0117s institucij\u0173, \u012fstaig\u0173, organizacij\u0173 rengiam\u0173 teis\u0117s akt\u0173 projekt\u0173 teikim\u0105.<\/li>\n<\/ol>\n<p style=\"text-align: center;\"><strong>III SKYRIUS<br \/>\nAGENT\u016aROS TEIS\u0117S<\/strong><\/p>\n<ol start=\"18\">\n<li>Agent\u016bra, siekdama jai nustatyt\u0173 veiklos tiksl\u0173 ir atlikdama jos kompetencijai priskirtas funkcijas, turi teise\u0328:<\/li>\n<\/ol>\n<p style=\"padding-left: 40px;\">18.1. \u012fgyvendindama Nuostat\u0173 13.4, 13.7 ir 13.8 papunkc\u030ciuose nurodytas funkcijas, vykdyti ugdymo proceso ir pedagogini\u0173 darbuotoj\u0173 darbo ugdymo \u012fstaigose steb\u0117jimus, \u012fskaitant, bet neapsiribojant, ugdymo veikl\u0173 ir \u0161vietimo \u012fstaigos veiklos steb\u0117jim\u0105;<br \/>\n18.2. gauti i\u0161 valstyb\u0117s ir savivaldyb\u0117s institucij\u0173 bei \u012fstaig\u0173 ir organizacij\u0173, valstyb\u0117s registr\u0173, kit\u0173 asmen\u0173, kuri\u0173 veikla susijusi su valstyb\u0117s reguliuojama \u0161vietimo sritimi, informacij\u0105, b\u016btin\u0105 nustatytoms funkcijoms atlikti;<br \/>\n18.3. sudaryti komisijas, darbo grupes, pasitelkti ekspertus teis\u0117s akt\u0173 projektams ir (ar) \u0161vietimo projektams rengti ir klausimams pagal Agent\u016bros kompetencij\u0105 nagrin\u0117ti;<br \/>\n18.4. pagal kompetencij\u0105 sudaryti sutartis ir susitarimus su Lietuvos Respublikos ir (ar) uz\u030csienio valstybi\u0173 juridiniais ir fiziniais asmenimis;<br \/>\n18.5. gali tur\u0117ti ir kit\u0173 teisi\u0173, kurias jai suteikia \u012fstatymai ir kiti teis\u0117s aktai.<\/p>\n<p style=\"text-align: center;\"><strong>IV SKYRIUS<\/strong><br \/>\n<strong>AGENT\u016aROS VEIKLOS ORGANIZAVIMAS<\/strong><\/p>\n<ol start=\"19\">\n<li>Agent\u016bra rengia strategin\u012f plan\u0105, jos veikla organizuojama vadovaujantis Ministro tvirtinamu Ministrui pavest\u0173 valdymo sric\u030ci\u0173 strateginiu veiklos planu, papildant Agent\u016bros strateginiame plane numatytais darbais ir Agent\u016bros metiniu veiklos planu. Agent\u016bros strategin\u012f plan\u0105 ir metin\u012f veiklos plan\u0105 tvirtina Agent\u016bros direktorius.<\/li>\n<li>Agent\u016bros organizacin\u0119 strukt\u016br\u0105 ir pareigybi\u0173 (valstyb\u0117s tarnautoj\u0173 ir darbuotoj\u0173, dirban\u010di\u0173 pagal darbo sutartis) s\u0105ra\u0161\u0105 nustato Agent\u016bros direktorius.<\/li>\n<li>Agent\u016bros vienasmenis valdymo organas yra Agent\u016bros direktorius.<\/li>\n<li>Agent\u016bros direktori\u0173 5 met\u0173 kadencijai Lietuvos Respublikos valstyb\u0117s tarnybos \u012fstatymo nustatyta tvarka priima \u012f pareigas ir atleidz\u030cia i\u0161 j\u0173 Ministras. Agent\u016bros direktorius gali b\u016bti skiriamas eiti Agent\u016bros direktoriaus pareigas ne daugiau kaip dvi kadencijas i\u0161 eil\u0117s. Agent\u016bros direktorius yra tiesiogiai pavaldus ir atskaitingas Ministrui. Agent\u016bros direktoriaus laikinai nesant, jo funkcijas, numatytas Nuostat\u0173 23 punkte, atlieka kitas Ministro \u012fsakymu paskirtas Agent\u016bros valstyb\u0117s tarnautojas.<\/li>\n<li>Agent\u016bros direktorius:<\/li>\n<\/ol>\n<p style=\"padding-left: 40px;\">23.1. organizuoja, koordinuoja ir kontroliuoja Agent\u016bros darb\u0105, kad b\u016bt\u0173 \u012fgyvendinami Agent\u016bros tikslai ir atliekamos nustatytos funkcijos. Agent\u016bros direktorius asmeni\u0161kai atsako uz\u030c tinkam\u0105 Agent\u016bros nustatyt\u0173 tiksl\u0173 \u012fgyvendinim\u0105 ir funkcij\u0173 atlikim\u0105;<br \/>\n23.2. rengia ir teikia Ministrui tvirtinti Agent\u016bros strategin\u012f ir metin\u012f veiklos planus;<br \/>\n23.3. teikia Ministrui Agent\u016bros veiklos, Lietuvos Respublikos Vyriausyb\u0117s programos, kit\u0173 program\u0173 Agent\u016bros kompetencijai priklausanc\u030ciais klausimais ir j\u0173 \u012fgyvendinimo priemoni\u0173 vykdymo ataskaitas, Ministro reikalavimu atsiskaito uz\u030c savo veikl\u0105;<br \/>\n23.4. Agent\u016bros vardu sudaro sandorius arba \u012fgalioja tai atlikti kit\u0105 Agent\u016bros valstyb\u0117s tarnautoj\u0105 arba darbuotoj\u0105, dirbant\u012f pagal darbo sutart\u012f;<br \/>\n23.5. veikia Agent\u016bros vardu, atstovauja jai Europos S\u0105jungos, valstyb\u0117s ir savivaldybi\u0173 institucijose ir \u012fstaigose, santykiuose su kitais asmenimis arba suteikia atitinkamus \u012fgaliojimus kitiems Agent\u016bros valstyb\u0117s tarnautojams ir darbuotojams, dirbantiems pagal darbo sutartis;<br \/>\n23.6. Valstyb\u0117s tarnybos \u012fstatymo, Lietuvos Respublikos darbo kodekso ir kit\u0173 teis\u0117s akt\u0173 nustatyta tvarka priima \u012f pareigas ir atleidz\u030cia i\u0161 j\u0173 Agent\u016bros valstyb\u0117s tarnautojus ir darbuotojus, dirbanc\u030cius pagal darbo sutartis ir gaunanc\u030cius darbo uz\u030cmokest\u012f i\u0161 valstyb\u0117s biudz\u030ceto ir valstyb\u0117s pinig\u0173 fond\u0173, atlieka kitas su Agent\u016bros z\u030cmogi\u0161k\u0173j\u0173 i\u0161tekli\u0173 valdymu susijusias funkcijas;<br \/>\n23.7. tvirtina Agent\u016bros padalini\u0173 nuostatus, Agent\u016bros valstyb\u0117s tarnautoj\u0173 ir darbuotoj\u0173 pareigybi\u0173 s\u0105ra\u0161\u0105, nevir\u0161ydamas darbo uz\u030cmokesc\u030ciui nustatyt\u0173 l\u0117\u0161\u0173 ir Agent\u016brai patvirtinto didz\u030ciausio leistino valstyb\u0117s tarnautoj\u0173 ir darbuotoj\u0173 pareigybi\u0173 skaic\u030ciaus, Agent\u016bros valstyb\u0117s tarnautoj\u0173 ir darbuotoj\u0173 pareigybi\u0173 apra\u0161ymus, Agent\u016bros valstyb\u0117s tarnautoj\u0173 ir darbuotoj\u0173 kvalifikacijos tobulinimo plan\u0105 ir kitus vidaus administravimo teis\u0117s aktus;<br \/>\n23.8. atstovauja Agent\u016brai teismuose, kitose Lietuvos Respublikos ir uz\u030csienio institucijose ir \u012fstaigose;<br \/>\n23.9. leidz\u030cia \u012fsakymus, kontroliuoja j\u0173 \u012fgyvendinim\u0105;<br \/>\n23.10. racionaliai ir taupiai naudoja Agent\u016bros l\u0117\u0161as bei turt\u0105, kuria veiksming\u0105 vidaus kontrol\u0117s sistem\u0105, atsako uz\u030c jos skland\u0173 veikim\u0105 ir tobulinim\u0105 laiku;<br \/>\n23.11. teikia visuomenei informacij\u0105 apie Agent\u016bros veikl\u0105;<br \/>\n23.12. diegia Agent\u016bros kokyb\u0117s vadybos sistemas ir \u012fgyvendina priemones d\u0117l j\u0173 tobulinimo;<br \/>\n23.13. kontroliuoja, ar pasiekti Agent\u016bros metiniame ir strateginiame veiklos planuose nustatyti\u00a0veiklos rodikliai;<br \/>\n23.14. atlieka kitas \u012fstatym\u0173 ir kit\u0173 teis\u0117s akt\u0173 nustatytas funkcijas.<\/p>\n<ol start=\"24\">\n<li>Agent\u016bros vidaus audit\u0105 atlieka Ministerijos Centralizuota vidaus audito tarnyba.<\/li>\n<\/ol>\n<p style=\"text-align: center;\"><strong>V SKYRIUS<br \/>\nBAIGIAMOSIOS NUOSTATOS<\/strong><\/p>\n<ol start=\"25\">\n<li>Agent\u016bra gali b\u016bti reorganizuojama, pertvarkoma ir likviduojama Lietuvos Respublikos civilinio kodekso, Biudz\u030cetini\u0173 \u012fstaig\u0173 \u012fstatymo nustatyta tvarka.<\/li>\n<\/ol>\n","protected":false},"excerpt":{"rendered":"<p>PATVIRTINTA Lietuvos Respublikos \u0161vietimo, mokslo ir sporto ministro 2023 m. baland\u017eio 20 d. \u012fsakymu Nr. V-573 (Lietuvos Respublikos \u0161vietimo, mokslo ir sporto ministro 2024 m. rugpj\u016b\u010dio 14 d. \u012fsakymo Nr. V-873 redakcija) &nbsp; NACIONALIN\u0117S \u0161VIETIMO AGENT\u016aROS NUOSTATAI I SKYRIUS BENDROSIOS&nbsp;<a href=\"https:\/\/www.nsa.smsm.lt\/old\/administracine-informacija\/nsa-nuostatai\/\" class=\"placiau\">Pla\u010diau <i class=\"fa fa-caret-right\"><\/i><\/a><\/p>\n","protected":false},"author":1,"featured_media":0,"parent":8756,"menu_order":0,"comment_status":"closed","ping_status":"closed","template":"","meta":{"_acf_changed":false,"footnotes":""},"class_list":["post-43","page","type-page","status-publish","hentry"],"acf":[],"_links":{"self":[{"href":"https:\/\/www.nsa.smsm.lt\/old\/wp-json\/wp\/v2\/pages\/43","targetHints":{"allow":["GET"]}}],"collection":[{"href":"https:\/\/www.nsa.smsm.lt\/old\/wp-json\/wp\/v2\/pages"}],"about":[{"href":"https:\/\/www.nsa.smsm.lt\/old\/wp-json\/wp\/v2\/types\/page"}],"author":[{"embeddable":true,"href":"https:\/\/www.nsa.smsm.lt\/old\/wp-json\/wp\/v2\/users\/1"}],"replies":[{"embeddable":true,"href":"https:\/\/www.nsa.smsm.lt\/old\/wp-json\/wp\/v2\/comments?post=43"}],"version-history":[{"count":10,"href":"https:\/\/www.nsa.smsm.lt\/old\/wp-json\/wp\/v2\/pages\/43\/revisions"}],"predecessor-version":[{"id":42319,"href":"https:\/\/www.nsa.smsm.lt\/old\/wp-json\/wp\/v2\/pages\/43\/revisions\/42319"}],"up":[{"embeddable":true,"href":"https:\/\/www.nsa.smsm.lt\/old\/wp-json\/wp\/v2\/pages\/8756"}],"wp:attachment":[{"href":"https:\/\/www.nsa.smsm.lt\/old\/wp-json\/wp\/v2\/media?parent=43"}],"curies":[{"name":"wp","href":"https:\/\/api.w.org\/{rel}","templated":true}]}}