{"id":40433,"date":"2025-05-30T06:52:59","date_gmt":"2025-05-30T04:52:59","guid":{"rendered":"https:\/\/www.nsa.smsm.lt\/old\/?page_id=40433"},"modified":"2025-05-30T09:14:12","modified_gmt":"2025-05-30T07:14:12","slug":"uzduociu-aprasai","status":"publish","type":"page","link":"https:\/\/www.nsa.smsm.lt\/old\/egzaminai-ir-pasiekimu-patikrinimai\/brandos-egzaminai\/uzduociu-aprasai\/","title":{"rendered":"VBE U\u017eduo\u010di\u0173 apra\u0161ai"},"content":{"rendered":"<p><strong><a href=\"https:\/\/www.nsa.smsm.lt\/old\/old\/wp-content\/uploads\/2025\/05\/VBE_aprasas_Kalbos_05-30.pdf\" target=\"_blank\" rel=\"noopener\">Kalb\u0173 valstybini\u0173 brandos egzamin\u0173 u\u017eduo\u010di\u0173 apra\u0161as<\/a><\/strong><\/p>\n<p><a href=\"https:\/\/www.nsa.smsm.lt\/old\/old\/wp-content\/uploads\/2025\/05\/VBE_STEM_aprasas_05-14.pdf\" target=\"_blank\" rel=\"noopener\"><strong>Matematikos, gamtos moksl\u0173, informatikos ir in\u017einerini\u0173 technologij\u0173 dalyk\u0173 valstybini\u0173 brandos egzamin\u0173 u\u017eduo\u010di\u0173 apra\u0161as<\/strong><\/a><\/p>\n<p><a href=\"https:\/\/www.nsa.smsm.lt\/old\/old\/wp-content\/uploads\/2025\/05\/VBE_visuomeniniai_05-14.pdf\" target=\"_blank\" rel=\"noopener\"><strong>Visuomeninio ugdymo dalyk\u0173 valstybini\u0173 brandos egzamin\u0173 u\u017eduo\u010di\u0173 apra\u0161as<\/strong><\/a><\/p>\n","protected":false},"excerpt":{"rendered":"<p>Kalb\u0173 valstybini\u0173 brandos egzamin\u0173 u\u017eduo\u010di\u0173 apra\u0161as Matematikos, gamtos moksl\u0173, informatikos ir in\u017einerini\u0173 technologij\u0173 dalyk\u0173 valstybini\u0173 brandos egzamin\u0173 u\u017eduo\u010di\u0173 apra\u0161as Visuomeninio ugdymo dalyk\u0173 valstybini\u0173 brandos egzamin\u0173 u\u017eduo\u010di\u0173 apra\u0161as<\/p>\n","protected":false},"author":1,"featured_media":0,"parent":16864,"menu_order":0,"comment_status":"closed","ping_status":"closed","template":"page-egzaminai.php","meta":{"_acf_changed":false,"footnotes":""},"class_list":["post-40433","page","type-page","status-publish","hentry"],"acf":[],"_links":{"self":[{"href":"https:\/\/www.nsa.smsm.lt\/old\/wp-json\/wp\/v2\/pages\/40433","targetHints":{"allow":["GET"]}}],"collection":[{"href":"https:\/\/www.nsa.smsm.lt\/old\/wp-json\/wp\/v2\/pages"}],"about":[{"href":"https:\/\/www.nsa.smsm.lt\/old\/wp-json\/wp\/v2\/types\/page"}],"author":[{"embeddable":true,"href":"https:\/\/www.nsa.smsm.lt\/old\/wp-json\/wp\/v2\/users\/1"}],"replies":[{"embeddable":true,"href":"https:\/\/www.nsa.smsm.lt\/old\/wp-json\/wp\/v2\/comments?post=40433"}],"version-history":[{"count":14,"href":"https:\/\/www.nsa.smsm.lt\/old\/wp-json\/wp\/v2\/pages\/40433\/revisions"}],"predecessor-version":[{"id":43184,"href":"https:\/\/www.nsa.smsm.lt\/old\/wp-json\/wp\/v2\/pages\/40433\/revisions\/43184"}],"up":[{"embeddable":true,"href":"https:\/\/www.nsa.smsm.lt\/old\/wp-json\/wp\/v2\/pages\/16864"}],"wp:attachment":[{"href":"https:\/\/www.nsa.smsm.lt\/old\/wp-json\/wp\/v2\/media?parent=40433"}],"curies":[{"name":"wp","href":"https:\/\/api.w.org\/{rel}","templated":true}]}}