{"id":40329,"date":"2024-08-26T13:53:01","date_gmt":"2024-08-26T11:53:01","guid":{"rendered":"https:\/\/www.nsa.smsm.lt\/old\/?page_id=40329"},"modified":"2024-08-29T07:54:59","modified_gmt":"2024-08-29T05:54:59","slug":"naujiems-mokslo-metams","status":"publish","type":"page","link":"https:\/\/www.nsa.smsm.lt\/old\/naujiems-mokslo-metams\/","title":{"rendered":"Naujiems mokslo metams"},"content":{"rendered":"<p><a href=\"https:\/\/www.nsa.smsm.lt\/old\/old\/wp-content\/uploads\/2024\/08\/2024-2025-Informacija-biologijos-dalyko-mokytojams-1.pdf\">2024-2025 Informacija biologijos dalyko mokytojams.<\/a><\/p>\n<p><a href=\"https:\/\/www.nsa.smsm.lt\/old\/old\/wp-content\/uploads\/2024\/08\/2024-2025-Informacija-chemijos-dalyko-mokytojams-1.pdf\">2024-2025 Informacija chemijos dalyko mokytojams.<\/a><\/p>\n<p><a href=\"https:\/\/www.nsa.smsm.lt\/old\/old\/wp-content\/uploads\/2024\/08\/2024-2025-Informacija-ekonomikos-ir-verslumo-dalyko-mokytojams-1.pdf\">2024-2025 Informacija ekonomikos ir verslumo dalyko mokytojams.<\/a><\/p>\n<p><a href=\"https:\/\/www.nsa.smsm.lt\/old\/old\/wp-content\/uploads\/2024\/08\/2024-2025-Informacija-filosofijos-dalyko-mokytojams-1.pdf\">2024-2025 Informacija filosofijos dalyko mokytojams.<\/a><\/p>\n<p><a href=\"https:\/\/www.nsa.smsm.lt\/old\/old\/wp-content\/uploads\/2024\/08\/2024-2025-Informacija-fizikos-dalyko-mokytojams-2.pdf\">2024-2025 Informacija fizikos dalyko mokytojams<\/a>.<\/p>\n<p><a href=\"https:\/\/www.nsa.smsm.lt\/old\/old\/wp-content\/uploads\/2024\/08\/2024-2025-Informacija-geografijos-dalyko-mokytojams-1.pdf\">2024-2025 Informacija geografijos dalyko mokytojams.<\/a><\/p>\n<p><a href=\"https:\/\/www.nsa.smsm.lt\/old\/old\/wp-content\/uploads\/2024\/08\/2024-2025-Informacija-informatikos-dalyko-mokytojams-1.pdf\">2024-2025 Informacija informatikos dalyko mokytojams.<\/a><\/p>\n<p><a href=\"https:\/\/www.nsa.smsm.lt\/old\/old\/wp-content\/uploads\/2024\/08\/2024-2025-Informacija-inzineriniu-technologiju-dalyko-mokytojams-1.pdf\">2024-2025 Informacija in\u017einerini\u0173 technologij\u0173 dalyko mokytojams.<\/a><\/p>\n<p><a href=\"https:\/\/www.nsa.smsm.lt\/old\/old\/wp-content\/uploads\/2024\/08\/2024-2025-Informacija-istorijos-dalyko-mokytojams-1.pdf\">2024-2025 Informacija istorijos dalyko mokytojams.<\/a><\/p>\n<p><a href=\"https:\/\/www.nsa.smsm.lt\/old\/old\/wp-content\/uploads\/2024\/08\/2024-2025-Informacija-lietuviu-kalbos-ir-literaturos-dalyko-mokytojams-1.pdf\">2024-2025 Informacija lietuvi\u0173 kalbos ir literat\u016bros dalyko mokytojams.<\/a><\/p>\n<p><a href=\"https:\/\/www.nsa.smsm.lt\/old\/old\/wp-content\/uploads\/2024\/08\/2024-2025-Informacija-matematikos-dalyko-mokytojams-1.pdf\">2024-2025 Informacija matematikos dalyko mokytojams.<\/a><!--\n<a href=\"https:\/\/www.nsa.smsm.lt\/old\/old\/wp-content\/uploads\/2024\/08\/2024-2025-Informacija-biologijos-dalyko-mokytojams.pdf\"><span data-mce-type=\"bookmark\" style=\"display: inline-block; width: 0px; overflow: hidden; line-height: 0;\" class=\"mce_SELRES_start\"><\/span>2024-2025 Informacija biologijos dalyko mokytojams.<\/a>\n\n<a href=\"https:\/\/www.nsa.smsm.lt\/old\/old\/wp-content\/uploads\/2024\/08\/2024-2025-Informacija-chemijos-dalyko-mokytojams.pdf\">2024-2025 Informacija chemijos dalyko mokytojams.<\/a>\n\n<a href=\"https:\/\/www.nsa.smsm.lt\/old\/old\/wp-content\/uploads\/2024\/08\/2024-2025-Informacija-ekonomikos-ir-verslumo-dalyko-mokytojams.pdf\">2024-2025 Informacija ekonomikos ir verslumo dalyko mokytojams.<\/a>\n\n<a href=\"https:\/\/www.nsa.smsm.lt\/old\/old\/wp-content\/uploads\/2024\/08\/2024-2025-Informacija-filosofijos-dalyko-mokytojams.pdf\">2024-2025 Informacija filosofijos dalyko mokytojams.<\/a>\n\n<a href=\"https:\/\/www.nsa.smsm.lt\/old\/old\/wp-content\/uploads\/2024\/08\/2024-2025-Informacija-fizikos-dalyko-mokytojams.pdf\">2024-2025 Informacija fizikos dalyko mokytojams.<\/a>\n\n<a href=\"https:\/\/www.nsa.smsm.lt\/old\/old\/wp-content\/uploads\/2024\/08\/2024-2025-Informacija-geografijos-dalyko-mokytojams.pdf\">2024-2025 Informacija geografijos dalyko mokytojams.<\/a>\n\n<a href=\"https:\/\/www.nsa.smsm.lt\/old\/old\/wp-content\/uploads\/2024\/08\/2024-2025-Informacija-informatikos-dalyko-mokytojams.pdf\">2024-2025 Informacija informatikos dalyko mokytojams.<\/a>\n\n<a href=\"https:\/\/www.nsa.smsm.lt\/old\/old\/wp-content\/uploads\/2024\/08\/2024-2025-Informacija-inzineriniu-technologiju-dalyko-mokytojams.pdf\">2024-2025 Informacija in\u017einerini\u0173 technologij\u0173 dalyko mokytojams.<\/a>\n\n<a href=\"https:\/\/www.nsa.smsm.lt\/old\/old\/wp-content\/uploads\/2024\/08\/2024-2025-Informacija-istorijos-dalyko-mokytojams.pdf\">2024-2025 Informacija istorijos dalyko mokytojams.<\/a>\n\n<a href=\"https:\/\/www.nsa.smsm.lt\/old\/old\/wp-content\/uploads\/2024\/08\/2024-2025-Informacija-lietuviu-kalbos-ir-literaturos-dalyko-mokytojams.pdf\">2024-2025 Informacija lietuvi\u0173 kalbos ir literat\u016bros dalyko mokytojams.<\/a>\n\n<a href=\"https:\/\/www.nsa.smsm.lt\/old\/old\/wp-content\/uploads\/2024\/08\/2024-2025-Informacija-matematikos-dalyko-mokytojams.pdf\">2024-2025 Informacija matematikos dalyko mokytojams.<\/a>\n--><\/p>\n","protected":false},"excerpt":{"rendered":"<p>2024-2025 Informacija biologijos dalyko mokytojams. 2024-2025 Informacija chemijos dalyko mokytojams. 2024-2025 Informacija ekonomikos ir verslumo dalyko mokytojams. 2024-2025 Informacija filosofijos dalyko mokytojams. 2024-2025 Informacija fizikos dalyko mokytojams. 2024-2025 Informacija geografijos dalyko mokytojams. 2024-2025 Informacija informatikos dalyko mokytojams. 2024-2025 Informacija in\u017einerini\u0173&nbsp;<a href=\"https:\/\/www.nsa.smsm.lt\/old\/naujiems-mokslo-metams\/\" class=\"placiau\">Pla\u010diau <i class=\"fa fa-caret-right\"><\/i><\/a><\/p>\n","protected":false},"author":5,"featured_media":40330,"parent":0,"menu_order":0,"comment_status":"closed","ping_status":"closed","template":"","meta":{"_acf_changed":false,"footnotes":""},"class_list":["post-40329","page","type-page","status-publish","has-post-thumbnail","hentry"],"acf":[],"_links":{"self":[{"href":"https:\/\/www.nsa.smsm.lt\/old\/wp-json\/wp\/v2\/pages\/40329","targetHints":{"allow":["GET"]}}],"collection":[{"href":"https:\/\/www.nsa.smsm.lt\/old\/wp-json\/wp\/v2\/pages"}],"about":[{"href":"https:\/\/www.nsa.smsm.lt\/old\/wp-json\/wp\/v2\/types\/page"}],"author":[{"embeddable":true,"href":"https:\/\/www.nsa.smsm.lt\/old\/wp-json\/wp\/v2\/users\/5"}],"replies":[{"embeddable":true,"href":"https:\/\/www.nsa.smsm.lt\/old\/wp-json\/wp\/v2\/comments?post=40329"}],"version-history":[{"count":7,"href":"https:\/\/www.nsa.smsm.lt\/old\/wp-json\/wp\/v2\/pages\/40329\/revisions"}],"predecessor-version":[{"id":40439,"href":"https:\/\/www.nsa.smsm.lt\/old\/wp-json\/wp\/v2\/pages\/40329\/revisions\/40439"}],"wp:featuredmedia":[{"embeddable":true,"href":"https:\/\/www.nsa.smsm.lt\/old\/wp-json\/wp\/v2\/media\/40330"}],"wp:attachment":[{"href":"https:\/\/www.nsa.smsm.lt\/old\/wp-json\/wp\/v2\/media?parent=40329"}],"curies":[{"name":"wp","href":"https:\/\/api.w.org\/{rel}","templated":true}]}}