{"id":38933,"date":"2024-04-13T09:34:49","date_gmt":"2024-04-13T07:34:49","guid":{"rendered":"https:\/\/www.nsa.smsm.lt\/old\/?page_id=38933"},"modified":"2024-12-18T16:58:27","modified_gmt":"2024-12-18T14:58:27","slug":"kiti-leidiniai","status":"publish","type":"page","link":"https:\/\/www.nsa.smsm.lt\/old\/svietimo-stebesena\/tyrimai\/tarptautiniai-tyrimai\/kiti-leidiniai\/","title":{"rendered":"Kiti leidiniai"},"content":{"rendered":"<p><i class=\"fa fa-file-pdf \" ><\/i> <a href=\"https:\/\/www.nsa.smsm.lt\/old\/old\/wp-content\/uploads\/2024\/04\/Putting-PIRLS-to-Use-in-Classrooms1_LTU_2024.pdf\">Metodinis leidinys: PIRLS tyrimo panaudojimas klas\u0117se visame pasaulyje. \u012erodymais pagr\u012fstas teksto suvokimo mokymas daugiakalbiame pasaulyje<\/a><\/p>\n<p>IEA Research for Educators 1.\u2002<b>Putting PIRLS to Use in Classrooms Across the Globe<br \/>\n<\/b>Evidence-Based Contributions for Teaching Reading Comprehension in a Multilingual Context<br \/>\nAuthors:<b>\u00a0Marian Bruggink, Nicole Swart, Annelies van der Lee, and Eliane Segers<br \/>\n<\/b>Publisher:<b>\u00a0Springer (2022)<br \/>\n<\/b><a id=\"OWA9f2739f4-257c-1e64-dc02-081794ed1bb7\" class=\"OWAAutoLink\" href=\"https:\/\/www.iea.nl\/publications\/teachers-resources\/putting-pirls-use-classrooms-across-globe\">Putting PIRLS to Use in Classrooms Across the Globe Volume One | IEA.nl<\/a><\/p>\n<div><a href=\"https:\/\/www.nsa.smsm.lt\/old\/old\/wp-content\/uploads\/2024\/12\/PIRLS-Metodinio-leidinio-pristatymas-2024.pdf\">IEA PIRLS tyrimo metodinio leidinio pristatymas (dr. R. Skripkien\u0117) (pdf)<\/a><\/div>\n","protected":false},"excerpt":{"rendered":"<p>Metodinis leidinys: PIRLS tyrimo panaudojimas klas\u0117se visame pasaulyje. \u012erodymais pagr\u012fstas teksto suvokimo mokymas daugiakalbiame pasaulyje IEA Research for Educators 1.\u2002Putting PIRLS to Use in Classrooms Across the Globe Evidence-Based Contributions for Teaching Reading Comprehension in a Multilingual Context Authors:\u00a0Marian Bruggink,&nbsp;<a href=\"https:\/\/www.nsa.smsm.lt\/old\/svietimo-stebesena\/tyrimai\/tarptautiniai-tyrimai\/kiti-leidiniai\/\" class=\"placiau\">Pla\u010diau <i class=\"fa fa-caret-right\"><\/i><\/a><\/p>\n","protected":false},"author":1,"featured_media":0,"parent":24336,"menu_order":0,"comment_status":"closed","ping_status":"closed","template":"page-ttyrimai.php","meta":{"_acf_changed":false,"footnotes":""},"class_list":["post-38933","page","type-page","status-publish","hentry"],"acf":[],"_links":{"self":[{"href":"https:\/\/www.nsa.smsm.lt\/old\/wp-json\/wp\/v2\/pages\/38933","targetHints":{"allow":["GET"]}}],"collection":[{"href":"https:\/\/www.nsa.smsm.lt\/old\/wp-json\/wp\/v2\/pages"}],"about":[{"href":"https:\/\/www.nsa.smsm.lt\/old\/wp-json\/wp\/v2\/types\/page"}],"author":[{"embeddable":true,"href":"https:\/\/www.nsa.smsm.lt\/old\/wp-json\/wp\/v2\/users\/1"}],"replies":[{"embeddable":true,"href":"https:\/\/www.nsa.smsm.lt\/old\/wp-json\/wp\/v2\/comments?post=38933"}],"version-history":[{"count":3,"href":"https:\/\/www.nsa.smsm.lt\/old\/wp-json\/wp\/v2\/pages\/38933\/revisions"}],"predecessor-version":[{"id":41993,"href":"https:\/\/www.nsa.smsm.lt\/old\/wp-json\/wp\/v2\/pages\/38933\/revisions\/41993"}],"up":[{"embeddable":true,"href":"https:\/\/www.nsa.smsm.lt\/old\/wp-json\/wp\/v2\/pages\/24336"}],"wp:attachment":[{"href":"https:\/\/www.nsa.smsm.lt\/old\/wp-json\/wp\/v2\/media?parent=38933"}],"curies":[{"name":"wp","href":"https:\/\/api.w.org\/{rel}","templated":true}]}}