{"id":38268,"date":"2025-03-20T07:49:46","date_gmt":"2025-03-20T05:49:46","guid":{"rendered":"https:\/\/www.nsa.smsm.lt\/old\/?page_id=38268"},"modified":"2025-03-20T09:30:22","modified_gmt":"2025-03-20T07:30:22","slug":"gautos-paramos-vertinimas-ir-panaudojimas","status":"publish","type":"page","link":"https:\/\/www.nsa.smsm.lt\/old\/administracine-informacija\/korupcijos-prevencija\/gautos-paramos-vertinimas-ir-panaudojimas\/","title":{"rendered":"Gautos paramos vertinimas ir panaudojimas"},"content":{"rendered":"<p>Nacionalin\u0117je \u0161vietimo agent\u016broje 2024 m. rugs\u0117jo 24 d. \u012fsakymu Nr. VK-859 yra patvirtintas dovan\u0173, gaut\u0173 pagal tarptautin\u012f protokol\u0105 ar tradicijas, taip pat reprezentacijai skirt\u0173 dovan\u0173 perdavimo, vertinimo, registravimo, saugojimo ir eksponavimo tvarkos apra\u0161as <a href=\"https:\/\/www.nsa.smsm.lt\/old\/old\/wp-content\/uploads\/2025\/03\/Dovanu-vertinimo-tvarkos-aprasas.pdf\"><i class=\"fa fa-file-pdf \" ><\/i><\/a><\/p>\n","protected":false},"excerpt":{"rendered":"<p>Nacionalin\u0117je \u0161vietimo agent\u016broje 2024 m. rugs\u0117jo 24 d. \u012fsakymu Nr. VK-859 yra patvirtintas dovan\u0173, gaut\u0173 pagal tarptautin\u012f protokol\u0105 ar tradicijas, taip pat reprezentacijai skirt\u0173 dovan\u0173 perdavimo, vertinimo, registravimo, saugojimo ir eksponavimo tvarkos apra\u0161as<\/p>\n","protected":false},"author":1,"featured_media":0,"parent":8754,"menu_order":0,"comment_status":"closed","ping_status":"closed","template":"page-korupcija.php","meta":{"_acf_changed":false,"footnotes":""},"class_list":["post-38268","page","type-page","status-publish","hentry"],"acf":[],"_links":{"self":[{"href":"https:\/\/www.nsa.smsm.lt\/old\/wp-json\/wp\/v2\/pages\/38268","targetHints":{"allow":["GET"]}}],"collection":[{"href":"https:\/\/www.nsa.smsm.lt\/old\/wp-json\/wp\/v2\/pages"}],"about":[{"href":"https:\/\/www.nsa.smsm.lt\/old\/wp-json\/wp\/v2\/types\/page"}],"author":[{"embeddable":true,"href":"https:\/\/www.nsa.smsm.lt\/old\/wp-json\/wp\/v2\/users\/1"}],"replies":[{"embeddable":true,"href":"https:\/\/www.nsa.smsm.lt\/old\/wp-json\/wp\/v2\/comments?post=38268"}],"version-history":[{"count":4,"href":"https:\/\/www.nsa.smsm.lt\/old\/wp-json\/wp\/v2\/pages\/38268\/revisions"}],"predecessor-version":[{"id":42536,"href":"https:\/\/www.nsa.smsm.lt\/old\/wp-json\/wp\/v2\/pages\/38268\/revisions\/42536"}],"up":[{"embeddable":true,"href":"https:\/\/www.nsa.smsm.lt\/old\/wp-json\/wp\/v2\/pages\/8754"}],"wp:attachment":[{"href":"https:\/\/www.nsa.smsm.lt\/old\/wp-json\/wp\/v2\/media?parent=38268"}],"curies":[{"name":"wp","href":"https:\/\/api.w.org\/{rel}","templated":true}]}}