{"id":36771,"date":"2024-09-09T07:33:53","date_gmt":"2024-09-09T05:33:53","guid":{"rendered":"https:\/\/www.nsa.smsm.lt\/old\/?page_id=36771"},"modified":"2024-12-17T10:29:10","modified_gmt":"2024-12-17T08:29:10","slug":"svietimo-bukles-apzvalgos","status":"publish","type":"page","link":"https:\/\/www.nsa.smsm.lt\/old\/istaigu-vertinimas\/valstybine-svietimo-prieziura\/svietimo-bukles-apzvalgos\/","title":{"rendered":"\u0160vietimo b\u016bkl\u0117s ap\u017evalgos"},"content":{"rendered":"<p><i class=\"fa fa-file-pdf-o \" ><\/i> <a href=\"https:\/\/www.nsa.smsm.lt\/old\/old\/wp-content\/uploads\/2024\/09\/Infografikas_2024_I-dalis_su-nuorodomis-viesinimui.pdf\" target=\"_blank\" rel=\"noopener\">Ikimokyklinio,prie\u0161mokyklinio ir bendrojo ugdymo ap\u017evalga (infografikas)<\/a><\/p>\n<hr \/>\n<p><i class=\"fa fa-file-pdf-o \" ><\/i> <a href=\"https:\/\/www.nsa.smsm.lt\/old\/old\/wp-content\/uploads\/2024\/09\/zemelapis_2024_I-dalis_su-nuorodomis-viesinimui.pdf\" target=\"_blank\" rel=\"noopener\">Savivaldybi\u0173 \u0161vietimo mastai (\u017eem\u0117lapis)<\/a><\/p>\n<hr \/>\n<p><i class=\"fa fa-file-pdf-o \" ><\/i> <a href=\"https:\/\/www.nsa.smsm.lt\/old\/old\/wp-content\/uploads\/2024\/12\/Svietimas_Lietuvoje_2024_2_dalis_web-3.pdf\" target=\"_blank\" rel=\"noopener\">Lietuva. \u0160vietimas \u0161alyje ir regionuose 2024 II dalis<\/a><\/p>\n<hr \/>\n<p><i class=\"fa fa-file-pdf-o \" ><\/i> <a href=\"https:\/\/www.nsa.smsm.lt\/old\/old\/wp-content\/uploads\/2024\/08\/Svietimas_Lietuvoje_2024.pdf\" target=\"_blank\" rel=\"noopener\">Lietuva. \u0160vietimas \u0161alyje ir regionuose 2024 I dalis<\/a><\/p>\n<hr \/>\n<p><i class=\"fa fa-file-pdf-o \" ><\/i> <a href=\"https:\/\/www.nsa.smsm.lt\/old\/old\/wp-content\/uploads\/2023\/09\/2023-Svietimas-Lietuvoje_WEBak.pdf\" target=\"_blank\" rel=\"noopener\">Lietuva. \u0160vietimas \u0161alyje ir regionuose 2023. \u0160vietimo teisingumas<\/a><\/p>\n<hr \/>\n<p><i class=\"fa fa-file-pdf-o \" ><\/i> <a href=\"https:\/\/www.nsa.smsm.lt\/old\/old\/wp-content\/uploads\/2022\/08\/Svietimas-Lietuvoje-2022-web.pdf\" target=\"_blank\" rel=\"noopener\">Lietuva. \u0160vietimas \u0161alyje ir regionuose. 2022. \u012etraukusis ugdymas<\/a><\/p>\n<hr \/>\n<p><i class=\"fa fa-file-pdf-o \" ><\/i> <a href=\"https:\/\/www.nsa.smsm.lt\/old\/old\/wp-content\/uploads\/2021\/08\/Svietimas-Lietuvoje-2021-web2.pdf\" target=\"_blank\" rel=\"noopener\">\u201eLietuva. \u0160vietimas \u0161alyje ir regionuose. 2021. Nuotolinis mokymas(is)\u201c<\/a><\/p>\n<hr \/>\n<p><i class=\"fa fa-file-pdf-o \" ><\/i> <a href=\"https:\/\/www.nsa.smsm.lt\/old\/old\/wp-content\/uploads\/2020\/08\/Svietimas-salyje-2020.pdf\" target=\"_blank\" rel=\"noopener\">\u201eLietuva. \u0160vietimas \u0161alyje ir regionuose. 2020. Finansavimas\u201c<\/a><\/p>\n<hr \/>\n<p><i class=\"fa fa-file-pdf-o \" ><\/i> <a href=\"https:\/\/www.nsa.smsm.lt\/old\/old\/wp-content\/uploads\/2020\/07\/Valstybines-svietimo-strategijos-igyvendinimo-pusiaukele_internetinis.pdf\" target=\"_blank\" rel=\"noopener\">\u201eValstybin\u0117s \u0161vietimo 2013\u20132022 met\u0173 strategijos \u012fgyvendinimo pusiaukel\u0117. Med\u017eiaga diskusijoms (2019)\u201c<\/a><\/p>\n<hr \/>\n<p><i class=\"fa fa-file-pdf-o \" ><\/i> <a href=\"https:\/\/www.nsa.smsm.lt\/old\/old\/wp-content\/uploads\/2020\/07\/Svietimo-bukles-apzvalga-2019-web.pdf\" target=\"_blank\" rel=\"noopener\">\u201e\u0160vietimo b\u016bkl\u0117s ap\u017evalga. 2019\u201c<\/a><\/p>\n<hr \/>\n<p><i class=\"fa fa-file-pdf-o \" ><\/i> <a href=\"https:\/\/www.nsa.smsm.lt\/old\/old\/wp-content\/uploads\/2024\/02\/Bukles-apzvalga-2019.pdf\" target=\"_blank\" rel=\"noopener\">\u201eLietuva. \u0160vietimas \u0161alyje ir regionuose. 2019. Mokini\u0173 pasiekim\u0173 atotr\u016bkis\u201c <\/a><\/p>\n<hr \/>\n<p><i class=\"fa fa-file-pdf-o \" ><\/i> <a href=\"https:\/\/www.nsa.smsm.lt\/old\/old\/wp-content\/uploads\/2021\/10\/Svietimas-regionuose-2018-web-1.pdf\" target=\"_blank\" rel=\"noopener\">Lietuva. \u0160vietimo b\u016bkl\u0117s ap\u017evalga. 2018. Gera mokykla<\/a><\/p>\n<hr \/>\n<p><i class=\"fa fa-file-pdf-o \" ><\/i> <a href=\"https:\/\/www.nsa.smsm.lt\/old\/old\/wp-content\/uploads\/2021\/10\/Svietimas-regionuose-2017.pdf\" target=\"_blank\" rel=\"noopener\">Lietuva. \u0160vietimas \u0161alyje ir regionuose. Mokytojas (2017)<\/a><\/p>\n<hr \/>\n<p><i class=\"fa fa-file-pdf-o \" ><\/i> <a href=\"https:\/\/www.nsa.smsm.lt\/old\/old\/wp-content\/uploads\/2018\/03\/Svietimas-regionuose-2016.pdf\" target=\"_blank\" rel=\"noopener\">Lietuva. \u0160vietimas \u0161alyje ir regionuose. Mokini\u0173 pasiekimai (2016)<\/a><\/p>\n<hr \/>\n<p><i class=\"fa fa-file-pdf-o \" ><\/i> <a href=\"https:\/\/www.nsa.smsm.lt\/old\/old\/wp-content\/uploads\/2020\/07\/Valstybines_svietimo_2013-2022_metu_strategijos_igyvendinimas.pdf\" target=\"_blank\" rel=\"noopener\">Valstybin\u0117s \u0161vietimo 2013-2022 met\u0173 strategijos \u012fgyvendinimas. Med\u017eiaga diskusijoms (2015)<\/a><\/p>\n<hr \/>\n<p><i class=\"fa fa-file-pdf-o \" ><\/i> <a href=\"https:\/\/www.nsa.smsm.lt\/old\/old\/wp-content\/uploads\/2020\/07\/Valstybines-svietimo-strategijos-igyvendinimas-2003\u20132012.-medziaga-diskusijoms-2012.pdf\" target=\"_blank\" rel=\"noopener\">Valstybin\u0117s \u0161vietimo strategijos \u012fgyvendinimas 2003\u20132012. Med\u017eiaga diskusijoms (2012)<\/a><\/p>\n<hr \/>\n<p><i class=\"fa fa-file-pdf-o \" ><\/i> <a href=\"https:\/\/www.nsa.smsm.lt\/old\/old\/wp-content\/uploads\/2020\/07\/Svietimo-bukles-tyrimu-apzvalga.-Valstybines-svietimo-strategijos-2003\u22122012-metams-ir-Ekonominio-bendradarbiavimo-ir-pletros-organizacijos-rekomendaciju-Lietuvai-aspektu-2008.pdf\" target=\"_blank\" rel=\"noopener\">\u0160vietimo b\u016bkl\u0117s tyrim\u0173 ap\u017evalga. Valstybin\u0117s \u0161vietimo strategijos 2003\u22122012 metams ir Ekonominio bendradarbiavimo ir pl\u0117tros organizacijos rekomendacij\u0173 Lietuvai aspektu (2008)<\/a><\/p>\n","protected":false},"excerpt":{"rendered":"<p>Ikimokyklinio,prie\u0161mokyklinio ir bendrojo ugdymo ap\u017evalga (infografikas) Savivaldybi\u0173 \u0161vietimo mastai (\u017eem\u0117lapis) Lietuva. \u0160vietimas \u0161alyje ir regionuose 2024 II dalis Lietuva. \u0160vietimas \u0161alyje ir regionuose 2024 I dalis Lietuva. \u0160vietimas \u0161alyje ir regionuose 2023. \u0160vietimo teisingumas Lietuva. \u0160vietimas \u0161alyje ir regionuose. 2022.&nbsp;<a href=\"https:\/\/www.nsa.smsm.lt\/old\/istaigu-vertinimas\/valstybine-svietimo-prieziura\/svietimo-bukles-apzvalgos\/\" class=\"placiau\">Pla\u010diau <i class=\"fa fa-caret-right\"><\/i><\/a><\/p>\n","protected":false},"author":1,"featured_media":0,"parent":36698,"menu_order":0,"comment_status":"closed","ping_status":"closed","template":"page-istaigu-vertinimas.php","meta":{"_acf_changed":false,"footnotes":""},"class_list":["post-36771","page","type-page","status-publish","hentry"],"acf":[],"_links":{"self":[{"href":"https:\/\/www.nsa.smsm.lt\/old\/wp-json\/wp\/v2\/pages\/36771","targetHints":{"allow":["GET"]}}],"collection":[{"href":"https:\/\/www.nsa.smsm.lt\/old\/wp-json\/wp\/v2\/pages"}],"about":[{"href":"https:\/\/www.nsa.smsm.lt\/old\/wp-json\/wp\/v2\/types\/page"}],"author":[{"embeddable":true,"href":"https:\/\/www.nsa.smsm.lt\/old\/wp-json\/wp\/v2\/users\/1"}],"replies":[{"embeddable":true,"href":"https:\/\/www.nsa.smsm.lt\/old\/wp-json\/wp\/v2\/comments?post=36771"}],"version-history":[{"count":11,"href":"https:\/\/www.nsa.smsm.lt\/old\/wp-json\/wp\/v2\/pages\/36771\/revisions"}],"predecessor-version":[{"id":41960,"href":"https:\/\/www.nsa.smsm.lt\/old\/wp-json\/wp\/v2\/pages\/36771\/revisions\/41960"}],"up":[{"embeddable":true,"href":"https:\/\/www.nsa.smsm.lt\/old\/wp-json\/wp\/v2\/pages\/36698"}],"wp:attachment":[{"href":"https:\/\/www.nsa.smsm.lt\/old\/wp-json\/wp\/v2\/media?parent=36771"}],"curies":[{"name":"wp","href":"https:\/\/api.w.org\/{rel}","templated":true}]}}

Švietimo būklės apžvalgos

<p><i class="fa fa-file-pdf-o " ></i> <a href="https://www.nsa.smsm.lt/old/old/wp-content/uploads/2024/09/Infografikas_2024_I-dalis_su-nuorodomis-viesinimui.pdf" target="_blank" rel="noopener">Ikimokyklinio,priešmokyklinio ir bendrojo ugdymo apžvalga (infografikas)</a></p>
<hr />
<p><i class="fa fa-file-pdf-o " ></i> <a href="https://www.nsa.smsm.lt/old/old/wp-content/uploads/2024/09/zemelapis_2024_I-dalis_su-nuorodomis-viesinimui.pdf" target="_blank" rel="noopener">Savivaldybių švietimo mastai (žemėlapis)</a></p>
<hr />
<p><i class="fa fa-file-pdf-o " ></i> <a href="https://www.nsa.smsm.lt/old/old/wp-content/uploads/2024/12/Svietimas_Lietuvoje_2024_2_dalis_web-3.pdf" target="_blank" rel="noopener">Lietuva. Švietimas šalyje ir regionuose 2024 II dalis</a></p>
<hr />
<p><i class="fa fa-file-pdf-o " ></i> <a href="https://www.nsa.smsm.lt/old/old/wp-content/uploads/2024/08/Svietimas_Lietuvoje_2024.pdf" target="_blank" rel="noopener">Lietuva. Švietimas šalyje ir regionuose 2024 I dalis</a></p>
<hr />
<p><i class="fa fa-file-pdf-o " ></i> <a href="https://www.nsa.smsm.lt/old/old/wp-content/uploads/2023/09/2023-Svietimas-Lietuvoje_WEBak.pdf" target="_blank" rel="noopener">Lietuva. Švietimas šalyje ir regionuose 2023. Švietimo teisingumas</a></p>
<hr />
<p><i class="fa fa-file-pdf-o " ></i> <a href="https://www.nsa.smsm.lt/old/old/wp-content/uploads/2022/08/Svietimas-Lietuvoje-2022-web.pdf" target="_blank" rel="noopener">Lietuva. Švietimas šalyje ir regionuose. 2022. Įtraukusis ugdymas</a></p>
<hr />
<p><i class="fa fa-file-pdf-o " ></i> <a href="https://www.nsa.smsm.lt/old/old/wp-content/uploads/2021/08/Svietimas-Lietuvoje-2021-web2.pdf" target="_blank" rel="noopener">„Lietuva. Švietimas šalyje ir regionuose. 2021. Nuotolinis mokymas(is)“</a></p>
<hr />
<p><i class="fa fa-file-pdf-o " ></i> <a href="https://www.nsa.smsm.lt/old/old/wp-content/uploads/2020/08/Svietimas-salyje-2020.pdf" target="_blank" rel="noopener">„Lietuva. Švietimas šalyje ir regionuose. 2020. Finansavimas“</a></p>
<hr />
<p><i class="fa fa-file-pdf-o " ></i> <a href="https://www.nsa.smsm.lt/old/old/wp-content/uploads/2020/07/Valstybines-svietimo-strategijos-igyvendinimo-pusiaukele_internetinis.pdf" target="_blank" rel="noopener">„Valstybinės švietimo 2013–2022 metų strategijos įgyvendinimo pusiaukelė. Medžiaga diskusijoms (2019)“</a></p>
<hr />
<p><i class="fa fa-file-pdf-o " ></i> <a href="https://www.nsa.smsm.lt/old/old/wp-content/uploads/2020/07/Svietimo-bukles-apzvalga-2019-web.pdf" target="_blank" rel="noopener">„Švietimo būklės apžvalga. 2019“</a></p>
<hr />
<p><i class="fa fa-file-pdf-o " ></i> <a href="https://www.nsa.smsm.lt/old/old/wp-content/uploads/2024/02/Bukles-apzvalga-2019.pdf" target="_blank" rel="noopener">„Lietuva. Švietimas šalyje ir regionuose. 2019. Mokinių pasiekimų atotrūkis“ </a></p>
<hr />
<p><i class="fa fa-file-pdf-o " ></i> <a href="https://www.nsa.smsm.lt/old/old/wp-content/uploads/2021/10/Svietimas-regionuose-2018-web-1.pdf" target="_blank" rel="noopener">Lietuva. Švietimo būklės apžvalga. 2018. Gera mokykla</a></p>
<hr />
<p><i class="fa fa-file-pdf-o " ></i> <a href="https://www.nsa.smsm.lt/old/old/wp-content/uploads/2021/10/Svietimas-regionuose-2017.pdf" target="_blank" rel="noopener">Lietuva. Švietimas šalyje ir regionuose. Mokytojas (2017)</a></p>
<hr />
<p><i class="fa fa-file-pdf-o " ></i> <a href="https://www.nsa.smsm.lt/old/old/wp-content/uploads/2018/03/Svietimas-regionuose-2016.pdf" target="_blank" rel="noopener">Lietuva. Švietimas šalyje ir regionuose. Mokinių pasiekimai (2016)</a></p>
<hr />
<p><i class="fa fa-file-pdf-o " ></i> <a href="https://www.nsa.smsm.lt/old/old/wp-content/uploads/2020/07/Valstybines_svietimo_2013-2022_metu_strategijos_igyvendinimas.pdf" target="_blank" rel="noopener">Valstybinės švietimo 2013-2022 metų strategijos įgyvendinimas. Medžiaga diskusijoms (2015)</a></p>
<hr />
<p><i class="fa fa-file-pdf-o " ></i> <a href="https://www.nsa.smsm.lt/old/old/wp-content/uploads/2020/07/Valstybines-svietimo-strategijos-igyvendinimas-2003–2012.-medziaga-diskusijoms-2012.pdf" target="_blank" rel="noopener">Valstybinės švietimo strategijos įgyvendinimas 2003–2012. Medžiaga diskusijoms (2012)</a></p>
<hr />
<p><i class="fa fa-file-pdf-o " ></i> <a href="https://www.nsa.smsm.lt/old/old/wp-content/uploads/2020/07/Svietimo-bukles-tyrimu-apzvalga.-Valstybines-svietimo-strategijos-2003−2012-metams-ir-Ekonominio-bendradarbiavimo-ir-pletros-organizacijos-rekomendaciju-Lietuvai-aspektu-2008.pdf" target="_blank" rel="noopener">Švietimo būklės tyrimų apžvalga. Valstybinės švietimo strategijos 2003−2012 metams ir Ekonominio bendradarbiavimo ir plėtros organizacijos rekomendacijų Lietuvai aspektu (2008)</a></p>

<p>Ikimokyklinio,priešmokyklinio ir bendrojo ugdymo apžvalga (infografikas) Savivaldybių švietimo mastai (žemėlapis) Lietuva. Švietimas šalyje ir regionuose 2024 II dalis Lietuva. Švietimas šalyje ir regionuose 2024 I dalis Lietuva. Švietimas šalyje ir regionuose 2023. Švietimo teisingumas Lietuva. Švietimas šalyje ir regionuose. 2022.&nbsp;<a href="https://www.nsa.smsm.lt/old/istaigu-vertinimas/valstybine-svietimo-prieziura/svietimo-bukles-apzvalgos/" class="placiau">Plačiau <i class="fa fa-caret-right"></i></a></p>
