{"id":36763,"date":"2025-08-25T06:24:02","date_gmt":"2025-08-25T04:24:02","guid":{"rendered":"https:\/\/www.nsa.smsm.lt\/old\/?page_id=36763"},"modified":"2025-08-25T06:54:15","modified_gmt":"2025-08-25T04:54:15","slug":"planiniai-patikrinimai","status":"publish","type":"page","link":"https:\/\/www.nsa.smsm.lt\/old\/istaigu-vertinimas\/valstybine-svietimo-prieziura\/planiniai-patikrinimai\/","title":{"rendered":"Planiniai patikrinimai"},"content":{"rendered":"<p><strong>Prie\u017ei\u016bros priemoni\u0173 taikymo teis\u0117s aktai, \u012ftvirtinantys N\u0160A \u012fgaliojimus:<\/strong><\/p>\n<ul>\n<li><a href=\"https:\/\/e-seimasx.lrs.lt\/portal\/legalAct\/lt\/TAD\/ddffa3c2a10911ee8172b53a675305ab?jfwid=hv33dt537\">\u0160vietimo teik\u0117j\u0173 (i\u0161skyrus auk\u0161t\u0105sias mokyklas) planini\u0173 patikrinim\u0173 taisykl\u0117s<\/a><\/li>\n<li><a href=\"https:\/\/www.nsa.smsm.lt\/old\/old\/wp-content\/uploads\/2024\/01\/Neplaniniu_taisykles_su_nr.pdf\">\u0160vietimo teik\u0117j\u0173 (i\u0161skyrus auk\u0161t\u0105sias mokyklas) neplanini\u0173 patikrinim\u0173 taisykl\u0117s<\/a><\/li>\n<\/ul>\n<div class=\"panel-group\" id=\"collapse_72a1-cbbe\"><br \/>\n<div class=\"panel panel-default\">    <div class=\"panel-heading\" role=\"tab\" id=\"heading_citem_0f03-2667\">        <h4 class=\"panel-title\"><a class=\"accordion-toggle collapsed\" data-toggle=\"collapse\" aria-controls=\"heading_citem_0f03-2667\" data-parent=\"#collapse_72a1-cbbe\" href=\"#citem_0f03-2667\">Planiniai patikrinimai<\/a>        <\/h4>    <\/div>    <div id=\"citem_0f03-2667\" class=\"panel-collapse collapse \" role=\"tabpanel\" aria-labelledby=\"heading_citem_0f03-2667\">        <div class=\"panel-body\">\n<p><strong><a href=\"https:\/\/www.nsa.smsm.lt\/old\/old\/wp-content\/uploads\/2025\/01\/2025-m.-planiniu-patikrinimu-planas_Elektroninio_dokumento_nuorasas.pdf\">2025 m. planini\u0173 patikrinim\u0173 planas<\/a><\/strong><\/p>\n<p><strong>2025 m. pa\u017eymos, ataskaitos:<\/strong><\/p>\n<ul>\n<li>I\u0161orinis vertinimas<\/li>\n<li>Akreditacija<\/li>\n<li>Atitikties teis\u0117s aktams vertinimas\n<ul>\n<li>\n<div role=\"presentation\">2025\u00a0m. \u0161vietimo teik\u0117j\u0173 veiklos planinis patikrinimas d\u0117l 2024\u20132025\u00a0mokslo met\u0173 brandos egzamin\u0173 organizavimo ir vykdymo<\/div>\n<ul>\n<li>\n<div class=\"elementToProof\" role=\"presentation\"><a href=\"https:\/\/www.nsa.smsm.lt\/old\/old\/wp-content\/uploads\/2025\/08\/Isakymas-del-darbo-grupes-sudarymo.pdf\" target=\"_blank\" rel=\"noopener\">\u012esakymas d\u0117l darbo grup\u0117s sudarymo<\/a><\/div>\n<\/li>\n<li>\n<div class=\"elementToProof\" role=\"presentation\"><a href=\"https:\/\/www.nsa.smsm.lt\/old\/old\/wp-content\/uploads\/2025\/08\/VBE-PATIKROS-PAZYMA_2025.pdf\" target=\"_blank\" rel=\"noopener\">N\u0160A pa\u017eyma \u0160TP -59<\/a><\/div>\n<\/li>\n<\/ul>\n<\/li>\n<\/ul>\n<\/li>\n<\/ul>\n<p><strong>Kontroliniai klausimynai<\/strong><\/p>\n<p><em>Kontrolinis klausimynas<\/em> \u2014 \u0161vietimo teik\u0117j\u0173 prie\u017ei\u016br\u0105 atliekan\u010dios institucijos, vie\u0161ai paskelbtas dokumentas, apimantis ai\u0161kiai suformuluotus kontrolinius klausimus, atspindin\u010dius svarbiausius teis\u0117s akt\u0173 reikalavimus, bei leid\u017eiantis patikrinti \u0161iame dokumente i\u0161d\u0117styt\u0173 teis\u0117s akt\u0173 reikalavim\u0173 laikym\u0105si, atliekant j\u0173 kontrol\u0117s veiksmus (toliau \u2014 klausimynai).<\/p>\n<p><em>Kontroliniai klausimynai:<\/em><\/p>\n<ul>\n<li><a href=\"https:\/\/www.nsa.smsm.lt\/old\/old\/wp-content\/uploads\/2025\/04\/DT-patikros-kontrolinis-klausimynas_PKK-4.docx\">\u0160vietimo teik\u0117j\u0173 veiklos planinis patikrinimas d\u0117l mokykl\u0173 duomen\u0173 teikimo ir tvarkymo<\/a><\/li>\n<li><a href=\"https:\/\/www.nsa.smsm.lt\/old\/old\/wp-content\/uploads\/2024\/09\/Kontrolinis_klausimynas.docx.pdf\">Planinis patikrinimas d\u0117l mokykl\u0173 atitikties Mokykl\u0173 tinklo k\u016brimo taisykli\u0173 kriterijams ir j\u0173 reik\u0161m\u0117ms<\/a><\/li>\n<li><a href=\"https:\/\/www.nsa.smsm.lt\/old\/old\/wp-content\/uploads\/2024\/08\/Atnaujintas-2024-09-01-kontrolinis-klausimynas.pdf\">Atnaujintas 2024 09 01 kontrolinis klausimynas. \u0160vietimo teik\u0117j\u0173 veiklos planinio patikrinimo d\u0117l bendrojo ugdymo mokytoj\u0173 darbo apmok\u0117jimo atitikties teis\u0117s akt\u0173 nuostatoms kontrolinis klausimynas<\/a><\/li>\n<li><a href=\"https:\/\/www.nsa.smsm.lt\/old\/old\/wp-content\/uploads\/2024\/01\/Bendrojo-ugdymo-programu-igyvendinimo-kontrolinis-klausimynas.pdf\">Bendrojo ugdymo program\u0173 \u012fgyvendinimo kontrolinis klausimynas<\/a><\/li>\n<li><a href=\"https:\/\/www.nsa.smsm.lt\/old\/old\/wp-content\/uploads\/2024\/01\/E.-pardavejo-konsultanto-modulines-profesinio-mokymo-programos-valstybinis-kodas-T43041604-igyvendinimo-kontrolinis-klausimynas.pdf\">E. pardav\u0117jo-konsultanto modulin\u0117s profesinio mokymo programos (valstybinis kodas T43041604) \u012fgyvendinimo kontrolinis klausimynas<\/a><\/li>\n<li><a href=\"https:\/\/www.nsa.smsm.lt\/old\/old\/wp-content\/uploads\/2024\/01\/Klasiu_sudarymo-kontrolinis-klausimynas.pdf\">Klasi\u0173 sudarymo kontrolinis klausimynas<\/a><\/li>\n<li><a href=\"https:\/\/www.nsa.smsm.lt\/old\/old\/wp-content\/uploads\/2024\/01\/Mokinio-palikimo-kartoti-programa-papildomo-darbo-organizavimo-VGK-darbo-organizavimo-kontrolinis-klausimynas.pdf\">Mokinio palikimo kartoti program\u0105, papildomo darbo organizavimo ir vaiko gerov\u0117s komisijos darbo organizavimo kontrolinis klausimynas<\/a><\/li>\n<li><a href=\"https:\/\/www.nsa.smsm.lt\/old\/old\/wp-content\/uploads\/2024\/01\/Ukio-lesu-pagristumo-kontrolinis-klausimynas.pdf\">\u016akio l\u0117\u0161\u0173, skiriam\u0173 i\u0161 LR valstyb\u0117s biud\u017eeto speciali\u0173j\u0173 tikslini\u0173 dotacij\u0173 savivaldybi\u0173 biud\u017eetams pagr\u012fstumo kontrolinis klausimynas<\/a><\/li>\n<li><a href=\"https:\/\/www.nsa.smsm.lt\/old\/old\/wp-content\/uploads\/2024\/01\/DAS-patikros-klausimynas_2024-01-11_PKK-1.pdf\">\u0160vietimo teik\u0117j\u0173 veiklos planinio patikrinimo d\u0117l bendrojo ugdymo mokytoj\u0173 darbo apmok\u0117jimo atitikties teis\u0117s akt\u0173 nuostatoms kontrolinis klausimynas<\/a><\/li>\n<\/ul>\n<p>        <\/p><\/div>    <\/div><\/div><br \/>\n<div class=\"panel panel-default\">    <div class=\"panel-heading\" role=\"tab\" id=\"heading_citem_4401-52sdsdsd44\">        <h4 class=\"panel-title\"><a class=\"accordion-toggle collapsed\" data-toggle=\"collapse\" aria-controls=\"heading_citem_4401-52sdsdsd44\" data-parent=\"#collapse_72a1-cbbe\" href=\"#citem_4401-52sdsdsd44\">2024 m. pa\u017eymos, ataskaitos<\/a>        <\/h4>    <\/div>    <div id=\"citem_4401-52sdsdsd44\" class=\"panel-collapse collapse \" role=\"tabpanel\" aria-labelledby=\"heading_citem_4401-52sdsdsd44\">        <div class=\"panel-body\">\n<ul>\n<li>I\u0161orinis vertinimas<\/li>\n<li>Akreditacija<\/li>\n<li>Atitikties teis\u0117s aktams vertinimas\n<ul>\n<li>2024 m. \u0161vietimo teik\u0117j\u0173 veiklos planinis patikrinimas d\u0117l bendrojo ugdymo mokytoj\u0173 darbo apmok\u0117jimo atitikties teis\u0117s akt\u0173 nuostatoms\n<ul>\n<li><a href=\"https:\/\/www.nsa.smsm.lt\/old\/old\/wp-content\/uploads\/2024\/01\/Isakymo-del-darbo-grupes-sudarymo-nuorasas_2024-01-11.pdf\">\u012esakymas d\u0117l darbo grup\u0117s sudarymo<\/a><\/li>\n<li><a href=\"https:\/\/www.nsa.smsm.lt\/old\/old\/wp-content\/uploads\/2024\/03\/NSA-pazyma_STP-2.pdf\">N\u0160A pa\u017eyma_\u0160TP-2<\/a><\/li>\n<\/ul>\n<\/li>\n<li>2024 m. \u0161vietimo teik\u0117j\u0173 veiklos planinis patikrinimas d\u0117l 2023\u20132024 mokslo met\u0173 tarpini\u0173 patikrinim\u0173 ir brandos egzamin\u0173 organizavimo ir vykdymo\n<ul>\n<li class=\"elementToProof\"><a id=\"OWAcbe5083f-1f81-d603-9e2b-8e44f48b4f1d\" class=\"OWAAutoLink\" href=\"https:\/\/www.nsa.smsm.lt\/old\/old\/wp-content\/uploads\/2025\/01\/nsa-isakymas-20240128.pdf\">\u012esakymas d\u0117l darbo grup\u0117s sudarymo<\/a><\/li>\n<li><a href=\"https:\/\/www.nsa.smsm.lt\/old\/old\/wp-content\/uploads\/2025\/01\/PAZYMA-TP-IR-BE-.pdf\">N\u0160A pa\u017eyma_\u0160TP-60<\/a><\/li>\n<\/ul>\n<\/li>\n<\/ul>\n<\/li>\n<\/ul>\n<p>        <\/p><\/div>    <\/div><\/div><br \/>\n<div class=\"panel panel-default\">    <div class=\"panel-heading\" role=\"tab\" id=\"heading_citem_4401-5244\">        <h4 class=\"panel-title\"><a class=\"accordion-toggle collapsed\" data-toggle=\"collapse\" aria-controls=\"heading_citem_4401-5244\" data-parent=\"#collapse_72a1-cbbe\" href=\"#citem_4401-5244\">\u0160MSM vykdyti patikrinimai iki 2024 m.<\/a>        <\/h4>    <\/div>    <div id=\"citem_4401-5244\" class=\"panel-collapse collapse \" role=\"tabpanel\" aria-labelledby=\"heading_citem_4401-5244\">        <div class=\"panel-body\">\n<ul>\n<li><a href=\"https:\/\/smsm.lrv.lt\/uploads\/smsm\/documents\/files\/svietimas\/valstybine_svietimo_prieziura\/konsultavimas\/2022\/Scan_svetainei_smsm_2022.pdf\" target=\"_blank\" rel=\"noopener\">D\u0117l 2022 m. brandos egzamin\u0173 vykdymo <i class=\"fa fa-file-pdf \"><\/i><\/a><\/li>\n<li><a href=\"https:\/\/smsm.lrv.lt\/uploads\/smsm\/documents\/files\/veikla\/1\/pdf_Potvarkis_egzamin%C5%B3_prie%C5%BEi%C5%ABra_2022.pdf\" target=\"_blank\" rel=\"noopener\">2021\u20132022 mokslo met\u0173 brandos egzamin\u0173 organizavimo ir vykdymo prie\u017ei\u016bra <i class=\"fa fa-file-pdf \"><\/i><\/a><\/li>\n<li><a href=\"https:\/\/smsm.lrv.lt\/uploads\/smsm\/documents\/files\/veikla\/1\/Scan_pazyma_egzaminai.pdf\" target=\"_blank\" rel=\"noopener\">2021 m. rugs\u0117jo 30 d. pa\u017eyma \u201eD\u0117l 2021 m. brandos egzamin\u0173 vykdymo\u201c Nr. KA1-22 <i class=\"fa fa-file-pdf \"><\/i><\/a><\/li>\n<li><a href=\"https:\/\/smsm.lrv.lt\/uploads\/smsm\/documents\/files\/aalaikini\/2022%20m_%20neplaniniai%20patikrinimai%201.pdf.docx\">2022 m. neplaniniai profesinio mokymo \u012fstaig\u0173 ir kit\u0173 profesinio mokymo teik\u0117j\u0173 patikrinimai\u00a0<i class=\"fa fa-file-pdf \"><\/i><\/a><\/li>\n<li><a href=\"https:\/\/smsm.lrv.lt\/uploads\/smsm\/documents\/files\/veikla\/patikrinimai\/2021%20m_%20neplaniniai%20profesinio%20mokymo%20%C4%AFstaig%C5%B3%20patikrinimai.pdf\" target=\"_blank\" rel=\"noopener\">2021 m. neplaniniai profesinio mokymo \u012fstaig\u0173 patikrinimai <i class=\"fa fa-file-pdf \"><\/i><\/a><\/li>\n<li><a href=\"https:\/\/smsm.lrv.lt\/uploads\/smsm\/documents\/files\/veikla\/2020%20m_%20neplaniniai%20profesinio%20mokymo%20%C4%AFstaig%C5%B3%20patikrinimai.pdf\" target=\"_blank\" rel=\"noopener\">2020 m. neplaniniai profesinio mokymo \u012fstaig\u0173 patikrinimai <i class=\"fa fa-file-pdf \"><\/i><\/a><\/li>\n<li>2020 m. patikra d\u0117l prie\u0161mokyklinio ugdymo programos \u012fgyvendinimo bendrojo ugdymo mokyklose, ikimokyklinio ugdymo ir kitose \u012fstaigose\n<ul>\n<li><a href=\"https:\/\/smsm.lrv.lt\/uploads\/smsm\/documents\/files\/veikla\/1\/potvarkis%20d%C4%97l%20patikros_PU.pdf\" target=\"_blank\" rel=\"noopener\">Potvarkis d\u0117l darbo grup\u0117s sudarymo <i class=\"fa fa-file-pdf \"><\/i><\/a><\/li>\n<li><a href=\"https:\/\/smsm.lrv.lt\/uploads\/smsm\/documents\/files\/veikla\/1\/Atmintin%C4%97_d%C4%97l%20patikros.pdf\" target=\"_blank\" rel=\"noopener\">Patikros d\u0117l prie\u0161mokyklinio ugdymo programos \u012fgyvendinimo bendrojo ugdymo mokyklose, ikimokyklinio ugdymo ir kitose \u012fstaigose planas <i class=\"fa fa-file-pdf \"><\/i><\/a><\/li>\n<li><a href=\"https:\/\/smsm.lrv.lt\/uploads\/smsm\/documents\/files\/veikla\/1\/tikrinamu%20Istaigu%20sarasas.pdf\" target=\"_blank\" rel=\"noopener\">Tikrinam\u0173 mokykl\u0173 s\u0105ra\u0161as <i class=\"fa fa-file-pdf \"><\/i><\/a><\/li>\n<\/ul>\n<\/li>\n<\/ul>\n<p>        <\/p><\/div>    <\/div><\/div><br \/>\n<\/div>\n","protected":false},"excerpt":{"rendered":"<p>Prie\u017ei\u016bros priemoni\u0173 taikymo teis\u0117s aktai, \u012ftvirtinantys N\u0160A \u012fgaliojimus: \u0160vietimo teik\u0117j\u0173 (i\u0161skyrus auk\u0161t\u0105sias mokyklas) planini\u0173 patikrinim\u0173 taisykl\u0117s \u0160vietimo teik\u0117j\u0173 (i\u0161skyrus auk\u0161t\u0105sias mokyklas) neplanini\u0173 patikrinim\u0173 taisykl\u0117s<\/p>\n","protected":false},"author":1,"featured_media":0,"parent":36698,"menu_order":0,"comment_status":"closed","ping_status":"closed","template":"page-istaigu-vertinimas.php","meta":{"_acf_changed":false,"footnotes":""},"class_list":["post-36763","page","type-page","status-publish","hentry"],"acf":[],"_links":{"self":[{"href":"https:\/\/www.nsa.smsm.lt\/old\/wp-json\/wp\/v2\/pages\/36763","targetHints":{"allow":["GET"]}}],"collection":[{"href":"https:\/\/www.nsa.smsm.lt\/old\/wp-json\/wp\/v2\/pages"}],"about":[{"href":"https:\/\/www.nsa.smsm.lt\/old\/wp-json\/wp\/v2\/types\/page"}],"author":[{"embeddable":true,"href":"https:\/\/www.nsa.smsm.lt\/old\/wp-json\/wp\/v2\/users\/1"}],"replies":[{"embeddable":true,"href":"https:\/\/www.nsa.smsm.lt\/old\/wp-json\/wp\/v2\/comments?post=36763"}],"version-history":[{"count":34,"href":"https:\/\/www.nsa.smsm.lt\/old\/wp-json\/wp\/v2\/pages\/36763\/revisions"}],"predecessor-version":[{"id":44042,"href":"https:\/\/www.nsa.smsm.lt\/old\/wp-json\/wp\/v2\/pages\/36763\/revisions\/44042"}],"up":[{"embeddable":true,"href":"https:\/\/www.nsa.smsm.lt\/old\/wp-json\/wp\/v2\/pages\/36698"}],"wp:attachment":[{"href":"https:\/\/www.nsa.smsm.lt\/old\/wp-json\/wp\/v2\/media?parent=36763"}],"curies":[{"name":"wp","href":"https:\/\/api.w.org\/{rel}","templated":true}]}}