{"id":36700,"date":"2025-05-16T10:25:50","date_gmt":"2025-05-16T08:25:50","guid":{"rendered":"https:\/\/www.nsa.smsm.lt\/old\/?page_id=36700"},"modified":"2025-05-19T15:14:03","modified_gmt":"2025-05-19T13:14:03","slug":"savivaldybiu-svietimo-padaliniu-ir-svietimo-teikeju-konsultavimas","status":"publish","type":"page","link":"https:\/\/www.nsa.smsm.lt\/old\/istaigu-vertinimas\/valstybine-svietimo-prieziura\/savivaldybiu-svietimo-padaliniu-ir-svietimo-teikeju-konsultavimas\/","title":{"rendered":"Savivaldybi\u0173 \u0161vietimo padalini\u0173 ir \u0161vietimo teik\u0117j\u0173 konsultavimas"},"content":{"rendered":"<p class=\"elementToProof\"><strong>2025-05-16 Konferencija \u201eLygias galimybes suteikiantis ugdymas\u201c<\/strong><\/p>\n<p>Registracija <a href=\"https:\/\/forms.gle\/WviDUNrmbfhxZSuH7\"><i class=\"fa fa-desktop \" ><\/i><\/a><\/p>\n<p class=\"elementToProof\">Programa <a href=\"https:\/\/www.nsa.smsm.lt\/old\/old\/wp-content\/uploads\/2025\/05\/Programa_2025-05-16.pdf\"><i class=\"fa fa-file-pdf \" ><\/i><\/a><\/p>\n<p class=\"elementToProof\">Seminaro med\u017eiaga <a href=\"https:\/\/www.nsa.smsm.lt\/old\/old\/wp-content\/uploads\/2025\/05\/Medziaga.zip\"><i class=\"fa fa-file-archive \" ><\/i><\/a><\/p>\n<hr \/>\n<p class=\"elementToProof\"><strong>2024-12-05\/06 Konferencija &#8211; seminaras \u201eSocialinio ir emocinio ugdymo b\u016bkl\u0117 geros mokyklos koncepcijos kontekste\u201c<\/strong><\/p>\n<p>Registracija <a href=\"https:\/\/forms.gle\/3SpN2NMsqQRZvk2QA\"><i class=\"fa fa-desktop \" ><\/i><\/a><\/p>\n<p class=\"elementToProof\">Programa <a href=\"https:\/\/www.nsa.smsm.lt\/old\/old\/wp-content\/uploads\/2024\/12\/NSA_konferencija_PROGRAMA-final.pdf\"><i class=\"fa fa-file-pdf \" ><\/i><\/a><\/p>\n<p class=\"elementToProof\">Seminaro med\u017eiaga <a href=\"https:\/\/www.nsa.smsm.lt\/old\/old\/wp-content\/uploads\/2024\/12\/Medziaga.zip\"><i class=\"fa fa-file-archive \" ><\/i><\/a><\/p>\n<hr \/>\n<p class=\"elementToProof\"><strong>2024-06-20\/21\u00a0Konferencija \u2013\u00a0seminaras<\/strong> <b>\u201eT\u016bkstantme\u010dio mokyklos 2030 \u2013 link pusiaukel\u0117s\u201c<\/b><\/p>\n<p>Registracija <a href=\"https:\/\/forms.gle\/36Hd4cm1ce5ffnXF7\"><i class=\"fa fa-desktop \" ><\/i><\/a><\/p>\n<p class=\"elementToProof\">Programa <a href=\"https:\/\/www.nsa.smsm.lt\/old\/old\/wp-content\/uploads\/2024\/06\/2024-06-20-21-Renginio-darbotvarke-galutinis.pdf\"><i class=\"fa fa-file-pdf \" ><\/i><\/a><\/p>\n<p class=\"elementToProof\">Seminaro med\u017eiaga <a href=\"https:\/\/www.nsa.smsm.lt\/old\/old\/wp-content\/uploads\/2024\/06\/Medziaga1.zip\"><i class=\"fa fa-file-archive \" ><\/i><\/a><\/p>\n<hr \/>\n<p class=\"elementToProof\"><strong>2023-12-07\/08<\/strong> <strong>Konferencija \u2013<\/strong><b> seminaras \u201eKartu mes galime daugiau\u201c<\/b><\/p>\n<p>Registracija <a href=\"https:\/\/forms.gle\/6QJ1pTjJZL6G9WBi7\"><i class=\"fa fa-desktop \" ><\/i><\/a><\/p>\n<p class=\"elementToProof\">Programa <a href=\"https:\/\/www.nsa.smsm.lt\/old\/old\/wp-content\/uploads\/2023\/12\/Programa_Alanta_projektas_2023-12-07.pdf\"> <i class=\"fa fa-file-pdf \" ><\/i><\/a><\/p>\n<p class=\"elementToProof\">Seminaro med\u017eiaga <a href=\"https:\/\/www.nsa.smsm.lt\/old\/old\/wp-content\/uploads\/2023\/12\/Medziaga.zip\"><i class=\"fa fa-file-archive \" ><\/i><\/a><\/p>\n<hr \/>\n<p><strong>2023-08-24<\/strong> <strong>Konferencija \u201e\u0160vietimas \u0161alyje ir regionuose. \u0160vietimo teisingumas<\/strong>\u201c<\/p>\n<p><a href=\"https:\/\/smsm.lrv.lt\/uploads\/smsm\/documents\/files\/aalaikini\/Programos%20projektas%2008-24%20pdf.pdf\">Programa <i class=\"fa fa-file-pdf \" ><\/i><\/a><\/p>\n<p><a href=\"https:\/\/smsm.lrv.lt\/uploads\/smsm\/documents\/files\/aalaikini\/Ministro_Gintauto%20Jak%C5%A1to%20prane%C5%A1imas_2023-08-24.pdf\">Ministro Gintauto Jak\u0161to prane\u0161imas\u00a0<i class=\"fa fa-file-pdf \" ><\/i><\/a><\/p>\n<p><a href=\"https:\/\/smsm.lrv.lt\/uploads\/smsm\/documents\/files\/aalaikini\/Viceministro%20Ram%C5%ABno%20Skaud%C5%BEiaus%20prane%C5%A1imas_2023-08-24.pdf\">Viceministro Ram\u016bno Skaud\u017eiaus prane\u0161imas <i class=\"fa fa-file-pdf \" ><\/i><\/a><\/p>\n<p><a href=\"https:\/\/smsm.lrv.lt\/uploads\/smsm\/documents\/files\/aalaikini\/2023%20Svietimas%20Lietuvoje_WEBak%20(II).pdf\">\u0160vietimo b\u016bkl\u0117s analiz\u0117\u00a0<i class=\"fa fa-file-pdf \" ><\/i><\/a><\/p>\n","protected":false},"excerpt":{"rendered":"<p>2025-05-16 Konferencija \u201eLygias galimybes suteikiantis ugdymas\u201c Registracija Programa Seminaro med\u017eiaga 2024-12-05\/06 Konferencija &#8211; seminaras \u201eSocialinio ir emocinio ugdymo b\u016bkl\u0117 geros mokyklos koncepcijos kontekste\u201c Registracija Programa Seminaro med\u017eiaga 2024-06-20\/21\u00a0Konferencija \u2013\u00a0seminaras \u201eT\u016bkstantme\u010dio mokyklos 2030 \u2013 link pusiaukel\u0117s\u201c Registracija Programa Seminaro med\u017eiaga 2023-12-07\/08&nbsp;<a href=\"https:\/\/www.nsa.smsm.lt\/old\/istaigu-vertinimas\/valstybine-svietimo-prieziura\/savivaldybiu-svietimo-padaliniu-ir-svietimo-teikeju-konsultavimas\/\" class=\"placiau\">Pla\u010diau <i class=\"fa fa-caret-right\"><\/i><\/a><\/p>\n","protected":false},"author":1,"featured_media":0,"parent":36698,"menu_order":0,"comment_status":"closed","ping_status":"closed","template":"page-istaigu-vertinimas.php","meta":{"_acf_changed":false,"footnotes":""},"class_list":["post-36700","page","type-page","status-publish","hentry"],"acf":[],"_links":{"self":[{"href":"https:\/\/www.nsa.smsm.lt\/old\/wp-json\/wp\/v2\/pages\/36700","targetHints":{"allow":["GET"]}}],"collection":[{"href":"https:\/\/www.nsa.smsm.lt\/old\/wp-json\/wp\/v2\/pages"}],"about":[{"href":"https:\/\/www.nsa.smsm.lt\/old\/wp-json\/wp\/v2\/types\/page"}],"author":[{"embeddable":true,"href":"https:\/\/www.nsa.smsm.lt\/old\/wp-json\/wp\/v2\/users\/1"}],"replies":[{"embeddable":true,"href":"https:\/\/www.nsa.smsm.lt\/old\/wp-json\/wp\/v2\/comments?post=36700"}],"version-history":[{"count":6,"href":"https:\/\/www.nsa.smsm.lt\/old\/wp-json\/wp\/v2\/pages\/36700\/revisions"}],"predecessor-version":[{"id":43102,"href":"https:\/\/www.nsa.smsm.lt\/old\/wp-json\/wp\/v2\/pages\/36700\/revisions\/43102"}],"up":[{"embeddable":true,"href":"https:\/\/www.nsa.smsm.lt\/old\/wp-json\/wp\/v2\/pages\/36698"}],"wp:attachment":[{"href":"https:\/\/www.nsa.smsm.lt\/old\/wp-json\/wp\/v2\/media?parent=36700"}],"curies":[{"name":"wp","href":"https:\/\/api.w.org\/{rel}","templated":true}]}}