{"id":35965,"date":"2025-05-28T08:10:04","date_gmt":"2025-05-28T06:10:04","guid":{"rendered":"https:\/\/www.nsa.smsm.lt\/old\/?page_id=35965"},"modified":"2025-05-28T08:17:01","modified_gmt":"2025-05-28T06:17:01","slug":"informatika","status":"publish","type":"page","link":"https:\/\/www.nsa.smsm.lt\/old\/egzaminai-ir-pasiekimu-patikrinimai\/2024-2025-m-pasiekimu-patikrinimai\/informatika\/","title":{"rendered":"Informatika"},"content":{"rendered":"<h2>2024 &#8211; 2025 m. m.<\/h2>\n<p><a href=\"https:\/\/beta.etestavimas.lt\/tests\/view\/4ec5a9b313df\/551\">Informatikos valstybinio brandos egzamino pirma dalis. U\u017eduoties pavyzdys<\/a><\/p>\n<p><a href=\"https:\/\/www.nsa.smsm.lt\/old\/old\/wp-content\/uploads\/2024\/09\/1-dalies-IT-VBE-vertinimo-instrukcija_FIN.pdf\">Informatikos valstybinio brandos egzamino pirmos dalies kandidat\u0173 darb\u0173 vertinimo instrukcija<\/a><\/p>\n<p><a href=\"https:\/\/beta.etestavimas.lt\/tests\/view\/bf87c006ba60\/552\">Informatikos valstybinio brandos egzamino antra dalis. U\u017eduoties pavyzdys.<\/a><\/p>\n<p><a href=\"https:\/\/www.nsa.smsm.lt\/old\/old\/wp-content\/uploads\/2024\/09\/2-dalis.-Informatikos-VBE-uzduotis_FIN.pdf\">Informatikos valstybinio brandos egzamino antros dalies u\u017eduotis<\/a><\/p>\n<p>Duomen\u0173 tyrybos u\u017eduoties failai: <a href=\"https:\/\/www.nsa.smsm.lt\/old\/old\/wp-content\/uploads\/2024\/09\/Informatikos-papildomi-failai.zip\">parsisi\u0173sti<\/a>.<\/p>\n<p>Programavimo u\u017eduoties failai: <a href=\"https:\/\/www.nsa.smsm.lt\/old\/old\/wp-content\/uploads\/2024\/09\/Ats._-Informatikos-papildomi-failai.zip\">parsisi\u0173sti<\/a>.<\/p>\n<p><a href=\"https:\/\/www.nsa.smsm.lt\/old\/old\/wp-content\/uploads\/2024\/09\/2-dalis.-Informatikos-VBE-vertinimo-instrukcija_FIN-2024-09-13-1.pdf\">Informatikos valstybinio brandos egzamino antros dalies kandidat\u0173 darb\u0173 vertinimo instrukcija<\/a><\/p>\n<div class=\"elementToProof\"><u><a id=\"OWAb867b17c-3617-58b6-c889-b1350d005398\" class=\"OWAAutoLink\" href=\"https:\/\/sourceforge.net\/projects\/codeblocks\/files\/Binaries\/17.12\/Windows\/codeblocks-17.12mingw-setup.exe\">CodeBlocks 17.12 programavimo aplinka<\/a><\/u><\/div>\n<div class=\"elementToProof\"><u><a id=\"OWA35a48371-4689-fb40-c16a-eb52f73085a2\" class=\"OWAAutoLink\" href=\"https:\/\/www.codeblocks.org\/downloads\/binaries\">Naujesn\u0117s Codeblocks programavimo aplinkos versijos<\/a><\/u><\/div>\n<div class=\"elementToProof\"><u><a id=\"OWA7efae566-4bc5-8b2e-53ca-7629693c0455\" class=\"OWAAutoLink\" href=\"https:\/\/www.nsa.smsm.lt\/old\/old\/wp-content\/uploads\/IT\/smauglys_installer__32bit.exe\">\u201eLR N\u0160A Python\u201c programavimo aplinka 32-bit\u00a0<\/a><\/u><br \/>\n<u><a id=\"OWAee3366ea-69fa-dbfe-84ce-ebca2d9bdd29\" class=\"OWAAutoLink\" href=\"https:\/\/www.nsa.smsm.lt\/old\/old\/wp-content\/uploads\/IT\/smauglys_installer__64bit.exe\">\u201eLR N\u0160A Python\u201c programavimo aplinka 64-bit\u00a0<\/a><\/u><\/div>\n<h2>2023 &#8211; 2024 m. m.<\/h2>\n<p><a href=\"https:\/\/beta.etestavimas.lt\/tests\/view\/3e24c7ee05a4\/442\" target=\"_blank\" rel=\"noopener\">Informatikos tarpinio patikrinimo u\u017eduoties pavyzdys<\/a> BETA<\/p>\n<p><a role=\"link\" href=\"https:\/\/www.nsa.smsm.lt\/old\/old\/wp-content\/uploads\/2023\/09\/INFORMATIKA_TP_atsalymai.pdf\">Informatikos tarpinio patikrinimo u\u017eduoties pavyzd\u017eio vertinimo instrukcija<\/a><\/p>\n<p><a href=\"https:\/\/www.nsa.smsm.lt\/old\/old\/wp-content\/uploads\/2023\/08\/2023-08-14_Informatikos_BE_uzd_pavyzdys_08-22.pdf\">Informatikos brandos egzamino u\u017eduoties pavyzdys<\/a> PDF (s\u0105siuvinis)<\/p>\n<p>Duomen\u0173 tyrybos u\u017eduoties failai: <a href=\"https:\/\/www.nsa.smsm.lt\/old\/old\/wp-content\/uploads\/2024\/12\/DT_bandomasis_2024.xlsx\" target=\"_blank\" rel=\"noopener\">parsisi\u0173sti<\/a>.<\/p>\n<p>Programavimo u\u017eduoties failai: <a href=\"https:\/\/rmnsa.blob.core.windows.net\/nsastorage\/2023tp\/Eurovizija.csv\" target=\"_blank\" rel=\"noopener\">parsisi\u0173sti<\/a>.<\/p>\n<p><a href=\"https:\/\/www.nsa.smsm.lt\/old\/old\/wp-content\/uploads\/2023\/08\/2023-08-14_Informatikos_BE_uzd_pvz_Vertinimo-instrukcija.pdf\">Informatikos brandos egzamino u\u017eduoties pavyzd\u017eio kandidat\u0173 darb\u0173 vertinimo instrukcija<\/a> PDF<\/p>\n<p><a href=\"https:\/\/www.nsa.smsm.lt\/old\/old\/wp-content\/uploads\/2020\/12\/1871_devcpp-4.9.9.2_setup.exe\" target=\"_blank\" rel=\"noopener\">Dev C++ programavimo aplinka<\/a><br \/>\n<a href=\"https:\/\/kumisystems.dl.sourceforge.net\/project\/orwelldevcpp\/Setup%20Releases\/Dev-Cpp%205.11%20TDM-GCC%204.9.2%20Setup.exe\" target=\"_blank\" rel=\"noopener\">Dev C++ 5.11 programavimo aplinka<\/a><br \/>\n<a href=\"https:\/\/www.nsa.smsm.lt\/old\/old\/wp-content\/uploads\/2020\/12\/codeblocks-10.05mingw-setup.exe\" target=\"_blank\" rel=\"noopener\">Codeblocks 10.05 programavimo aplinka<\/a><br \/>\nNaujesn\u0117s Codeblocks programavimo aplinkos versijos (<a href=\"https:\/\/sourceforge.net\/projects\/codeblocks\/files\/Binaries\/20.03\/Windows\/codeblocks-20.03mingw-setup.exe\">MINGW<\/a>)<\/p>\n<p><a href=\"https:\/\/sourceforge.net\/projects\/codeblocks\/files\/Binaries\/12.11\/Windows\/codeblocks-12.11mingw-setup.exe\/download\">Codeblocks 12.11 programavimo aplinka<\/a><\/p>\n<p><a href=\"https:\/\/www.nsa.smsm.lt\/old\/old\/wp-content\/uploads\/IT\/smauglys_installer__32bit.exe\">\u201eLR N\u0160A Python\u201c programavimo aplinka 32-bit\u00a0<\/a><br \/>\n<a href=\"https:\/\/www.nsa.smsm.lt\/old\/old\/wp-content\/uploads\/IT\/smauglys_installer__64bit.exe\">\u201eLR N\u0160A Python\u201c programavimo aplinka 64-bit\u00a0<\/a><\/p>\n","protected":false},"excerpt":{"rendered":"<p>2024 &#8211; 2025 m. m. Informatikos valstybinio brandos egzamino pirma dalis. U\u017eduoties pavyzdys Informatikos valstybinio brandos egzamino pirmos dalies kandidat\u0173 darb\u0173 vertinimo instrukcija Informatikos valstybinio brandos egzamino antra dalis. U\u017eduoties pavyzdys. Informatikos valstybinio brandos egzamino antros dalies u\u017eduotis Duomen\u0173 tyrybos&nbsp;<a href=\"https:\/\/www.nsa.smsm.lt\/old\/egzaminai-ir-pasiekimu-patikrinimai\/2024-2025-m-pasiekimu-patikrinimai\/informatika\/\" class=\"placiau\">Pla\u010diau <i class=\"fa fa-caret-right\"><\/i><\/a><\/p>\n","protected":false},"author":1,"featured_media":0,"parent":34932,"menu_order":0,"comment_status":"closed","ping_status":"closed","template":"page-2024pasiekimas.php","meta":{"_acf_changed":false,"footnotes":""},"class_list":["post-35965","page","type-page","status-publish","hentry"],"acf":[],"_links":{"self":[{"href":"https:\/\/www.nsa.smsm.lt\/old\/wp-json\/wp\/v2\/pages\/35965","targetHints":{"allow":["GET"]}}],"collection":[{"href":"https:\/\/www.nsa.smsm.lt\/old\/wp-json\/wp\/v2\/pages"}],"about":[{"href":"https:\/\/www.nsa.smsm.lt\/old\/wp-json\/wp\/v2\/types\/page"}],"author":[{"embeddable":true,"href":"https:\/\/www.nsa.smsm.lt\/old\/wp-json\/wp\/v2\/users\/1"}],"replies":[{"embeddable":true,"href":"https:\/\/www.nsa.smsm.lt\/old\/wp-json\/wp\/v2\/comments?post=35965"}],"version-history":[{"count":20,"href":"https:\/\/www.nsa.smsm.lt\/old\/wp-json\/wp\/v2\/pages\/35965\/revisions"}],"predecessor-version":[{"id":43152,"href":"https:\/\/www.nsa.smsm.lt\/old\/wp-json\/wp\/v2\/pages\/35965\/revisions\/43152"}],"up":[{"embeddable":true,"href":"https:\/\/www.nsa.smsm.lt\/old\/wp-json\/wp\/v2\/pages\/34932"}],"wp:attachment":[{"href":"https:\/\/www.nsa.smsm.lt\/old\/wp-json\/wp\/v2\/media?parent=35965"}],"curies":[{"name":"wp","href":"https:\/\/api.w.org\/{rel}","templated":true}]}}