{"id":35943,"date":"2024-01-09T07:56:47","date_gmt":"2024-01-09T05:56:47","guid":{"rendered":"https:\/\/www.nsa.smsm.lt\/old\/?page_id=35943"},"modified":"2024-09-19T13:16:09","modified_gmt":"2024-09-19T11:16:09","slug":"ekonomika-ir-verslumas","status":"publish","type":"page","link":"https:\/\/www.nsa.smsm.lt\/old\/egzaminai-ir-pasiekimu-patikrinimai\/2024-2025-m-pasiekimu-patikrinimai\/ekonomika-ir-verslumas\/","title":{"rendered":"Ekonomika ir verslumas"},"content":{"rendered":"<h2>2024 &#8211; 2025 m. m.<\/h2>\n<p><a href=\"https:\/\/beta.etestavimas.lt\/tests\/view\/a9dba000e46e\/547\">Ekonomikos ir verslumo valstybinio brandos egzamino pirma dalis. U\u017eduoties pavyzdys<\/a><\/p>\n<p><a href=\"https:\/\/www.nsa.smsm.lt\/old\/old\/wp-content\/uploads\/2024\/09\/EKO_pav_VBE1_vertinimo-instrukcija_ok1.pdf\">Ekonomikos ir verslumo valstybinio brandos egzamino pirmos dalies kandidat\u0173 darb\u0173 vertinimo instrukcija<\/a><\/p>\n<p><a href=\"https:\/\/www.nsa.smsm.lt\/old\/old\/wp-content\/uploads\/2024\/09\/EKO_VBE_8.26-_koreguota-09.19.pdf\">Ekonomikos ir verslumo valstybinio brandos egzamino antros dalies u\u017eduotis<\/a><\/p>\n<p><a href=\"https:\/\/www.nsa.smsm.lt\/old\/old\/wp-content\/uploads\/2024\/09\/EKO_VBE2_vertinimo-instrukcija-_08.26_koraguota-09.19.pdf\">Ekonomikos ir verslumo valstybinio brandos egzamino antros dalies kandidat\u0173 darb\u0173 vertinimo instrukcija<\/a><\/p>\n<h2>2023 &#8211; 2024 m. m.<\/h2>\n<p><a href=\"https:\/\/beta.etestavimas.lt\/tests\/view\/6d5e9d1bf01e\/440\">Ekonomikos ir verslumo tarpinio patikrinimo u\u017eduoties pavyzdys<\/a><\/p>\n<p><a href=\"https:\/\/www.nsa.smsm.lt\/old\/old\/wp-content\/uploads\/2023\/09\/EKONOMIKA_TP_atsakymai.pdf\">Ekonomikos ir verslumo tarpinio patikrinimo u\u017eduoties pavyzd\u017eio vertinimo instrukcija<\/a><\/p>\n<p><a href=\"https:\/\/www.nsa.smsm.lt\/old\/old\/wp-content\/uploads\/2023\/11\/2023_EKO_BE-pvz-uzduotis-R1.pdf\">Ekonomikos ir verslumo brandos egzamino u\u017eduoties pavyzdys<\/a><\/p>\n<p><a href=\"https:\/\/www.nsa.smsm.lt\/old\/old\/wp-content\/uploads\/2023\/11\/2023_EKO_BE-pvz-vertinimo-instrukcija-R1.pdf\">Ekonomikos ir verslumo brandos egzamino u\u017eduoties pavyzd\u017eio vertinimo instrukcija<\/a><\/p>\n","protected":false},"excerpt":{"rendered":"<p>2024 &#8211; 2025 m. m. Ekonomikos ir verslumo valstybinio brandos egzamino pirma dalis. U\u017eduoties pavyzdys Ekonomikos ir verslumo valstybinio brandos egzamino pirmos dalies kandidat\u0173 darb\u0173 vertinimo instrukcija Ekonomikos ir verslumo valstybinio brandos egzamino antros dalies u\u017eduotis Ekonomikos ir verslumo valstybinio&nbsp;<a href=\"https:\/\/www.nsa.smsm.lt\/old\/egzaminai-ir-pasiekimu-patikrinimai\/2024-2025-m-pasiekimu-patikrinimai\/ekonomika-ir-verslumas\/\" class=\"placiau\">Pla\u010diau <i class=\"fa fa-caret-right\"><\/i><\/a><\/p>\n","protected":false},"author":1,"featured_media":0,"parent":34932,"menu_order":0,"comment_status":"closed","ping_status":"closed","template":"page-2024pasiekimas.php","meta":{"_acf_changed":false,"footnotes":""},"class_list":["post-35943","page","type-page","status-publish","hentry"],"acf":[],"_links":{"self":[{"href":"https:\/\/www.nsa.smsm.lt\/old\/wp-json\/wp\/v2\/pages\/35943","targetHints":{"allow":["GET"]}}],"collection":[{"href":"https:\/\/www.nsa.smsm.lt\/old\/wp-json\/wp\/v2\/pages"}],"about":[{"href":"https:\/\/www.nsa.smsm.lt\/old\/wp-json\/wp\/v2\/types\/page"}],"author":[{"embeddable":true,"href":"https:\/\/www.nsa.smsm.lt\/old\/wp-json\/wp\/v2\/users\/1"}],"replies":[{"embeddable":true,"href":"https:\/\/www.nsa.smsm.lt\/old\/wp-json\/wp\/v2\/comments?post=35943"}],"version-history":[{"count":12,"href":"https:\/\/www.nsa.smsm.lt\/old\/wp-json\/wp\/v2\/pages\/35943\/revisions"}],"predecessor-version":[{"id":40969,"href":"https:\/\/www.nsa.smsm.lt\/old\/wp-json\/wp\/v2\/pages\/35943\/revisions\/40969"}],"up":[{"embeddable":true,"href":"https:\/\/www.nsa.smsm.lt\/old\/wp-json\/wp\/v2\/pages\/34932"}],"wp:attachment":[{"href":"https:\/\/www.nsa.smsm.lt\/old\/wp-json\/wp\/v2\/media?parent=35943"}],"curies":[{"name":"wp","href":"https:\/\/api.w.org\/{rel}","templated":true}]}}