{"id":35820,"date":"2024-12-03T05:49:01","date_gmt":"2024-12-03T03:49:01","guid":{"rendered":"https:\/\/www.nsa.smsm.lt\/old\/?page_id=35820"},"modified":"2025-01-08T11:06:52","modified_gmt":"2025-01-08T09:06:52","slug":"uzsienio-kalbos-anglu-prancuzu-vokieciu","status":"publish","type":"page","link":"https:\/\/www.nsa.smsm.lt\/old\/egzaminai-ir-pasiekimu-patikrinimai\/2024-2025-m-pasiekimu-patikrinimai\/uzsienio-kalbos-anglu-prancuzu-vokieciu\/","title":{"rendered":"U\u017esienio kalbos (angl\u0173, pranc\u016bz\u0173, vokie\u010di\u0173)"},"content":{"rendered":"<h2><strong>VBE I DALIS<\/strong><\/h2>\n<p><strong>\u00a0<\/strong><strong><u>Klausymo ir skaitymo u\u017eduotys<\/u><\/strong><\/p>\n<p><em>Pastaba: pavyzd\u017eiai parengti vadovaujantis senesn\u0117s redakcijos Kalb\u0173 apra\u0161u, kuriame VBE I dalis vadinama tarpiniu patikrinimu.<\/em><\/p>\n<p><a href=\"https:\/\/beta.etestavimas.lt\/tests\/view\/ec47d6811d88\/448\">U\u017esienio (angl\u0173) kalbos VBE I dalies u\u017eduoties pavyzdys<\/a><\/p>\n<p><a href=\"https:\/\/www.nsa.smsm.lt\/old\/old\/wp-content\/uploads\/2023\/09\/EN_TP_atsakymai.pdf\">U\u017esienio (angl\u0173) kalbos VBE I dalies u\u017eduoties pavyzd\u017eio vertinimo instrukcija<\/a><\/p>\n<p>&nbsp;<\/p>\n<p><a href=\"https:\/\/beta.etestavimas.lt\/tests\/view\/81559174b28b\/449\">U\u017esienio (pranc\u016bz\u0173) kalbos VBE I dalies audiovizualinio teksto supratimo u\u017eduoties pavyzdys<\/a><\/p>\n<p><a href=\"https:\/\/www.nsa.smsm.lt\/old\/old\/wp-content\/uploads\/2023\/09\/FR_TP_atsakymai.pdf\">U\u017esienio (pranc\u016bz\u0173) kalbos VBE I dalies audiovizualinio teksto supratimo u\u017eduoties pavyzd\u017eio vertinimo instrukcija<\/a><\/p>\n<p>&nbsp;<\/p>\n<p><a href=\"https:\/\/beta.etestavimas.lt\/tests\/view\/674334d0c1b2\/447\">U\u017esienio (vokie\u010di\u0173) kalbos VBE I dalies audiovizualinio teksto supratimo u\u017eduoties pavyzdys<\/a><\/p>\n<p><a href=\"https:\/\/www.nsa.smsm.lt\/old\/old\/wp-content\/uploads\/2023\/09\/DE_TP_atsakymai.pdf\">U\u017esienio (vokie\u010di\u0173) kalbos VBE I dalies audiovizualinio teksto supratimo u\u017eduoties pavyzd\u017eio vertinimo instrukcija<\/a><\/p>\n<p>&nbsp;<\/p>\n<h2><strong>VBE II DALIS<\/strong><strong>\u00a0<\/strong><\/h2>\n<p><strong><u>Kalb\u0117jimo u\u017eduotys<\/u><\/strong><\/p>\n<p><a href=\"https:\/\/www.nsa.smsm.lt\/old\/old\/wp-content\/uploads\/2024\/09\/UK-kalbejimo-atlikciu-vertinimo-lenteles-pagrindimas_20240909.pdf\">U\u017esienio (angl\u0173, pranc\u016bz\u0173, vokie\u010di\u0173) kalbos kalb\u0117jimo u\u017eduo\u010di\u0173 atlik\u010di\u0173 vertinimo lentel\u0117s pagrindimas<\/a><\/p>\n<p><a href=\"https:\/\/www.nsa.smsm.lt\/old\/old\/wp-content\/uploads\/2024\/12\/UK-VBE-kalbejimo-vertinimo-lentele_patvirtinta.pdf\" target=\"_blank\" rel=\"noopener\">U\u017esienio (angl\u0173, pranc\u016bz\u0173, vokie\u010di\u0173) kalbos valstybinio brandos egzamino antrosios dalies kalb\u0117jimo u\u017eduo\u010di\u0173 atlik\u010di\u0173 vertinimo lentel\u0117, B2+ kalbos mok\u0117jimo lygis<\/a><\/p>\n<p><a href=\"https:\/\/www.nsa.smsm.lt\/old\/old\/wp-content\/uploads\/2024\/11\/EN_VBE_kalbejimo-uzduociu-pavyzdziai_20241120.pdf\" target=\"_blank\" rel=\"noopener\">U\u017esienio (angl\u0173) kalbos kalb\u0117jimo u\u017eduo\u010di\u0173 pavyzd\u017eiai<\/a><\/p>\n<p><strong><u>Ra\u0161ymo u\u017eduotys<\/u><\/strong><\/p>\n<p><a href=\"https:\/\/www.nsa.smsm.lt\/old\/old\/wp-content\/uploads\/2024\/09\/UK_VBE_rasymo-atlikciu-vertinimo-lenteliu-pagrindimas_20240909.pdf\">U\u017esienio (angl\u0173, pranc\u016bz\u0173, vokie\u010di\u0173) kalbos ra\u0161ymo u\u017eduo\u010di\u0173 atlik\u010di\u0173 vertinimo lenteli\u0173 pagrindimas<\/a><\/p>\n<p><a href=\"https:\/\/www.nsa.smsm.lt\/old\/old\/wp-content\/uploads\/2024\/10\/UK-VBE-rasymo-vertinimo-lenteles_patvirtintos-1.pdf\" target=\"_blank\" rel=\"noopener\">U\u017esienio (angl\u0173, pranc\u016bz\u0173, vokie\u010di\u0173) kalbos valstybinio brados egzamino antrosios dalies ra\u0161ymo u\u017eduo\u010di\u0173 atlik\u010di\u0173 vertinimo lentel\u0117s, B2+ kalbos mok\u0117jimo lygis<\/a><\/p>\n<p><a href=\"https:\/\/www.nsa.smsm.lt\/old\/old\/wp-content\/uploads\/2024\/09\/EN_VBE-rasymo-uzduotys_atliktys_vertinimas_20240909.pdf\">U\u017esienio (angl\u0173) kalbos ra\u0161ymo u\u017eduo\u010di\u0173 pavyzd\u017eiai, j\u0173 atliktys ir vertinimas<\/a><\/p>\n<p><a href=\"https:\/\/www.nsa.smsm.lt\/old\/old\/wp-content\/uploads\/2024\/12\/Prancuzu_VBE_rasymo_uzduotys.pdf\">U\u017esienio (pranc\u016bz\u0173) kalbos ra\u0161ymo u\u017eduo\u010di\u0173 pavyzd\u017eiai<\/a><\/p>\n<p><a href=\"https:\/\/www.nsa.smsm.lt\/old\/old\/wp-content\/uploads\/2024\/12\/Vokieciu_VBE_rasymo_uzduotys.pdf\">U\u017esienio (vokie\u010di\u0173) kalbos ra\u0161ymo u\u017eduo\u010di\u0173 pavyzd\u017eiai<\/a><\/p>\n<p><a href=\"https:\/\/www.nsa.smsm.lt\/old\/old\/wp-content\/uploads\/2024\/10\/Uzsienio-anglu-kalbos-antros-VBE-dalies-duomenu-komentavimo-uzduotis.pdf\">Duomen\u0173 komentavimo u\u017eduoties atlikimo rekomendacijos: angl\u0173 kalba<\/a><\/p>\n<p><a href=\"https:\/\/www.nsa.smsm.lt\/old\/old\/wp-content\/uploads\/2024\/12\/Duomenu-komentavimo-rekomendacijos_FR_skelbti.pdf\">Duomen\u0173 komentavimo u\u017eduoties atlikimo rekomendacijos: pranc\u016bz\u0173 kalba<\/a><\/p>\n<p><a href=\"https:\/\/www.nsa.smsm.lt\/old\/old\/wp-content\/uploads\/2024\/12\/Duomenu-komentavimo-rekomendacijos_DE_skelbti.pdf\">Duomen\u0173 komentavimo u\u017eduoties atlikimo rekomendacijos: vokie\u010di\u0173 kalba<\/a><\/p>\n<p>&nbsp;<\/p>\n","protected":false},"excerpt":{"rendered":"<p>VBE I DALIS \u00a0Klausymo ir skaitymo u\u017eduotys Pastaba: pavyzd\u017eiai parengti vadovaujantis senesn\u0117s redakcijos Kalb\u0173 apra\u0161u, kuriame VBE I dalis vadinama tarpiniu patikrinimu. U\u017esienio (angl\u0173) kalbos VBE I dalies u\u017eduoties pavyzdys U\u017esienio (angl\u0173) kalbos VBE I dalies u\u017eduoties pavyzd\u017eio vertinimo instrukcija&nbsp;<a href=\"https:\/\/www.nsa.smsm.lt\/old\/egzaminai-ir-pasiekimu-patikrinimai\/2024-2025-m-pasiekimu-patikrinimai\/uzsienio-kalbos-anglu-prancuzu-vokieciu\/\" class=\"placiau\">Pla\u010diau <i class=\"fa fa-caret-right\"><\/i><\/a><\/p>\n","protected":false},"author":1,"featured_media":0,"parent":34932,"menu_order":0,"comment_status":"closed","ping_status":"closed","template":"page-2024pasiekimas.php","meta":{"_acf_changed":false,"footnotes":""},"class_list":["post-35820","page","type-page","status-publish","hentry"],"acf":[],"_links":{"self":[{"href":"https:\/\/www.nsa.smsm.lt\/old\/wp-json\/wp\/v2\/pages\/35820","targetHints":{"allow":["GET"]}}],"collection":[{"href":"https:\/\/www.nsa.smsm.lt\/old\/wp-json\/wp\/v2\/pages"}],"about":[{"href":"https:\/\/www.nsa.smsm.lt\/old\/wp-json\/wp\/v2\/types\/page"}],"author":[{"embeddable":true,"href":"https:\/\/www.nsa.smsm.lt\/old\/wp-json\/wp\/v2\/users\/1"}],"replies":[{"embeddable":true,"href":"https:\/\/www.nsa.smsm.lt\/old\/wp-json\/wp\/v2\/comments?post=35820"}],"version-history":[{"count":26,"href":"https:\/\/www.nsa.smsm.lt\/old\/wp-json\/wp\/v2\/pages\/35820\/revisions"}],"predecessor-version":[{"id":42092,"href":"https:\/\/www.nsa.smsm.lt\/old\/wp-json\/wp\/v2\/pages\/35820\/revisions\/42092"}],"up":[{"embeddable":true,"href":"https:\/\/www.nsa.smsm.lt\/old\/wp-json\/wp\/v2\/pages\/34932"}],"wp:attachment":[{"href":"https:\/\/www.nsa.smsm.lt\/old\/wp-json\/wp\/v2\/media?parent=35820"}],"curies":[{"name":"wp","href":"https:\/\/api.w.org\/{rel}","templated":true}]}}