{"id":35814,"date":"2024-01-09T07:42:37","date_gmt":"2024-01-09T05:42:37","guid":{"rendered":"https:\/\/www.nsa.smsm.lt\/old\/?page_id=35814"},"modified":"2024-10-31T13:53:08","modified_gmt":"2024-10-31T11:53:08","slug":"geografija","status":"publish","type":"page","link":"https:\/\/www.nsa.smsm.lt\/old\/egzaminai-ir-pasiekimu-patikrinimai\/2024-2025-m-pasiekimu-patikrinimai\/geografija\/","title":{"rendered":"Geografija"},"content":{"rendered":"<h2>2024\u20132025 m. m.<\/h2>\n<p><a href=\"https:\/\/www.nsa.smsm.lt\/old\/old\/wp-content\/uploads\/2024\/10\/GEO_pav_VBE2_2024-2025_web.pdf\" target=\"_blank\" rel=\"noopener\">Geografijos valstybinio brandos egzamino antros dalies u\u017eduoties pavyzdys<\/a><\/p>\n<p><a href=\"https:\/\/www.nsa.smsm.lt\/old\/old\/wp-content\/uploads\/2024\/10\/GEO_pav_VBE2_2024-2025_VI_web.pdf\" target=\"_blank\" rel=\"noopener\">Geografijos valstybinio brandos egzamino antros dalies u\u017eduoties pavyzd\u017eio vertinimo instrukcija<\/a><\/p>\n<h2>2025 &#8211; 2026 m. m.<\/h2>\n<p><a href=\"https:\/\/www.nsa.smsm.lt\/old\/old\/wp-content\/uploads\/2024\/10\/GEO_rasinys_PVZvisi-lygiai_BG.pdf\">Geografijos valstybinio brandos egzamino antros dalies samprotaujamo pob\u016bd\u017eio teksto (geografijos argumentuoto teksto) k\u016brimo u\u017eduotis ir jos atliktys<\/a><\/p>\n<h2>2023 &#8211; 2024 m. m.<\/h2>\n<p><a href=\"https:\/\/beta.etestavimas.lt\/tests\/view\/87600c7d69ac\/435\">Geografijos tarpinio patikrinimo u\u017eduoties pavyzdys<\/a><\/p>\n<p><a href=\"https:\/\/www.nsa.smsm.lt\/old\/old\/wp-content\/uploads\/2023\/08\/2023_GEO_VBE_rasinys_pavyzdys.pdf\">Geografijos brandos egzamino u\u017eduoties pavyzdys<\/a><\/p>\n<p><a href=\"https:\/\/www.nsa.smsm.lt\/old\/old\/wp-content\/uploads\/2024\/10\/SAMPROTAUJAMOJO-POBUDZIO-TEKSTO-KURIMO-RASINIO_Geografija_2024-10-30.pdf\">Geografijos samprotaujamojo pob\u016bd\u017eio teksto k\u016brimo (ra\u0161inio) vertinimo kriterijai<\/a><\/p>\n<p><a href=\"https:\/\/www.nsa.smsm.lt\/old\/old\/wp-content\/uploads\/2023\/09\/GEOGRAFIJA_TP_atsakymai.pdf\">Geografijos tarpinio patikrinimo u\u017eduoties pavyzd\u017eio vertinimo instrukcija<\/a><\/p>\n","protected":false},"excerpt":{"rendered":"<p>2024\u20132025 m. m. Geografijos valstybinio brandos egzamino antros dalies u\u017eduoties pavyzdys Geografijos valstybinio brandos egzamino antros dalies u\u017eduoties pavyzd\u017eio vertinimo instrukcija 2025 &#8211; 2026 m. m. Geografijos valstybinio brandos egzamino antros dalies samprotaujamo pob\u016bd\u017eio teksto (geografijos argumentuoto teksto) k\u016brimo u\u017eduotis&nbsp;<a href=\"https:\/\/www.nsa.smsm.lt\/old\/egzaminai-ir-pasiekimu-patikrinimai\/2024-2025-m-pasiekimu-patikrinimai\/geografija\/\" class=\"placiau\">Pla\u010diau <i class=\"fa fa-caret-right\"><\/i><\/a><\/p>\n","protected":false},"author":1,"featured_media":0,"parent":34932,"menu_order":0,"comment_status":"closed","ping_status":"closed","template":"page-2024pasiekimas.php","meta":{"_acf_changed":false,"footnotes":""},"class_list":["post-35814","page","type-page","status-publish","hentry"],"acf":[],"_links":{"self":[{"href":"https:\/\/www.nsa.smsm.lt\/old\/wp-json\/wp\/v2\/pages\/35814","targetHints":{"allow":["GET"]}}],"collection":[{"href":"https:\/\/www.nsa.smsm.lt\/old\/wp-json\/wp\/v2\/pages"}],"about":[{"href":"https:\/\/www.nsa.smsm.lt\/old\/wp-json\/wp\/v2\/types\/page"}],"author":[{"embeddable":true,"href":"https:\/\/www.nsa.smsm.lt\/old\/wp-json\/wp\/v2\/users\/1"}],"replies":[{"embeddable":true,"href":"https:\/\/www.nsa.smsm.lt\/old\/wp-json\/wp\/v2\/comments?post=35814"}],"version-history":[{"count":14,"href":"https:\/\/www.nsa.smsm.lt\/old\/wp-json\/wp\/v2\/pages\/35814\/revisions"}],"predecessor-version":[{"id":41431,"href":"https:\/\/www.nsa.smsm.lt\/old\/wp-json\/wp\/v2\/pages\/35814\/revisions\/41431"}],"up":[{"embeddable":true,"href":"https:\/\/www.nsa.smsm.lt\/old\/wp-json\/wp\/v2\/pages\/34932"}],"wp:attachment":[{"href":"https:\/\/www.nsa.smsm.lt\/old\/wp-json\/wp\/v2\/media?parent=35814"}],"curies":[{"name":"wp","href":"https:\/\/api.w.org\/{rel}","templated":true}]}}