{"id":35811,"date":"2024-02-19T06:41:10","date_gmt":"2024-02-19T04:41:10","guid":{"rendered":"https:\/\/www.nsa.smsm.lt\/old\/?page_id=35811"},"modified":"2024-11-28T10:34:59","modified_gmt":"2024-11-28T08:34:59","slug":"lietuviu-kalba","status":"publish","type":"page","link":"https:\/\/www.nsa.smsm.lt\/old\/egzaminai-ir-pasiekimu-patikrinimai\/2024-2025-m-pasiekimu-patikrinimai\/lietuviu-kalba\/","title":{"rendered":"Lietuvi\u0173 kalba"},"content":{"rendered":"<h2>2024 &#8211; 2025 m. m.<\/h2>\n<p><a href=\"https:\/\/www.nsa.smsm.lt\/old\/old\/wp-content\/uploads\/2024\/09\/PROBLEMINIO-KLAUSIMO-SVARSTYMAS.Uzduotis-ir-paaiskinimas.pdf\">Probleminio klausimo svarstymas. U\u017eduoties pristatymas ir paai\u0161kinimas<\/a><\/p>\n<p><a href=\"https:\/\/www.nsa.smsm.lt\/old\/old\/wp-content\/uploads\/2024\/09\/Aukstesniojo-lygio-probleminio-klausimo-darbu-pavyzdziai-ir-vertinimas.pdf\">Probleminio klausimo svarstymas. Auk\u0161tesniojo lygio darb\u0173 pavyzd\u017eiai ir j\u0173 vertinimas<\/a><\/p>\n<p><a href=\"https:\/\/www.nsa.smsm.lt\/old\/old\/wp-content\/uploads\/2024\/09\/GROZINIO-TEKSTO-INTERPRETAVIMAS.Uzduotis-ir-paaiskinimas.pdf\">Gro\u017einio teksto interpretavimas. U\u017eduoties pristatymas ir paai\u0161kinimas<\/a><\/p>\n<p><a href=\"https:\/\/www.nsa.smsm.lt\/old\/old\/wp-content\/uploads\/2024\/09\/GROZINIO-TEKSTO-INTERPRETAVIMAS.Auksteniojo-lygio-darbu-pavyzdziai-ir-ju-vertinimas.pdf\">Gro\u017einio teksto interpretavimas. Auk\u0161tesniojo lygio darb\u0173 pavyzd\u017eiai ir j\u0173 vertinimas<\/a><\/p>\n<p><a href=\"https:\/\/www.nsa.smsm.lt\/old\/old\/wp-content\/uploads\/2024\/11\/VBEIIkriterijaibendrinimui_24-11-18final.pdf\" target=\"_blank\" rel=\"noopener\">Lietuvi\u0173 kalbos ir literat\u016bros valstybinio brandos egzamino antrosios dalies u\u017eduoties bendrieji vertinimo kriterijai<\/a><\/p>\n<p><a href=\"https:\/\/www.nsa.smsm.lt\/old\/old\/wp-content\/uploads\/2024\/11\/Lietuviu-kalbos-ir-literaturos_BK_LS_20242025.pdf\" target=\"_blank\" rel=\"noopener\">Lietuvi\u0173 kalbos ir literat\u016bros kurso gro\u017eini\u0173 k\u016brini\u0173 s\u0105ra\u0161as III\u2013IV gimnazijos klas\u0117ms. Bendrasis kursas<\/a><\/p>\n<p><a href=\"https:\/\/www.nsa.smsm.lt\/old\/old\/wp-content\/uploads\/2024\/11\/Lietuviu-kalbos-ir-literaturos_IK_LS_20242025.pdf\" target=\"_blank\" rel=\"noopener\">Lietuvi\u0173 kalbos ir literat\u016bros kurso gro\u017eini\u0173 k\u016brini\u0173 s\u0105ra\u0161as III\u2013IV gimnazijos klas\u0117ms. I\u0161pl\u0117stinis kursas<\/a><\/p>\n<h2>2023 &#8211; 2024 m. m.<\/h2>\n<p><a href=\"https:\/\/www.nsa.smsm.lt\/old\/old\/wp-content\/uploads\/2024\/02\/2024_LKL_TP1_vertinimokriterijai_TVIRTINTI.redJU_.pdf\">\u012esakymas d\u0117l lietuvi\u0173 kalbos ir literat\u016bros pirmojo tarpinio patikrinimo u\u017eduoties bendr\u0173j\u0173 vertinimo kriteriju\u0328 patvirtinimo <\/a><\/p>\n<p><b>I tarpinis patikrinimas (kalb\u0117jimo dalis) <\/b><\/p>\n<p><a href=\"https:\/\/www.nsa.smsm.lt\/old\/old\/wp-content\/uploads\/2023\/05\/Bendrasis-tarpinis_I_20230523.pdf\">Lietuvi\u0173 kalbos ir literat\u016bros bendrojo kurso pirmojo tarpinio patikrinimo u\u017eduoties pavyzdys<\/a><\/p>\n<p><a href=\"https:\/\/www.nsa.smsm.lt\/old\/old\/wp-content\/uploads\/2023\/05\/Islestinis_I-tarpinis_20230523.pdf\">Lietuvi\u0173 kalbos ir literat\u016bros i\u0161pl\u0117stinio kurso pirmojo tarpinio patikrinimo u\u017eduoties pavyzdys<\/a><\/p>\n<p><a href=\"https:\/\/www.nsa.smsm.lt\/old\/old\/wp-content\/uploads\/2024\/02\/2024_LKL_TP1_vertinimokriterijai_TVIRTINTI.redJU_.pdf\">Lietuvi\u0173 kalbos ir literat\u016bros bendrojo ir i\u0161pl\u0117stinio kurs\u0173 pirmojo tarpinio patikrinimo u\u017eduoties vertinimo instrukcija<\/a><\/p>\n<p><a href=\"https:\/\/www.nsa.smsm.lt\/old\/old\/wp-content\/uploads\/2023\/09\/Vertinimo-instrukcija_II-tarpinis_bendrasis-kursas-R.pdf\">Lietuvi\u0173 kalbos ir literat\u016bros\u00a0bendrojo kurso antrojo tarpinio patikrinimo u\u017eduoties vertinimo instrukcija<\/a><\/p>\n<p><a href=\"https:\/\/www.nsa.smsm.lt\/old\/old\/wp-content\/uploads\/2023\/09\/Vertinimo-instrukcija_II-tarpinis_isplestinis-kursas-R.pdf\">Lietuvi\u0173 kalbos ir literat\u016bros\u00a0i\u0161pl\u0117stinio kurso antrojo tarpinio patikrinimo u\u017eduoties vertinimo instrukcija<\/a><\/p>\n<p><a href=\"https:\/\/www.nsa.smsm.lt\/old\/old\/wp-content\/uploads\/2023\/06\/Kalbejimo-uzduociu-atliktys_lygiai.docx\">Kalb\u0117jimo u\u017eduo\u010di\u0173 atliktys<\/a><\/p>\n<p><a href=\"https:\/\/www.nsa.smsm.lt\/old\/old\/wp-content\/uploads\/LKL2023garsas.zip\">Atlik\u010di\u0173 garso \u012fra\u0161ai (atitinkam\u0105 \u012fra\u0161\u0105 galima susirasti pagal garso \u012fra\u0161o kod\u0105)<\/a><\/p>\n<p><a href=\"https:\/\/beta.etestavimas.lt\/tests\/view\/nIgTM7sVWJMQCuIq6kIsHd7sFahzMhQOaJxaCkZuVafapxHz1nl2nS-wFxvZmmUHWKfHnhd_4L0Sa3fm-wG5ZvD9kl2bmrhCFMPHR-qXP2bfHXEv52FbrkBZZHiklnX89G-MR8hlGGxO7WWZoYHZjDL7Rzgq3UPHdEp3PrkCxPxYnOI7G2gOA_yiby_rt0RsGQIie_f7N01bhdGj6DW6tfw_sMY-JVGMHbhQt24uK5mZT5BasNlQk6g36n4ZGKg9LA7JCfbB4UwEXjIfSo6OpA\">Lietuvi\u0173 kalbos ir literat\u016bros bendrojo kurso pirmojo tarpinio patikrinimo u\u017eduoties pavyzdys (1 variantas)<\/a><em>\u00a0<\/em><\/p>\n<p><a href=\"https:\/\/beta.etestavimas.lt\/tests\/view\/nIgTM7sVWJMQCuIq6kIsHd7sFahzMhQOaJxaCkZuVafapxHz1nl2nS-wFxvZmmUHWKfHnhd_4L0Sa3fm-wG5ZvD9kl2bmrhCFMPHR-qXP2bfHXEv52FbrkBZZHiklnX89G-MR8hlGGxO7WWZoYHZjDL7Rzgq3UPHdEp3PrkCxPxYnOI7G2gOA_yiby_rt0RsGQIie_f7N01bhdGj6DW6tQKU7AP169Hn_5VhhpyxdGLgJRhS5P3h4idbDU6U3lsvuXWjVvwrqLAtQM6UVNEbZw\">Lietuvi\u0173 kalbos ir literat\u016bros bendrojo kurso pirmojo tarpinio patikrinimo u\u017eduoties pavyzdys (2 variantas)<\/a><\/p>\n<p><a href=\"https:\/\/beta.etestavimas.lt\/tests\/view\/nIgTM7sVWJMQCuIq6kIsHd7sFahzMhQOaJxaCkZuVafapxHz1nl2nS-wFxvZmmUHWKfHnhd_4L0Sa3fm-wG5ZvD9kl2bmrhCFMPHR-qXP2bfHXEv52FbrkBZZHiklnX89G-MR8hlGGxO7WWZoYHZjDL7Rzgq3UPHdEp3PrkCxPxYnOI7G2gOA_yiby_rt0RsJ7pqsjRRoLPnCi2Qv7b32DyqmHCYzlzxBZl45kbKFBZjhhxLaQP6IPNkHZliX3GDxOz1XH9kEvF5qOJvLSgSBw\">Lietuvi\u0173 kalbos ir literat\u016bros i\u0161pl\u0117stinio kurso pirmojo tarpinio patikrinimo u\u017eduoties pavyzdys<\/a><\/p>\n<p><b>II tarpinis patikrinimas (skaitymo dalis<\/b><strong>)<\/strong><\/p>\n<p><a id=\"OWA08fb3ffb-db60-55d0-5299-8bb75f00e93f\" class=\"OWAAutoLink\" href=\"https:\/\/beta.etestavimas.lt\/tests\/view\/c64f235b8521\/481\">BETA ITS | Informacin\u0117 elektroninio testavimo sistema (etestavimas.lt)<\/a><\/p>\n<p><a href=\"https:\/\/beta.etestavimas.lt\/tests\/view\/nIgTM7sVWJMQCuIq6kIsHd7sFahzMhQOaJxaCkZuVafapxHz1nl2nS-wFxvZmmUHWKfHnhd_4L0Sa3fm-wG5ZvD9kl2bmrhCFMPHR-qXP2bfHXEv52FbrkBZZHiklnX89G-MR8hlGGxO7WWZoYHZjDL7Rzgq3UPHdEp3PrkCxPxYnOI7G2gOA_yiby_rt0Rsv9GMJJ3MoVZEeTcr2UCBOcWwxQDYMVcV-bKjdCAcrBuxQ28qvGiyHTldf2z5Ops7GUhMY0ooQCFsrPU1Ci419A\">Lietuvi\u0173 kalbos ir literat\u016bros bendrojo kurso antrojo tarpinio patikrinimo u\u017eduoties pavyzdys<\/a><\/p>\n<p><b>Brandos egzaminas (ra\u0161ymo dalis)<\/b><\/p>\n<p><a href=\"https:\/\/www.nsa.smsm.lt\/old\/old\/wp-content\/uploads\/2023\/08\/LKL-BE_Uzduotys_isplestiniam_ir_bendrajam_kursui_2023.pdf\">Lietuvi\u0173 kalbos ir literat\u016bros i\u0161pl\u0117stinio ir bendrojo kurso brandos egzamin\u0173 u\u017eduo\u010di\u0173 pavyzd\u017eiai<\/a><\/p>\n<p><a href=\"https:\/\/www.nsa.smsm.lt\/old\/old\/wp-content\/uploads\/2023\/12\/VBE-rasymo-uzduociu-vertinimo-instrukcijos-paaiskinimas_20231117.pdf\">Lietuvi\u0173 kalbos ir literat\u016bros brandos egzamino ra\u0161ymo u\u017eduoties vertinimo instrukcijos paai\u0161kinimas<\/a><\/p>\n<p><a href=\"https:\/\/www.nsa.smsm.lt\/old\/old\/wp-content\/uploads\/2023\/12\/LKL_BE-rasymo-uzduociu-turinio-ir-kalbos-taisyklingumo-vertinimo-instrukcija-lenteles_2023.pdf\">Lietuvi\u0173 kalbos ir literat\u016bros brandos egzamino (ra\u0161ymo dalies) vertinimo instrukcija<\/a><\/p>\n","protected":false},"excerpt":{"rendered":"<p>2024 &#8211; 2025 m. m. Probleminio klausimo svarstymas. U\u017eduoties pristatymas ir paai\u0161kinimas Probleminio klausimo svarstymas. Auk\u0161tesniojo lygio darb\u0173 pavyzd\u017eiai ir j\u0173 vertinimas Gro\u017einio teksto interpretavimas. U\u017eduoties pristatymas ir paai\u0161kinimas Gro\u017einio teksto interpretavimas. Auk\u0161tesniojo lygio darb\u0173 pavyzd\u017eiai ir j\u0173 vertinimas Lietuvi\u0173&nbsp;<a href=\"https:\/\/www.nsa.smsm.lt\/old\/egzaminai-ir-pasiekimu-patikrinimai\/2024-2025-m-pasiekimu-patikrinimai\/lietuviu-kalba\/\" class=\"placiau\">Pla\u010diau <i class=\"fa fa-caret-right\"><\/i><\/a><\/p>\n","protected":false},"author":1,"featured_media":0,"parent":34932,"menu_order":0,"comment_status":"closed","ping_status":"closed","template":"page-2024pasiekimas.php","meta":{"_acf_changed":false,"footnotes":""},"class_list":["post-35811","page","type-page","status-publish","hentry"],"acf":[],"_links":{"self":[{"href":"https:\/\/www.nsa.smsm.lt\/old\/wp-json\/wp\/v2\/pages\/35811","targetHints":{"allow":["GET"]}}],"collection":[{"href":"https:\/\/www.nsa.smsm.lt\/old\/wp-json\/wp\/v2\/pages"}],"about":[{"href":"https:\/\/www.nsa.smsm.lt\/old\/wp-json\/wp\/v2\/types\/page"}],"author":[{"embeddable":true,"href":"https:\/\/www.nsa.smsm.lt\/old\/wp-json\/wp\/v2\/users\/1"}],"replies":[{"embeddable":true,"href":"https:\/\/www.nsa.smsm.lt\/old\/wp-json\/wp\/v2\/comments?post=35811"}],"version-history":[{"count":27,"href":"https:\/\/www.nsa.smsm.lt\/old\/wp-json\/wp\/v2\/pages\/35811\/revisions"}],"predecessor-version":[{"id":41758,"href":"https:\/\/www.nsa.smsm.lt\/old\/wp-json\/wp\/v2\/pages\/35811\/revisions\/41758"}],"up":[{"embeddable":true,"href":"https:\/\/www.nsa.smsm.lt\/old\/wp-json\/wp\/v2\/pages\/34932"}],"wp:attachment":[{"href":"https:\/\/www.nsa.smsm.lt\/old\/wp-json\/wp\/v2\/media?parent=35811"}],"curies":[{"name":"wp","href":"https:\/\/api.w.org\/{rel}","templated":true}]}}