{"id":3083,"date":"2025-08-26T09:20:06","date_gmt":"2025-08-26T07:20:06","guid":{"rendered":"https:\/\/www.itc.smm.lt\/?page_id=3083"},"modified":"2025-08-26T09:36:22","modified_gmt":"2025-08-26T07:36:22","slug":"aikos-informacine-sistema","status":"publish","type":"page","link":"https:\/\/www.nsa.smsm.lt\/old\/svietimo-sistemos\/aikos-informacine-sistema\/","title":{"rendered":"AIKOS informacin\u0117 sistema"},"content":{"rendered":"<p><img loading=\"lazy\" decoding=\"async\" class=\" size-full wp-image-6383 alignnone\" src=\"https:\/\/www.nsa.smsm.lt\/old\/old\/wp-content\/uploads\/2014\/07\/aikos.png\" alt=\"aikos\" width=\"200\" height=\"57\" \/><\/p>\n<p><strong>Tikslas:<\/strong> \u00a0 AIKOS\u00a0\u2013 atvira inf\u200b\u200bormavimo, konsultavimo ir orientavimo sistema, ku\u200brios pagrindinis tikslas \u2013 teikti informacij\u0105 apie\u200b mokymosi galimybes Lietuvoje.<\/p>\n<p>AIKOS sukuria galimybes ie\u0161koti mokymuisi ar studijoms bei asmeninei profesinei karjerai planuoti reikalingos informacijos apie profesijas, kvalifikacijas, studij\u0173 ir mokymo programas, \u0161vietimo ir mokslo institucijas ir pri\u0117mimo taisykles, mokymo licencijas, \u201eEuropass\u201c pa\u017eym\u0117jim\u0173 pried\u0117lius, mokymosi ir darbo viet\u0173 statistik\u0105 bei kt.<\/p>\n<p><strong>Sistemos adresas<\/strong> Atvir\u0105 informavimo, konsultavimo ir orientavimo sistem\u0105 (AIKOS) rasite el. adresu \u2013 <a href=\"http:\/\/www.aikos.smm.lt\/\">http:\/\/www.aikos.smm.lt<\/a>.<\/p>\n<p><strong>Kaip galima gauti informacij\u0105 i\u0161 registro (tapti IS naudotoju) AIKOS<\/strong> vartotoj\u0173 \u00a0registravimosi tvarka <a href=\"https:\/\/www.aikos.smm.lt\/Puslapiai\/Vartotoj%C5%B3-registracijos-tvarkos-apra%C5%A1as.aspx\" target=\"_blank\" rel=\"noopener noreferrer\"><i class=\"fa fa-chevron-circle-right \" ><\/i><\/a><\/p>\n<p><strong>Kontaktai:<\/strong><\/p>\n<p><i class=\"fa fa-envelope \" ><\/i> <a href=\"mailto:aikos@nsa.smsm.lt\">aikos@nsa.smsm.lt<\/a><\/p>\n<p>&nbsp;<\/p>\n<p><strong>DOKUMENTAI<\/strong><\/p>\n<hr \/>\n<p>Atviros informavimo, konsultavimo ir orientavimo sistemos (AIKOS) nuostatai ir saugos nuostatai\u00a0<a href=\"https:\/\/www.krisin.smm.lt\/aikos2-krisin\/public\/sistemosPerziura.xhtml?id=110\" target=\"_blank\" rel=\"noopener noreferrer\"><i class=\"fa fa-chevron-circle-right \" ><\/i><\/a><\/p>\n<p>Atviros informavimo, konsultavimo ir orientavimo sistemos (AIKOS) specifikacija\u00a0<a href=\"https:\/\/www.nsa.smsm.lt\/old\/old\/wp-content\/uploads\/2011\/12\/AIKOS_specifikacija.pdf\" target=\"_blank\" rel=\"noopener noreferrer\"><i class=\"fa fa-chevron-circle-right \" ><\/i><\/a><\/p>\n<p>Atviros informavimo, konsultavimo ir orientavimo sistemos (AIKOS) saugumo politik\u0105 reglamentuojan\u010di\u0173 dokument\u0173 tvirtinimo teis\u0117s aktas\u00a0<a href=\"https:\/\/www.nsa.smsm.lt\/old\/old\/wp-content\/uploads\/2011\/07\/Saugos_patvirtinimo_isakymas.pdf\" target=\"_blank\" rel=\"noopener noreferrer\"><i class=\"fa fa-chevron-circle-right \" ><\/i><\/a><\/p>\n<p>&nbsp;<\/p>\n<p><strong>PASKUTINI\u0172 RENGINI\u0172 MED\u017dIAGA<\/strong><\/p>\n<hr \/>\n<p>AIKOS naujienos <a href=\"https:\/\/www.aikos.smm.lt\/naujienos\/Puslapiai\/default.aspx\" target=\"_blank\" rel=\"noopener noreferrer\"><i class=\"fa fa-chevron-circle-right \" ><\/i><\/a><\/p>\n<p>&nbsp;<\/p>\n<p><strong>INFORMACIJA DUOMEN\u0172 TEIK\u0116JUI<\/strong><\/p>\n<hr \/>\n<p>PLOTEUS papildom\u0173 duomen\u0173 teikimo instrukcija\u00a0<strong><a href=\"https:\/\/www.aikos.smm.lt\/Puslapiai\/PLOTEUS-duomenys.aspx\" target=\"_blank\" rel=\"noopener noreferrer\"><i class=\"fa fa-chevron-circle-right \" ><\/i><\/a><\/strong><\/p>\n<p>&nbsp;<\/p>\n<p><strong>AIKOS VIDEO VADOVAI<\/strong><\/p>\n<hr \/>\n<p style=\"text-align: center;\"><iframe loading=\"lazy\" src=\"https:\/\/www.youtube.com\/embed\/WVKRYGTS0SI\" width=\"520\" height=\"293\" frameborder=\"0\" allowfullscreen=\"allowfullscreen\"><\/iframe><\/p>\n<p style=\"text-align: center;\"><iframe loading=\"lazy\" src=\"https:\/\/www.youtube.com\/embed\/hyzvjg2zna0\" width=\"520\" height=\"293\" frameborder=\"0\" allowfullscreen=\"allowfullscreen\"><\/iframe><\/p>\n<p style=\"text-align: center;\"><iframe loading=\"lazy\" src=\"https:\/\/www.youtube.com\/embed\/Js1oXWXYzbM\" width=\"520\" height=\"293\" frameborder=\"0\" allowfullscreen=\"allowfullscreen\"><\/iframe><\/p>\n<p style=\"text-align: center;\"><iframe loading=\"lazy\" src=\"https:\/\/www.youtube.com\/embed\/ZSzz9htcTQA\" width=\"520\" height=\"293\" frameborder=\"0\" allowfullscreen=\"allowfullscreen\"><\/iframe><\/p>\n","protected":false},"excerpt":{"rendered":"<p>Tikslas: \u00a0 AIKOS\u00a0\u2013 atvira inf\u200b\u200bormavimo, konsultavimo ir orientavimo sistema, ku\u200brios pagrindinis tikslas \u2013 teikti informacij\u0105 apie\u200b mokymosi galimybes Lietuvoje. AIKOS sukuria galimybes ie\u0161koti mokymuisi ar studijoms bei asmeninei profesinei karjerai planuoti reikalingos informacijos apie profesijas, kvalifikacijas, studij\u0173 ir mokymo programas,&nbsp;<a href=\"https:\/\/www.nsa.smsm.lt\/old\/svietimo-sistemos\/aikos-informacine-sistema\/\" class=\"placiau\">Pla\u010diau <i class=\"fa fa-caret-right\"><\/i><\/a><\/p>\n","protected":false},"author":1,"featured_media":0,"parent":3053,"menu_order":1,"comment_status":"closed","ping_status":"closed","template":"page-svietimo-sistemos.php","meta":{"_acf_changed":false,"footnotes":""},"class_list":["post-3083","page","type-page","status-publish","hentry"],"acf":[],"_links":{"self":[{"href":"https:\/\/www.nsa.smsm.lt\/old\/wp-json\/wp\/v2\/pages\/3083","targetHints":{"allow":["GET"]}}],"collection":[{"href":"https:\/\/www.nsa.smsm.lt\/old\/wp-json\/wp\/v2\/pages"}],"about":[{"href":"https:\/\/www.nsa.smsm.lt\/old\/wp-json\/wp\/v2\/types\/page"}],"author":[{"embeddable":true,"href":"https:\/\/www.nsa.smsm.lt\/old\/wp-json\/wp\/v2\/users\/1"}],"replies":[{"embeddable":true,"href":"https:\/\/www.nsa.smsm.lt\/old\/wp-json\/wp\/v2\/comments?post=3083"}],"version-history":[{"count":1,"href":"https:\/\/www.nsa.smsm.lt\/old\/wp-json\/wp\/v2\/pages\/3083\/revisions"}],"predecessor-version":[{"id":44077,"href":"https:\/\/www.nsa.smsm.lt\/old\/wp-json\/wp\/v2\/pages\/3083\/revisions\/44077"}],"up":[{"embeddable":true,"href":"https:\/\/www.nsa.smsm.lt\/old\/wp-json\/wp\/v2\/pages\/3053"}],"wp:attachment":[{"href":"https:\/\/www.nsa.smsm.lt\/old\/wp-json\/wp\/v2\/media?parent=3083"}],"curies":[{"name":"wp","href":"https:\/\/api.w.org\/{rel}","templated":true}]}}