{"id":25505,"date":"2025-05-05T05:22:31","date_gmt":"2025-05-05T03:22:31","guid":{"rendered":"https:\/\/www.nsa.smsm.lt\/old\/?page_id=25505"},"modified":"2025-05-23T10:24:09","modified_gmt":"2025-05-23T08:24:09","slug":"nsa-logotipas","status":"publish","type":"page","link":"https:\/\/www.nsa.smsm.lt\/old\/apie-nsa\/nsa-logotipas\/","title":{"rendered":"N\u0160A logotipas"},"content":{"rendered":"<p>Parsisi\u0173sti <a href=\"https:\/\/www.nsa.smsm.lt\/old\/old\/wp-content\/uploads\/2025\/05\/NSA_Brandbook.pdf\" target=\"_blank\" rel=\"noopener\">N\u0160A identiteto vadov\u0105<\/a><\/p>\n<p>Parsisi\u0173sti <a href=\"https:\/\/www.nsa.smsm.lt\/old\/old\/wp-content\/uploads\/2025\/05\/LT.zip\" target=\"_blank\" rel=\"noopener\">N\u0160A logotipus (.eps, .png)<\/a><\/p>\n","protected":false},"excerpt":{"rendered":"<p>Parsisi\u0173sti N\u0160A identiteto vadov\u0105 Parsisi\u0173sti N\u0160A logotipus (.eps, .png)<\/p>\n","protected":false},"author":1,"featured_media":0,"parent":25482,"menu_order":0,"comment_status":"closed","ping_status":"closed","template":"","meta":{"_acf_changed":false,"footnotes":""},"class_list":["post-25505","page","type-page","status-publish","hentry"],"acf":[],"_links":{"self":[{"href":"https:\/\/www.nsa.smsm.lt\/old\/wp-json\/wp\/v2\/pages\/25505","targetHints":{"allow":["GET"]}}],"collection":[{"href":"https:\/\/www.nsa.smsm.lt\/old\/wp-json\/wp\/v2\/pages"}],"about":[{"href":"https:\/\/www.nsa.smsm.lt\/old\/wp-json\/wp\/v2\/types\/page"}],"author":[{"embeddable":true,"href":"https:\/\/www.nsa.smsm.lt\/old\/wp-json\/wp\/v2\/users\/1"}],"replies":[{"embeddable":true,"href":"https:\/\/www.nsa.smsm.lt\/old\/wp-json\/wp\/v2\/comments?post=25505"}],"version-history":[{"count":6,"href":"https:\/\/www.nsa.smsm.lt\/old\/wp-json\/wp\/v2\/pages\/25505\/revisions"}],"predecessor-version":[{"id":43133,"href":"https:\/\/www.nsa.smsm.lt\/old\/wp-json\/wp\/v2\/pages\/25505\/revisions\/43133"}],"up":[{"embeddable":true,"href":"https:\/\/www.nsa.smsm.lt\/old\/wp-json\/wp\/v2\/pages\/25482"}],"wp:attachment":[{"href":"https:\/\/www.nsa.smsm.lt\/old\/wp-json\/wp\/v2\/media?parent=25505"}],"curies":[{"name":"wp","href":"https:\/\/api.w.org\/{rel}","templated":true}]}}