{"id":23598,"date":"2025-05-28T08:34:39","date_gmt":"2025-05-28T06:34:39","guid":{"rendered":"https:\/\/www.nsa.smsm.lt\/old\/?page_id=23598"},"modified":"2025-05-28T10:18:04","modified_gmt":"2025-05-28T08:18:04","slug":"pradedantiesiems-vadovams","status":"publish","type":"page","link":"https:\/\/www.nsa.smsm.lt\/old\/mokyklu-veiklos-pletra-ir-pedagogu-kvalifikacija\/vadovavimo-stiprinimas\/pradedantiesiems-vadovams\/","title":{"rendered":"Pradedantiesiems vadovams"},"content":{"rendered":"<p><b>2025 m. gegu\u017e\u0117s 27 d. nuotolin\u0117 konsultacija \u201eStrateginis \u0161vietimo \u012fstaigos veiklos planavimas: vizijos, misijos, tiksl\u0173 formulavimas, siekiam\u0173 rezultat\u0173 vertinimo kriterij\u0173 numatymas\u201c<\/b><\/p>\n<ul>\n<li><a href=\"https:\/\/tinyurl.com\/4ycp5d7s\">Vaizdo \u012fra\u0161as<\/a><\/li>\n<li><a href=\"https:\/\/www.nsa.smsm.lt\/old\/old\/wp-content\/uploads\/2025\/05\/J.-Melnikova-Strateginis-svietimo-istaigos-veiklos-planavimas.pdf\">Skaidr\u0117s<\/a><\/li>\n<\/ul>\n<p>&nbsp;<\/p>\n<hr \/>\n<p><b>2025 m. gegu\u017e\u0117s 20 d. nuotolin\u0117 konsultacija \u201eProjekt\u0173 vadyba (\u0160MPF projekt\u0173 parai\u0161kos)\u201c<\/b><\/p>\n<ul>\n<li><a href=\"https:\/\/tinyurl.com\/bdft3ccw\" target=\"_blank\" rel=\"noopener\">Vaizdo \u012fra\u0161as<\/a><\/li>\n<li><a href=\"https:\/\/www.nsa.smsm.lt\/old\/old\/wp-content\/uploads\/2025\/05\/Ausra-Rutkiene-Projektu-vadyba-SMPF-paraiskos.pdf\">Skaidr\u0117s<\/a><\/li>\n<\/ul>\n<p>&nbsp;<\/p>\n<hr \/>\n<p>Konsultacija\u00a0<a href=\"https:\/\/youtu.be\/tiC4pjNs_-k\">\u201e\u012e k\u0105 reik\u0117t\u0173 atkreipti d\u0117mes\u012f 1\u20132 metus dirbantiems \u0161vietimo \u012fstaig\u0173 vadovams darbo teis\u0117s klausimais\u201c (7 dalis)<\/a><\/p>\n<p><a href=\"https:\/\/www.nsa.smsm.lt\/old\/old\/wp-content\/uploads\/2022\/08\/Konsultacija7.pdf\">Prane\u0161imas \u201e\u012e kokius darbo teis\u0117s klausimus reik\u0117t\u0173 atkreipti d\u0117mes\u012f\u00a0 1\u20132 metus dirbantiems \u0161vietimo \u012fstaig\u0173 vadovams. Darbo kodekso pakeitimai ir teis\u0117s klausimai mokslo met\u0173 prad\u017eiai: k\u0105 reik\u0117t\u0173 \u017einoti\u00a0vadovams ir mokytojams<\/a><\/p>\n<p>2022-08-23<\/p>\n<p>&nbsp;<\/p>\n<p>Konsultacija <a href=\"https:\/\/youtu.be\/mxkmzM061NM\" data-auth=\"NotApplicable\">\u201e\u012e k\u0105 reik\u0117t\u0173 atkreipti d\u0117mes\u012f 1-2 metus dirbantiems \u0161vietimo \u012fstaig\u0173 vadovams darbo teis\u0117s klausimais\u201c (6 dalis)<\/a><\/p>\n<p style=\"font-weight: 400;\"><a href=\"https:\/\/www.nsa.smsm.lt\/old\/old\/wp-content\/uploads\/2022\/06\/Konsultacija.pdf\">Prane\u0161imas \u201e\u012e kokius darbo teis\u0117s klausimus reik\u0117t\u0173 atkreipti d\u0117mes\u012f\u00a0 1\u20132 metus dirbantiems \u0161vietimo \u012fstaig\u0173 vadovams. Mokyklos vadovo ir darbuotoj\u0173 atstov\u0173 (darbo tarybos ar profesin\u0117s s\u0105jungos) bendravimo teisiniai aspektai. Mokslo met\u0173 u\u017ebaigimas: ataskaitos, metiniai pokalbiai, konsultacijos<\/a><\/p>\n<p style=\"font-weight: 400;\">2022-06-09<\/p>\n<p>&nbsp;<\/p>\n<p>Konsultacija <a href=\"https:\/\/youtu.be\/P1l6kuHF_pY\">\u201e\u012e k\u0105 reik\u0117t\u0173 atkreipti d\u0117mes\u012f 1-2 metus dirbantiems \u0161vietimo \u012fstaig\u0173 vadovams darbo teis\u0117s klausimais\u201c (5 dalis)<\/a><\/p>\n<p><a href=\"https:\/\/www.nsa.smsm.lt\/old\/old\/wp-content\/uploads\/2022\/04\/Konsultacija.pdf\">Prane\u0161imas \u201e\u012e kokius darbo teis\u0117s klausimus reik\u0117t\u0173 atkreipti d\u0117mes\u012f\u00a0 1-2 metus dirbantiems \u0161vietimo \u012fstaig\u0173 vadovams. Darbo sutar\u010di\u0173 keitimas ir nutraukimas, \u012fsp\u0117jimo terminai, i\u0161eitin\u0117s i\u0161mokos. Darbuotoj\u0173 pareig\u0173 pa\u017eeidimai\u201c<\/a><\/p>\n<p>2022-04-05<\/p>\n<p>&nbsp;<\/p>\n<p>Konsultacija <a href=\"https:\/\/youtu.be\/khNvO3zvVmo\">\u201eIkimokyklini\u0173 \u012fstaig\u0173 darbo teisini\u0173 santyki\u0173 ypatumai\u201c<\/a><\/p>\n<p><a href=\"https:\/\/www.nsa.smsm.lt\/old\/old\/wp-content\/uploads\/2022\/03\/Ikimokykliniu-istaigu-darbo-teisiniu-santykiu-ypatumai_2022_03_08.pdf\">Prane\u0161imas \u201eIkimokyklini\u0173 \u012fstaig\u0173 darbo teisini\u0173 santyki\u0173 ypatumai. \u012e kokius darbo teis\u0117s klausimus reik\u0117t\u0173 atkreipti d\u0117mes\u012f 1\u20132 metus dirbantiems \u0161vietimo \u012fstaig\u0173 vadovams\u201c<\/a><\/p>\n<p>2022-03-08<\/p>\n<p>&nbsp;<\/p>\n<p>Konsultacija <a href=\"https:\/\/youtu.be\/8r-J28XJpEk\">\u201e\u012e k\u0105 reik\u0117t\u0173 atkreipti d\u0117mes\u012f 1\u20132 metus dirbantiems \u0161vietimo \u012fstaig\u0173 vadovams darbo teis\u0117s klausimais\u201c<\/a><\/p>\n<p><a href=\"https:\/\/www.nsa.smsm.lt\/old\/old\/wp-content\/uploads\/2022\/03\/Mokytojo-darbo-ir-poilsio-derinimas_2022_02_15.pdf\">Prane\u0161imas \u201eMokytojo darbo ir poilsio derinimas: atostogos, papildomos poilsio dienos, sveikatinimo dienos, vaikadieniai, specialios pertraukos. \u012e kokius darbo teis\u0117s klausimus reik\u0117t\u0173 atkreipti d\u0117mes\u012f 1\u20132 metus dirbantiems \u0161vietimo \u012fstaig\u0173 vadovams\u201c<\/a><\/p>\n<p>2022-02-15<\/p>\n<p>&nbsp;<\/p>\n<p><a href=\"https:\/\/www.nsa.smsm.lt\/old\/old\/wp-content\/uploads\/2022\/03\/Mokytoju-darbo-grafikai-ir-nuotolinis-darbas_2022_01_04.pdf\">Konsultacijos \u201eMokytoj\u0173 darbo grafikai ir nuotolinis darbas\u201d prane\u0161imas \u201eMokytoj\u0173 darbo grafikai ir nuotolinis darbas. \u012e k\u0105 reik\u0117t\u0173 atkreipti d\u0117mes\u012f 1\u20132 metus dirbantiems \u0161vietimo \u012fstaig\u0173 vadovams darbo teis\u0117s klausimais\u201d<\/a><\/p>\n<p>2022-01-04<\/p>\n<p>&nbsp;<\/p>\n<p><a href=\"https:\/\/www.nsa.smsm.lt\/old\/old\/wp-content\/uploads\/2022\/03\/I-ka-reiketu-atkreipti-demesi_2021_12_07.pdf\">Konsultacijos \u201e\u012e k\u0105 reik\u0117t\u0173 atkreipti d\u0117mes\u012f 1\u20132 metus dirbantiems \u0161vietimo \u012fstaig\u0173 vadovams darbo teis\u0117s klausimais\u201c prane\u0161imas<\/a><\/p>\n<p>2021-12-07<\/p>\n<p>&nbsp;<\/p>\n<p><a href=\"https:\/\/www.youtube.com\/watch?v=X59Tx0t9X7k\">Vaizdo konferencija-diskusija \u201eSusitarimai d\u0117l ilgalaik\u0117s mentoryst\u0117s 1-2 metus dirbantiems \u0161vietimo \u012fstaig\u0173 vadovams\u201c<\/a><br \/>\n2021-10-07<\/p>\n<p>Vaizdo konferencijos-diskusija prane\u0161imas:<\/p>\n<p><a href=\"https:\/\/www.nsa.smsm.lt\/old\/old\/wp-content\/uploads\/2021\/10\/Ilgalaikes-mentorystes-programos-pristatymas-ir-sutarties-esminiai-aspektai.pdf\">Ilgalaik\u0117s mentoryst\u0117s programos pristatymas ir sutarties esminiai aspektai. Giedr\u0117 Volungevi\u010dien\u0117<\/a><\/p>\n<p>&nbsp;<\/p>\n<p><a href=\"https:\/\/www.youtube.com\/watch?v=HSsLDiTeUZ4\">Vaizdo konferencija \u201eUgdymas(is) ir mokymas(is) 2021\u20132022 mokslo metais: ugdymo organizavimo galimyb\u0117s\u201c<\/a><br \/>\n2021-08-26<\/p>\n<p>Vaizdo konferencijos prane\u0161imai:<\/p>\n<p><a href=\"https:\/\/www.nsa.smsm.lt\/old\/old\/wp-content\/uploads\/2021\/08\/Pradinis_ugdymas_Sandra_Valaviciute.pdf\">Ugdymas(is) ir mokymas(is) 2021-2022 mokslo metais: ugdymo plano galimyb\u0117s. Pradinis ugdymas. Sandra Valavi\u010di\u016bt\u0117<\/a><br \/>\n<a href=\"https:\/\/www.nsa.smsm.lt\/old\/old\/wp-content\/uploads\/2021\/08\/Pagrindinis_ir_vidurinis_ugdymas_Audrone_Suminiene.pdf\">2021\u20132022 ir 2022\u20132023 mokslo met\u0173 pradinio, pagrindinio ir vidurinio ugdymo program\u0173 bendr\u0173j\u0173 ugdymo plan\u0173 \u012fgyvendinimas. Audron\u0117 \u0160uminien\u0117<\/a><br \/>\n<a href=\"https:\/\/www.nsa.smsm.lt\/old\/old\/wp-content\/uploads\/2021\/08\/Apibendrinimas_Monika_Bilotiene.pdf\">Ugdymas(is) ir mokymas(is) 2021-2022 mokslo metais: ugdymo organizavimo galimyb\u0117s. Apibendrinimas. Monika Bilotien\u0117<\/a><\/p>\n<p>&nbsp;<\/p>\n<p><a href=\"https:\/\/www.youtube.com\/watch?v=KOCoFS9zVhg\">Vaizdo konferencija-diskusija pirmus dvejus metus dirbantiems \u0161vietimo \u012fstaig\u0173 vadovams<\/a><br \/>\n2021-06-17<\/p>\n<p><a href=\"https:\/\/youtu.be\/zwuZJRv0mCA\">Vaizdo konferencija pirmus dvejus metus dirbantiems \u0161vietimo \u012fstaig\u0173 vadovams<\/a><br \/>\n2021-05-17<\/p>\n<p>Vaizdo konferencijos prane\u0161imai:<br \/>\n<a href=\"https:\/\/www.nsa.smsm.lt\/old\/old\/wp-content\/uploads\/2021\/05\/05-17_Pirmus-dvejus-vadovai_NSA.pdf\">\u012evadinis prane\u0161imas<\/a><br \/>\n<a href=\"https:\/\/www.nsa.smsm.lt\/old\/old\/wp-content\/uploads\/2021\/05\/Lyderio-itaka-komandos-darbui.pdf\">Lyderio \u012ftaka komandos darbui<\/a><br \/>\n<a href=\"https:\/\/www.nsa.smsm.lt\/old\/old\/wp-content\/uploads\/2021\/05\/Testas-_komandos-isivertinimas.pdf\">Testas \u201eKomandos \u012fsivertinimas\u201c<\/a><\/p>\n<p>&nbsp;<\/p>\n<hr \/>\n<p>&nbsp;<\/p>\n","protected":false},"excerpt":{"rendered":"<p>2025 m. gegu\u017e\u0117s 27 d. nuotolin\u0117 konsultacija \u201eStrateginis \u0161vietimo \u012fstaigos veiklos planavimas: vizijos, misijos, tiksl\u0173 formulavimas, siekiam\u0173 rezultat\u0173 vertinimo kriterij\u0173 numatymas\u201c Vaizdo \u012fra\u0161as Skaidr\u0117s &nbsp; 2025 m. gegu\u017e\u0117s 20 d. nuotolin\u0117 konsultacija \u201eProjekt\u0173 vadyba (\u0160MPF projekt\u0173 parai\u0161kos)\u201c Vaizdo \u012fra\u0161as Skaidr\u0117s&nbsp;<a href=\"https:\/\/www.nsa.smsm.lt\/old\/mokyklu-veiklos-pletra-ir-pedagogu-kvalifikacija\/vadovavimo-stiprinimas\/pradedantiesiems-vadovams\/\" class=\"placiau\">Pla\u010diau <i class=\"fa fa-caret-right\"><\/i><\/a><\/p>\n","protected":false},"author":1,"featured_media":0,"parent":20836,"menu_order":0,"comment_status":"closed","ping_status":"closed","template":"page-mokyklu-pletra.php","meta":{"_acf_changed":false,"footnotes":""},"class_list":["post-23598","page","type-page","status-publish","hentry"],"acf":[],"_links":{"self":[{"href":"https:\/\/www.nsa.smsm.lt\/old\/wp-json\/wp\/v2\/pages\/23598","targetHints":{"allow":["GET"]}}],"collection":[{"href":"https:\/\/www.nsa.smsm.lt\/old\/wp-json\/wp\/v2\/pages"}],"about":[{"href":"https:\/\/www.nsa.smsm.lt\/old\/wp-json\/wp\/v2\/types\/page"}],"author":[{"embeddable":true,"href":"https:\/\/www.nsa.smsm.lt\/old\/wp-json\/wp\/v2\/users\/1"}],"replies":[{"embeddable":true,"href":"https:\/\/www.nsa.smsm.lt\/old\/wp-json\/wp\/v2\/comments?post=23598"}],"version-history":[{"count":4,"href":"https:\/\/www.nsa.smsm.lt\/old\/wp-json\/wp\/v2\/pages\/23598\/revisions"}],"predecessor-version":[{"id":43155,"href":"https:\/\/www.nsa.smsm.lt\/old\/wp-json\/wp\/v2\/pages\/23598\/revisions\/43155"}],"up":[{"embeddable":true,"href":"https:\/\/www.nsa.smsm.lt\/old\/wp-json\/wp\/v2\/pages\/20836"}],"wp:attachment":[{"href":"https:\/\/www.nsa.smsm.lt\/old\/wp-json\/wp\/v2\/media?parent=23598"}],"curies":[{"name":"wp","href":"https:\/\/api.w.org\/{rel}","templated":true}]}}

<p><b>2025 m. gegužės 27 d. nuotolinė konsultacija „Strateginis švietimo įstaigos veiklos planavimas: vizijos, misijos, tikslų formulavimas, siekiamų rezultatų vertinimo kriterijų numatymas“</b></p>
<ul>
<li><a href="https://tinyurl.com/4ycp5d7s">Vaizdo įrašas</a></li>
<li><a href="https://www.nsa.smsm.lt/old/old/wp-content/uploads/2025/05/J.-Melnikova-Strateginis-svietimo-istaigos-veiklos-planavimas.pdf">Skaidrės</a></li>
</ul>
<p>&nbsp;</p>
<hr />
<p><b>2025 m. gegužės 20 d. nuotolinė konsultacija „Projektų vadyba (ŠMPF projektų paraiškos)“</b></p>
<ul>
<li><a href="https://tinyurl.com/bdft3ccw" target="_blank" rel="noopener">Vaizdo įrašas</a></li>
<li><a href="https://www.nsa.smsm.lt/old/old/wp-content/uploads/2025/05/Ausra-Rutkiene-Projektu-vadyba-SMPF-paraiskos.pdf">Skaidrės</a></li>
</ul>
<p>&nbsp;</p>
<hr />
<p>Konsultacija <a href="https://youtu.be/tiC4pjNs_-k">„Į ką reikėtų atkreipti dėmesį 1–2 metus dirbantiems švietimo įstaigų vadovams darbo teisės klausimais“ (7 dalis)</a></p>
<p><a href="https://www.nsa.smsm.lt/old/old/wp-content/uploads/2022/08/Konsultacija7.pdf">Pranešimas „Į kokius darbo teisės klausimus reikėtų atkreipti dėmesį  1–2 metus dirbantiems švietimo įstaigų vadovams. Darbo kodekso pakeitimai ir teisės klausimai mokslo metų pradžiai: ką reikėtų žinoti vadovams ir mokytojams</a></p>
<p>2022-08-23</p>
<p>&nbsp;</p>
<p>Konsultacija <a href="https://youtu.be/mxkmzM061NM" data-auth="NotApplicable">„Į ką reikėtų atkreipti dėmesį 1-2 metus dirbantiems švietimo įstaigų vadovams darbo teisės klausimais“ (6 dalis)</a></p>
<p style="font-weight: 400;"><a href="https://www.nsa.smsm.lt/old/old/wp-content/uploads/2022/06/Konsultacija.pdf">Pranešimas „Į kokius darbo teisės klausimus reikėtų atkreipti dėmesį  1–2 metus dirbantiems švietimo įstaigų vadovams. Mokyklos vadovo ir darbuotojų atstovų (darbo tarybos ar profesinės sąjungos) bendravimo teisiniai aspektai. Mokslo metų užbaigimas: ataskaitos, metiniai pokalbiai, konsultacijos</a></p>
<p style="font-weight: 400;">2022-06-09</p>
<p>&nbsp;</p>
<p>Konsultacija <a href="https://youtu.be/P1l6kuHF_pY">„Į ką reikėtų atkreipti dėmesį 1-2 metus dirbantiems švietimo įstaigų vadovams darbo teisės klausimais“ (5 dalis)</a></p>
<p><a href="https://www.nsa.smsm.lt/old/old/wp-content/uploads/2022/04/Konsultacija.pdf">Pranešimas „Į kokius darbo teisės klausimus reikėtų atkreipti dėmesį  1-2 metus dirbantiems švietimo įstaigų vadovams. Darbo sutarčių keitimas ir nutraukimas, įspėjimo terminai, išeitinės išmokos. Darbuotojų pareigų pažeidimai“</a></p>
<p>2022-04-05</p>
<p>&nbsp;</p>
<p>Konsultacija <a href="https://youtu.be/khNvO3zvVmo">„Ikimokyklinių įstaigų darbo teisinių santykių ypatumai“</a></p>
<p><a href="https://www.nsa.smsm.lt/old/old/wp-content/uploads/2022/03/Ikimokykliniu-istaigu-darbo-teisiniu-santykiu-ypatumai_2022_03_08.pdf">Pranešimas „Ikimokyklinių įstaigų darbo teisinių santykių ypatumai. Į kokius darbo teisės klausimus reikėtų atkreipti dėmesį 1–2 metus dirbantiems švietimo įstaigų vadovams“</a></p>
<p>2022-03-08</p>
<p>&nbsp;</p>
<p>Konsultacija <a href="https://youtu.be/8r-J28XJpEk">„Į ką reikėtų atkreipti dėmesį 1–2 metus dirbantiems švietimo įstaigų vadovams darbo teisės klausimais“</a></p>
<p><a href="https://www.nsa.smsm.lt/old/old/wp-content/uploads/2022/03/Mokytojo-darbo-ir-poilsio-derinimas_2022_02_15.pdf">Pranešimas „Mokytojo darbo ir poilsio derinimas: atostogos, papildomos poilsio dienos, sveikatinimo dienos, vaikadieniai, specialios pertraukos. Į kokius darbo teisės klausimus reikėtų atkreipti dėmesį 1–2 metus dirbantiems švietimo įstaigų vadovams“</a></p>
<p>2022-02-15</p>
<p>&nbsp;</p>
<p><a href="https://www.nsa.smsm.lt/old/old/wp-content/uploads/2022/03/Mokytoju-darbo-grafikai-ir-nuotolinis-darbas_2022_01_04.pdf">Konsultacijos „Mokytojų darbo grafikai ir nuotolinis darbas” pranešimas „Mokytojų darbo grafikai ir nuotolinis darbas. Į ką reikėtų atkreipti dėmesį 1–2 metus dirbantiems švietimo įstaigų vadovams darbo teisės klausimais”</a></p>
<p>2022-01-04</p>
<p>&nbsp;</p>
<p><a href="https://www.nsa.smsm.lt/old/old/wp-content/uploads/2022/03/I-ka-reiketu-atkreipti-demesi_2021_12_07.pdf">Konsultacijos „Į ką reikėtų atkreipti dėmesį 1–2 metus dirbantiems švietimo įstaigų vadovams darbo teisės klausimais“ pranešimas</a></p>
<p>2021-12-07</p>
<p>&nbsp;</p>
<p><a href="https://www.youtube.com/watch?v=X59Tx0t9X7k">Vaizdo konferencija-diskusija „Susitarimai dėl ilgalaikės mentorystės 1-2 metus dirbantiems švietimo įstaigų vadovams“</a><br />
2021-10-07</p>
<p>Vaizdo konferencijos-diskusija pranešimas:</p>
<p><a href="https://www.nsa.smsm.lt/old/old/wp-content/uploads/2021/10/Ilgalaikes-mentorystes-programos-pristatymas-ir-sutarties-esminiai-aspektai.pdf">Ilgalaikės mentorystės programos pristatymas ir sutarties esminiai aspektai. Giedrė Volungevičienė</a></p>
<p>&nbsp;</p>
<p><a href="https://www.youtube.com/watch?v=HSsLDiTeUZ4">Vaizdo konferencija „Ugdymas(is) ir mokymas(is) 2021–2022 mokslo metais: ugdymo organizavimo galimybės“</a><br />
2021-08-26</p>
<p>Vaizdo konferencijos pranešimai:</p>
<p><a href="https://www.nsa.smsm.lt/old/old/wp-content/uploads/2021/08/Pradinis_ugdymas_Sandra_Valaviciute.pdf">Ugdymas(is) ir mokymas(is) 2021-2022 mokslo metais: ugdymo plano galimybės. Pradinis ugdymas. Sandra Valavičiūtė</a><br />
<a href="https://www.nsa.smsm.lt/old/old/wp-content/uploads/2021/08/Pagrindinis_ir_vidurinis_ugdymas_Audrone_Suminiene.pdf">2021–2022 ir 2022–2023 mokslo metų pradinio, pagrindinio ir vidurinio ugdymo programų bendrųjų ugdymo planų įgyvendinimas. Audronė Šuminienė</a><br />
<a href="https://www.nsa.smsm.lt/old/old/wp-content/uploads/2021/08/Apibendrinimas_Monika_Bilotiene.pdf">Ugdymas(is) ir mokymas(is) 2021-2022 mokslo metais: ugdymo organizavimo galimybės. Apibendrinimas. Monika Bilotienė</a></p>
<p>&nbsp;</p>
<p><a href="https://www.youtube.com/watch?v=KOCoFS9zVhg">Vaizdo konferencija-diskusija pirmus dvejus metus dirbantiems švietimo įstaigų vadovams</a><br />
2021-06-17</p>
<p><a href="https://youtu.be/zwuZJRv0mCA">Vaizdo konferencija pirmus dvejus metus dirbantiems švietimo įstaigų vadovams</a><br />
2021-05-17</p>
<p>Vaizdo konferencijos pranešimai:<br />
<a href="https://www.nsa.smsm.lt/old/old/wp-content/uploads/2021/05/05-17_Pirmus-dvejus-vadovai_NSA.pdf">Įvadinis pranešimas</a><br />
<a href="https://www.nsa.smsm.lt/old/old/wp-content/uploads/2021/05/Lyderio-itaka-komandos-darbui.pdf">Lyderio įtaka komandos darbui</a><br />
<a href="https://www.nsa.smsm.lt/old/old/wp-content/uploads/2021/05/Testas-_komandos-isivertinimas.pdf">Testas „Komandos įsivertinimas“</a></p>
<p>&nbsp;</p>
<hr />
<p>&nbsp;</p>

<p>2025 m. gegužės 27 d. nuotolinė konsultacija „Strateginis švietimo įstaigos veiklos planavimas: vizijos, misijos, tikslų formulavimas, siekiamų rezultatų vertinimo kriterijų numatymas“ Vaizdo įrašas Skaidrės &nbsp; 2025 m. gegužės 20 d. nuotolinė konsultacija „Projektų vadyba (ŠMPF projektų paraiškos)“ Vaizdo įrašas Skaidrės&nbsp;<a href="https://www.nsa.smsm.lt/old/mokyklu-veiklos-pletra-ir-pedagogu-kvalifikacija/vadovavimo-stiprinimas/pradedantiesiems-vadovams/" class="placiau">Plačiau <i class="fa fa-caret-right"></i></a></p>
