{"id":22821,"date":"2022-09-11T13:19:52","date_gmt":"2022-09-11T11:19:52","guid":{"rendered":"https:\/\/www.nsa.smsm.lt\/old\/?page_id=22821"},"modified":"2023-01-11T19:21:51","modified_gmt":"2023-01-11T17:21:51","slug":"patyrusiems-vadovams","status":"publish","type":"page","link":"https:\/\/www.nsa.smsm.lt\/old\/mokyklu-veiklos-pletra-ir-pedagogu-kvalifikacija\/vadovavimo-stiprinimas\/patyrusiems-vadovams\/","title":{"rendered":"Patyrusiems vadovams"},"content":{"rendered":"<p><a href=\"https:\/\/www.nsa.smsm.lt\/old\/old\/wp-content\/uploads\/2022\/09\/Dagiene.pdf\">Ger\u0105ja patirtimi dalijasi Rasa Dagien\u0117, Radvili\u0161kio Vinco Kudirkos progimnazijos direktor\u0117<\/a><\/p>\n<p><a href=\"https:\/\/www.nsa.smsm.lt\/old\/old\/wp-content\/uploads\/2022\/09\/Jagminiene.pdf\">Ger\u0105ja patirtimi dalijasi Daiva Jagminien\u0117, \u0160iauli\u0173 r. Gink\u016bn\u0173 Sofijos ir Vladimiro Zubov\u0173 progimnazijos direktor\u0117<\/a><\/p>\n<p>&nbsp;<\/p>\n<p><a href=\"https:\/\/www.youtube.com\/watch?v=9s3m5P7t424\">Vaizdo \u012fra\u0161as \u201eKolegialus gr\u012f\u017etamasis ry\u0161ys\u201c. Ger\u0105ja patirtimi dalijasi mokykl\u0173 vadovai<\/a><\/p>\n<p>2022-08-22<\/p>\n<p><a href=\"https:\/\/www.youtube.com\/watch?v=poysYGQwZPA\">Vie\u0161oji konsultacija \u201e\u012etraukiojo ugdymo praktika: i\u0161orinio vertinimo rezultat\u0173 \u012f\u017evalgos ir ukrainie\u010di\u0173 vaik\u0173 ugdymas mokyklose\u201c<\/a><\/p>\n<p>2022-04-12<\/p>\n<p><a href=\"https:\/\/www.youtube.com\/watch?v=ZvNfy6jEmjQ\">Vie\u0161oji konsultacija \u201eUkrainie\u010di\u0173 vaik\u0173 ugdymas mokyklose\u201c<\/a><\/p>\n<p>2022-04-12<\/p>\n","protected":false},"excerpt":{"rendered":"<p>Ger\u0105ja patirtimi dalijasi Rasa Dagien\u0117, Radvili\u0161kio Vinco Kudirkos progimnazijos direktor\u0117 Ger\u0105ja patirtimi dalijasi Daiva Jagminien\u0117, \u0160iauli\u0173 r. Gink\u016bn\u0173 Sofijos ir Vladimiro Zubov\u0173 progimnazijos direktor\u0117 &nbsp; Vaizdo \u012fra\u0161as \u201eKolegialus gr\u012f\u017etamasis ry\u0161ys\u201c. Ger\u0105ja patirtimi dalijasi mokykl\u0173 vadovai 2022-08-22 Vie\u0161oji konsultacija \u201e\u012etraukiojo ugdymo&nbsp;<a href=\"https:\/\/www.nsa.smsm.lt\/old\/mokyklu-veiklos-pletra-ir-pedagogu-kvalifikacija\/vadovavimo-stiprinimas\/patyrusiems-vadovams\/\" class=\"placiau\">Pla\u010diau <i class=\"fa fa-caret-right\"><\/i><\/a><\/p>\n","protected":false},"author":1,"featured_media":0,"parent":20836,"menu_order":0,"comment_status":"closed","ping_status":"closed","template":"page-mokyklu-pletra.php","meta":{"_acf_changed":false,"footnotes":""},"class_list":["post-22821","page","type-page","status-publish","hentry"],"acf":[],"_links":{"self":[{"href":"https:\/\/www.nsa.smsm.lt\/old\/wp-json\/wp\/v2\/pages\/22821","targetHints":{"allow":["GET"]}}],"collection":[{"href":"https:\/\/www.nsa.smsm.lt\/old\/wp-json\/wp\/v2\/pages"}],"about":[{"href":"https:\/\/www.nsa.smsm.lt\/old\/wp-json\/wp\/v2\/types\/page"}],"author":[{"embeddable":true,"href":"https:\/\/www.nsa.smsm.lt\/old\/wp-json\/wp\/v2\/users\/1"}],"replies":[{"embeddable":true,"href":"https:\/\/www.nsa.smsm.lt\/old\/wp-json\/wp\/v2\/comments?post=22821"}],"version-history":[{"count":0,"href":"https:\/\/www.nsa.smsm.lt\/old\/wp-json\/wp\/v2\/pages\/22821\/revisions"}],"up":[{"embeddable":true,"href":"https:\/\/www.nsa.smsm.lt\/old\/wp-json\/wp\/v2\/pages\/20836"}],"wp:attachment":[{"href":"https:\/\/www.nsa.smsm.lt\/old\/wp-json\/wp\/v2\/media?parent=22821"}],"curies":[{"name":"wp","href":"https:\/\/api.w.org\/{rel}","templated":true}]}}

<p><a href="https://www.nsa.smsm.lt/old/old/wp-content/uploads/2022/09/Dagiene.pdf">Gerąja patirtimi dalijasi Rasa Dagienė, Radviliškio Vinco Kudirkos progimnazijos direktorė</a></p>
<p><a href="https://www.nsa.smsm.lt/old/old/wp-content/uploads/2022/09/Jagminiene.pdf">Gerąja patirtimi dalijasi Daiva Jagminienė, Šiaulių r. Ginkūnų Sofijos ir Vladimiro Zubovų progimnazijos direktorė</a></p>
<p>&nbsp;</p>
<p><a href="https://www.youtube.com/watch?v=9s3m5P7t424">Vaizdo įrašas „Kolegialus grįžtamasis ryšys“. Gerąja patirtimi dalijasi mokyklų vadovai</a></p>
<p>2022-08-22</p>
<p><a href="https://www.youtube.com/watch?v=poysYGQwZPA">Viešoji konsultacija „Įtraukiojo ugdymo praktika: išorinio vertinimo rezultatų įžvalgos ir ukrainiečių vaikų ugdymas mokyklose“</a></p>
<p>2022-04-12</p>
<p><a href="https://www.youtube.com/watch?v=ZvNfy6jEmjQ">Viešoji konsultacija „Ukrainiečių vaikų ugdymas mokyklose“</a></p>
<p>2022-04-12</p>

<p>Gerąja patirtimi dalijasi Rasa Dagienė, Radviliškio Vinco Kudirkos progimnazijos direktorė Gerąja patirtimi dalijasi Daiva Jagminienė, Šiaulių r. Ginkūnų Sofijos ir Vladimiro Zubovų progimnazijos direktorė &nbsp; Vaizdo įrašas „Kolegialus grįžtamasis ryšys“. Gerąja patirtimi dalijasi mokyklų vadovai 2022-08-22 Viešoji konsultacija „Įtraukiojo ugdymo&nbsp;<a href="https://www.nsa.smsm.lt/old/mokyklu-veiklos-pletra-ir-pedagogu-kvalifikacija/vadovavimo-stiprinimas/patyrusiems-vadovams/" class="placiau">Plačiau <i class="fa fa-caret-right"></i></a></p>
