{"id":17015,"date":"2022-12-23T23:03:34","date_gmt":"2022-12-23T21:03:34","guid":{"rendered":"https:\/\/www.nsa.smsm.lt\/old\/?page_id=17015"},"modified":"2023-01-11T23:43:51","modified_gmt":"2023-01-11T21:43:51","slug":"klausimai-atsakymai","status":"publish","type":"page","link":"https:\/\/www.nsa.smsm.lt\/old\/vadovu-ir-pedagogu-vertinimas\/klausimai-atsakymai\/","title":{"rendered":"Klausimai &#8211; atsakymai"},"content":{"rendered":"<p><strong>Kod\u0117l reik\u0117jo \u0161vietimo \u012fstaig\u0173 vadovo rezervo?<br \/>\n<\/strong>Rezervo formavimo tikslas \u2013 kaupti duomenis apie patyrusius \u0161vietimo \u012fstaig\u0173 vadovus, parengti asmen\u0173, turin\u010di\u0173 vadovavimo \u0161vietimo \u012fstaigai kompetencij\u0173, potenciali\u0173 \u0161vietimo \u012fstaigos vadov\u0173, organizuoti rezerve esan\u010di\u0173 asmen\u0173 kompetencij\u0173 tobulinim\u0105.<br \/>\n<a href=\"https:\/\/www.upc.smm.lt\/tobulinimas\/vadovai\/\">https:\/\/www.upc.smm.lt\/tobulinimas\/vadovai\/<\/a><strong>\u00a0<\/strong><\/p>\n<p><strong>Kod\u0117l verta b\u016bti \u0161vietimo \u012fstaig\u0173 vadovo rezerve?<br \/>\n<\/strong>\u012e rezerv\u0105 \u012fra\u0161ytiems asmenims pagal j\u0173 pasirengim\u0105 ir poreikius si\u016blomos kompetencij\u0173 tobulinimo priemon\u0117s ir\u00a0(ar) pateikiama informacija apie galimybes \u012fgyti kompetencij\u0173.<\/p>\n<p>Vartotojai naudojasi rezervo informacija organizuoti konkursus \u0161vietimo \u012fstaig\u0173 vadov\u0173 pareigoms eiti, vadovaudamiesi Konkurso valstybini\u0173 \u0161vietimo \u012fstaig\u0173 (i\u0161skyrus auk\u0161t\u0105sias mokyklas) vadov\u0173 pareigoms eiti tvarkos apra\u0161u, patvirtintu Lietuvos Respublikos \u0161vietimo ir mokslo ministro 2011\u00a0 m. liepos 1 d. \u012fsakymu Nr.V-1193 ,,D\u0117l Konkurso valstybini\u0173 ir savivaldybini\u0173 \u0161vietimo \u012fstaig\u0173 (i\u0161skyrus auk\u0161t\u0105sias mokyklas) vadov\u0173 pareigoms eiti tvarkos apra\u0161o patvirtinimo\u2018\u2018, taip pat gali ie\u0161koti potenciali\u0173 kandidat\u0173 \u012f \u0161vietimo \u012fstaigos vadovus, kreipdamiesi \u012f rezerve esan\u010dius asmenis, i\u0161rei\u0161kusius pageidavim\u0105 gauti informacij\u0105 apie atitinkamus konkursus.<\/p>\n<p><strong>Kokios yra \u0161vietimo \u012fstaig\u0173 vadovo rezervo grup\u0117s?<br \/>\n<\/strong>\u0160vietimo \u012fstaig\u0173 vadov\u0173 rezervo reglamente (<a href=\"https:\/\/e-seimas.lrs.lt\/portal\/legalAct\/lt\/TAD\/1631a7c247f611e89197e1115e5dbece\/asr\"><u>reglamentas patvirtintas Lietuvos Respublikos \u0161vietimo ir mokslo ministro 2018 m. baland\u017eio 23 d. \u012fsakymu Nr. V-393<\/u><\/a>) (toliau \u2013 reglamentas) yra \u0161e\u0161ios asmen\u0173, atitinkan\u010di\u0173 \u0161vietimo \u012fstaigos vadovui keliamus kvalifikacinius reikalavimus ir nepriekai\u0161tingos reputacijos reikalavim\u0105, nustatyt\u0105 Lietuvos Respublikos \u0161vietimo \u012fstatymo 5<sup>1\u00a0<\/sup>straipsnyje,\u00a0grup\u0117s:<\/p>\n<p>1 grup\u0119 sudaro asmenys, pateik\u0119 pra\u0161ym\u0105 \u0161vietimo, mokslo ir sporto ministro \u012fgaliotai institucijai \u012fvertinti jo vadovavimo \u0161vietimo \u012fstaigai kompetencijas;<\/p>\n<p>2 grup\u0119 sudaro asmenys, \u0161vietimo, mokslo ir sporto ministro nustatyta tvarka \u012fsivertin\u0119 vadovavimo \u0161vietimo \u012fstaigai kompetencijas, ta\u010diau dar nedirb\u0119 \u0161vietimo \u012fstaigos vadovais;<\/p>\n<p>3 grup\u0119 sudaro pirmus dvejus metus \u0161vietimo \u012fstaig\u0173 vadovais dirbantys asmenys, priimti \u012f pareigas vie\u0161o konkurso b\u016bdu \u0161vietimo, mokslo ir sporto ministro nustatyta tvarka, pageidaujantys gauti mentoryst\u0117s paslaug\u0105;<\/p>\n<p>4 grup\u0119 sudaro Lietuvos Respublikos \u0161vietimo \u012fstatymo 59 straipsnio 17 dalyje \u012fvardyti buv\u0119 \u0161vietimo \u012fstaig\u0173 vadovai;<\/p>\n<p>5 grup\u0119 sudaro asmenys, baig\u0119 \u0161vietimo \u012fstaigos vadovo kadencij\u0105 (-as), turintys vadovavimo \u0161vietimo \u012fstaigai kompetencij\u0173 \u012fvertinim\u0105, bet ne ilgiau kaip 5 metus nedirbantys \u0161vietimo \u012fstaigos vadovais;<\/p>\n<p>6 grup\u0119 sudaro asmenys, turintys teis\u0119 teikti \u0161vietimo \u012fstaigos vadovo mentoryst\u0117s paslaugas (toliau \u2013 \u0161vietimo \u012fstaigos vadovo mentorius).<\/p>\n<p><strong>Kaip galima u\u017esiregistruoti \u012f \u0161vietimo \u012fstaig\u0173 vadovo rezerv\u0105?<br \/>\n<\/strong>Asmenys, siekiantys b\u016bti \u012ftraukti \u012f rezerv\u0105, kreipiasi \u012f rezervo tvarkytoj\u0105 (\u0161iuo atveju \u012f N\u0160A), u\u017epildo pra\u0161ym\u0105 b\u016bti \u0161vietimo \u012fstaig\u0173 vadov\u0173 rezerve ir pateikia reglamento 8 punkte nustatytus dokumentus. Rezervo tvarkytojas, patikrin\u0119s duomenis, \u012fregistruoja asmen\u012f \u012f rezerv\u0105.<\/p>\n<p><strong>Kokius dokumentus asmenys \u0161vietimo \u012fstaig\u0173 vadovo rezervo tvarkytojui turi pateikti? <\/strong>Pra\u0161ym\u0105, gyvenimo apra\u0161ym\u0105 \u00a0<em>Europass CV\u00a0<\/em>formatu lietuvi\u0173 kalba (pdf formatu) su priedais ir informacij\u0105, patvirtinan\u010di\u0105 atitikim\u0105 kvalifikaciniams reikalavimams, keliamiems \u0161vietimo \u012fstaigos vadovui.<\/p>\n<p>Pretendentai siekiantys b\u016bti \u012ftraukti \u012f <strong>2-\u0105, 3-i\u0105 ar 5-\u0105 rezervo grup\u0119<\/strong>, papildomai pateikia informacij\u0105 apie kompetencij\u0173 vertinim\u0105, <strong>4-\u0105 rezervo grup\u0119,<\/strong> informacij\u0105 apie po 2018 m. laim\u0117t\u0105 vie\u0161\u0105 konkurs\u0105, o \u012f <strong>6-\u0105 rezervo grup\u0119, <\/strong>informacij\u0105 apie teis\u0119 teikti \u0161vietimo \u012fstaig\u0173 vadov\u0173 mentori\u0173 paslaugas.<\/p>\n","protected":false},"excerpt":{"rendered":"<p>Kod\u0117l reik\u0117jo \u0161vietimo \u012fstaig\u0173 vadovo rezervo? Rezervo formavimo tikslas \u2013 kaupti duomenis apie patyrusius \u0161vietimo \u012fstaig\u0173 vadovus, parengti asmen\u0173, turin\u010di\u0173 vadovavimo \u0161vietimo \u012fstaigai kompetencij\u0173, potenciali\u0173 \u0161vietimo \u012fstaigos vadov\u0173, organizuoti rezerve esan\u010di\u0173 asmen\u0173 kompetencij\u0173 tobulinim\u0105. https:\/\/www.upc.smm.lt\/tobulinimas\/vadovai\/\u00a0 Kod\u0117l verta b\u016bti \u0161vietimo \u012fstaig\u0173&nbsp;<a href=\"https:\/\/www.nsa.smsm.lt\/old\/vadovu-ir-pedagogu-vertinimas\/klausimai-atsakymai\/\" class=\"placiau\">Pla\u010diau <i class=\"fa fa-caret-right\"><\/i><\/a><\/p>\n","protected":false},"author":1,"featured_media":0,"parent":10105,"menu_order":1,"comment_status":"closed","ping_status":"closed","template":"page-vadovu-rezervas.php","meta":{"_acf_changed":false,"footnotes":""},"class_list":["post-17015","page","type-page","status-publish","hentry"],"acf":[],"_links":{"self":[{"href":"https:\/\/www.nsa.smsm.lt\/old\/wp-json\/wp\/v2\/pages\/17015","targetHints":{"allow":["GET"]}}],"collection":[{"href":"https:\/\/www.nsa.smsm.lt\/old\/wp-json\/wp\/v2\/pages"}],"about":[{"href":"https:\/\/www.nsa.smsm.lt\/old\/wp-json\/wp\/v2\/types\/page"}],"author":[{"embeddable":true,"href":"https:\/\/www.nsa.smsm.lt\/old\/wp-json\/wp\/v2\/users\/1"}],"replies":[{"embeddable":true,"href":"https:\/\/www.nsa.smsm.lt\/old\/wp-json\/wp\/v2\/comments?post=17015"}],"version-history":[{"count":0,"href":"https:\/\/www.nsa.smsm.lt\/old\/wp-json\/wp\/v2\/pages\/17015\/revisions"}],"up":[{"embeddable":true,"href":"https:\/\/www.nsa.smsm.lt\/old\/wp-json\/wp\/v2\/pages\/10105"}],"wp:attachment":[{"href":"https:\/\/www.nsa.smsm.lt\/old\/wp-json\/wp\/v2\/media?parent=17015"}],"curies":[{"name":"wp","href":"https:\/\/api.w.org\/{rel}","templated":true}]}}