{"id":16861,"date":"2024-09-10T06:16:02","date_gmt":"2024-09-10T04:16:02","guid":{"rendered":"https:\/\/www.nsa.smsm.lt\/old\/?page_id=16861"},"modified":"2024-11-20T10:01:50","modified_gmt":"2024-11-20T08:01:50","slug":"nmpp","status":"publish","type":"page","link":"https:\/\/www.nsa.smsm.lt\/old\/egzaminai-ir-pasiekimu-patikrinimai\/nmpp\/","title":{"rendered":"NMPP"},"content":{"rendered":"<p><i class=\"fa fa-file-pdf \" ><\/i> <strong><a href=\"https:\/\/www.nsa.smsm.lt\/old\/old\/wp-content\/uploads\/2024\/11\/NMPP_uzduociu_aprasas_pradinis_GALUTINIS.pdf\" target=\"_blank\" rel=\"noopener\">Nacionalini\u0173 mokini\u0173 pasiekim\u0173 patikrinim\u0173 u\u017eduo\u010di\u0173 apra\u0161as pradiniam ugdymui<\/a><\/strong><\/p>\n<p><i class=\"fa fa-file-pdf \" ><\/i> <strong><a href=\"https:\/\/www.nsa.smsm.lt\/old\/old\/wp-content\/uploads\/2024\/11\/NMPP_uzduociu_aprasas_Kalbos_8_klase_GALUTINIS.pdf\" target=\"_blank\" rel=\"noopener\">Kalb\u0173 nacionalini\u0173 mokini\u0173 pasiekim\u0173 patikrinim\u0173 8 klas\u0117je u\u017eduo\u010di\u0173 apra\u0161as<\/a><\/strong><\/p>\n<p><i class=\"fa fa-file-pdf \" ><\/i> <strong><a href=\"https:\/\/www.nsa.smsm.lt\/old\/old\/wp-content\/uploads\/2024\/11\/NMPP_uzduociu_aprasas_matematika_8_klase_GALUTINIS.pdf\" target=\"_blank\" rel=\"noopener\">Matematikos nacionalinio mokini\u0173 pasiekim\u0173 patikrinimo 8 klas\u0117je u\u017eduoties apra\u0161as<\/a><\/strong><\/p>\n<p><i class=\"fa fa-link \" ><\/i>\u00a0<a href=\"https:\/\/e-seimas.lrs.lt\/portal\/legalAct\/lt\/TAD\/ba81b8b0d38a11e69c5d8175b5879c31\/asr\" target=\"_blank\" rel=\"noopener\"><strong>Nacionalini\u0173 mokini\u0173 pasiekim\u0173 patikrinim\u0173 organizavimo ir vykdymo tvarkos apra\u0161as<\/strong><\/a><\/p>\n<p><i class=\"fa fa-link \" ><\/i> <a href=\"https:\/\/www.e-tar.lt\/portal\/lt\/legalAct\/7f20d146870811efabdbb4a1fc8b0b63\" target=\"_blank\" rel=\"noopener\">2024 m. spalio 10 d.\u00a0 \u012fsakymas Nr. V-1142 d\u0117l\u00a0\u0161vietimo, mokslo ir sporto ministro 2017 m. sausio 4 d. \u012fsakymo nr. V-6 \u201eD\u0117l\u00a0nacionalini\u0173 mokini\u0173 pasiekim\u0173 patikrinim\u0173 organizavimo ir vykdymo tvarkos apra\u0161o patvirtinimo\u201c pakeitimo<\/a><\/p>\n<p><i class=\"fa fa-link \" ><\/i> <a id=\"OWA81cf3788-6f01-b1f9-d931-028fdfedc7e6\" class=\"OWAAutoLink\" href=\"https:\/\/www.e-tar.lt\/portal\/lt\/legalAct\/f9087a307f8e11eea5a28c81c82193a8\" target=\"_blank\" rel=\"noopener\" data-loopstyle=\"linkonly\">2023 m. lapkri\u010dio 10 d. \u012fsakymas Nr. V-1444 \u201eD\u0117l \u0161vietimo, mokslo ir sporto ministro 2017 m. sausio 4 d. \u012fsakymo Nr. V-6 \u201eD\u0117l Nacionalini\u0173 mokini\u0173 pasiekim\u0173 patikrinim\u0173 organizavimo ir vykdymo tvarkos apra\u0161o patvirtinimo\u201c pakeitimo<\/a><\/p>\n<p><i class=\"fa fa-link \" ><\/i> <a href=\"https:\/\/www.e-tar.lt\/portal\/lt\/legalAct\/41b3c5b04ab511edbc04912defe897d1\" target=\"_blank\" rel=\"noopener\">2022 m. spalio 13 d. \u012fsakymas Nr. V-1630 \u201eD\u0117l \u0160vietimo, mokslo ir sporto ministro 2017 m. sausio 4 d. \u012fsakymo Nr. V-6 \u201eD\u0117l Nacionalini\u0173 mokini\u0173 pasiekim\u0173 patikrinim\u0173 organizavimo ir vykdymo tvarkos apra\u0161o patvirtinimo\u201c pakeitimo<\/a><\/p>\n<p><i class=\"fa fa-link \" ><\/i> <a href=\"https:\/\/www.e-tar.lt\/portal\/legalAct.html?documentId=a888d9b0a8e911ec8d9390588bf2de65\" target=\"_blank\" rel=\"noopener\">2022 m. kovo 21 d. \u012esakymas Nr. V-413 ,,D\u0117l \u0161vietimo ir mokslo ministro 2017 m. sausio 4 d. \u012fsakymo Nr. V-6 \u201eD\u0117l Nacionalinio mokini\u0173 pasiekim\u0173 patikrinimo organizavimo ir vykdymo tvarkos apra\u0161o patvirtinimo\u201c pakeitimo\u201c<\/a><\/p>\n<p><i class=\"fa fa-link \" ><\/i> <a href=\"https:\/\/www.nsa.smsm.lt\/old\/old\/wp-content\/uploads\/2022\/01\/isakymas-del-2021-2022-struktura.pdf\" target=\"_blank\" rel=\"noopener\">2021\u20132022 mokslo met\u0173 4, 6 ir 8 klasi\u0173 nacionalinio mokini\u0173 pasiekim\u0173 patikrinimo u\u017eduo\u010di\u0173 strukt\u016bra<\/a><\/p>\n<p><i class=\"fa fa-link \" ><\/i> <a href=\"https:\/\/e-seimas.lrs.lt\/portal\/legalAct\/lt\/TAD\/ba81b8b0d38a11e69c5d8175b5879c31\/asr\" target=\"_blank\" rel=\"noopener\">D\u0117l \u0161vietimo ir mokslo ministro 2017 m. sausio 4 d. \u012fsakymo Nr. V-6 \u201eD\u0117l Nacionalinio mokini\u0173 pasiekim\u0173 patikrinimo organizavimo ir vykdymo tvarkos apra\u0161o patvirtinimo\u201c pakeitimo<\/a><\/p>\n","protected":false},"excerpt":{"rendered":"<p>Nacionalini\u0173 mokini\u0173 pasiekim\u0173 patikrinim\u0173 u\u017eduo\u010di\u0173 apra\u0161as pradiniam ugdymui Kalb\u0173 nacionalini\u0173 mokini\u0173 pasiekim\u0173 patikrinim\u0173 8 klas\u0117je u\u017eduo\u010di\u0173 apra\u0161as Matematikos nacionalinio mokini\u0173 pasiekim\u0173 patikrinimo 8 klas\u0117je u\u017eduoties apra\u0161as \u00a0Nacionalini\u0173 mokini\u0173 pasiekim\u0173 patikrinim\u0173 organizavimo ir vykdymo tvarkos apra\u0161as 2024 m. spalio 10 d.\u00a0&nbsp;<a href=\"https:\/\/www.nsa.smsm.lt\/old\/egzaminai-ir-pasiekimu-patikrinimai\/nmpp\/\" class=\"placiau\">Pla\u010diau <i class=\"fa fa-caret-right\"><\/i><\/a><\/p>\n","protected":false},"author":1,"featured_media":0,"parent":16826,"menu_order":4,"comment_status":"closed","ping_status":"closed","template":"","meta":{"_acf_changed":false,"footnotes":""},"class_list":["post-16861","page","type-page","status-publish","hentry"],"acf":[],"_links":{"self":[{"href":"https:\/\/www.nsa.smsm.lt\/old\/wp-json\/wp\/v2\/pages\/16861","targetHints":{"allow":["GET"]}}],"collection":[{"href":"https:\/\/www.nsa.smsm.lt\/old\/wp-json\/wp\/v2\/pages"}],"about":[{"href":"https:\/\/www.nsa.smsm.lt\/old\/wp-json\/wp\/v2\/types\/page"}],"author":[{"embeddable":true,"href":"https:\/\/www.nsa.smsm.lt\/old\/wp-json\/wp\/v2\/users\/1"}],"replies":[{"embeddable":true,"href":"https:\/\/www.nsa.smsm.lt\/old\/wp-json\/wp\/v2\/comments?post=16861"}],"version-history":[{"count":17,"href":"https:\/\/www.nsa.smsm.lt\/old\/wp-json\/wp\/v2\/pages\/16861\/revisions"}],"predecessor-version":[{"id":41671,"href":"https:\/\/www.nsa.smsm.lt\/old\/wp-json\/wp\/v2\/pages\/16861\/revisions\/41671"}],"up":[{"embeddable":true,"href":"https:\/\/www.nsa.smsm.lt\/old\/wp-json\/wp\/v2\/pages\/16826"}],"wp:attachment":[{"href":"https:\/\/www.nsa.smsm.lt\/old\/wp-json\/wp\/v2\/media?parent=16861"}],"curies":[{"name":"wp","href":"https:\/\/api.w.org\/{rel}","templated":true}]}}