{"id":16841,"date":"2025-03-03T06:35:39","date_gmt":"2025-03-03T04:35:39","guid":{"rendered":"https:\/\/www.nsa.smsm.lt\/old\/?page_id=16841"},"modified":"2025-03-03T15:55:56","modified_gmt":"2025-03-03T13:55:56","slug":"pedagogu-kvalifikacijos-tobulinimo-istaigu-isorinis-vertinimas","status":"publish","type":"page","link":"https:\/\/www.nsa.smsm.lt\/old\/istaigu-vertinimas\/pedagogu-kvalifikacijos-tobulinimo-istaigu-isorinis-vertinimas\/","title":{"rendered":"Pedagog\u0173 kvalifikacijos tobulinimo \u012fstaig\u0173 i\u0161orinis vertinimas"},"content":{"rendered":"<p><strong>Pedagog\u0173 kvalifikacijos tobulinim\u0105 vykdan\u010di\u0173 institucij\u0173 veiklos i\u0161orinis vertinimas ir akreditacija<\/strong><\/p>\n<p>Lietuvos Respublikos \u0161vietimo \u012fstatymo 23 straipsnio 5 punktas nustato, kad kvalifikacijos tobulinimo programas \u012fgyvendina \u0161vietimo ir mokslo ministro tvarka akredituotos kvalifikacijos tobulinimo \u012fstaigos. \u0160vietimo paslaug\u0173 teik\u0117j\u0173 \u2013 juridini\u0173 asmen\u0173 \u2013 veiklos, susijusios su pedagog\u0173 kvalifikacijos tobulinimu, vertinimo ir akreditacijos tiksl\u0105, u\u017edavinius, principus, kriterijus, vertinimo ir akreditacijos organizavim\u0105 bei vykdym\u0105 reglamentuoja\u00a0<a href=\"https:\/\/www.e-tar.lt\/portal\/lt\/legalAct\/TAR.A004EC774695\/zJyKQnYbuw\">Institucij\u0173, vykdan\u010di\u0173 mokytoj\u0173 ir \u0161vietimo pagalb\u0105 teikian\u010di\u0173 specialist\u0173 kvalifikacijos tobulinim\u0105, veiklos vertinimo ir akreditacijos taisykl\u0117s\u00a0<\/a>(toliau \u2013 Akreditacijos taisykl\u0117s).<\/p>\n<p>Pedagog\u0173 kvalifikacijos tobulinimo institucij\u0173 veiklos kokyb\u0117s vertinimas pagal Akreditacijos taisykles suprantamas kaip tyrimas, susidedantis i\u0161\u00a0\u012fsivertinimo\u00a0ir i\u0161orinio vertinimo. I\u0161orinio vertinimo metu, remdamiesi \u012fsivertinimo i\u0161vadomis, i\u0161orinio vertinimo ekspertai institucijai padeda nustatyti veiklos rezultat\u0173 kokyb\u0119 ir teikia rekomendacijas d\u0117l veiklos tobulinimo. Atsi\u017evelgdamas \u012f i\u0161orinio vertinimo i\u0161vadas Lietuvos Respublikos \u0161vietimo ir mokslo ministras priima sprendim\u0105 d\u0117l institucijos akreditacijos 5 arba 3 metams.<\/p>\n<p>&nbsp;<\/p>\n<h2>Dokumentai<\/h2>\n<hr \/>\n<p><i class=\"fa fa-file-pdf-o \" ><\/i> <a href=\"https:\/\/www.nsa.smsm.lt\/old\/old\/wp-content\/uploads\/2025\/03\/isakymas_del_vertinimo_pakeitimo.pdf\">D\u0117l Nacionalin\u0117s \u0161vietimo agent\u016bros direktoriaus 2024 m. gruod\u017eio 19 d. \u012fsakymo nr. VK-1037 \u201eD\u0117l institucij\u0173, vykdan\u010di\u0173 mokytoj\u0173 ir \u0161vietimo pagalb\u0105 teikian\u010di\u0173 specialist\u0173 kvalifikacijos tobulinim\u0105, veiklos i\u0161orinio vertinimo 2025 m. plano patvirtinimo\u201c pakeitimo<\/a><\/p>\n<p><i class=\"fa fa-file-archive \" ><\/i>\u00a0<a href=\"https:\/\/www.nsa.smsm.lt\/old\/old\/wp-content\/uploads\/2024\/12\/2024-12-19-Nr.-VK-1037-DEL-INSTITUCIJU-VYKDANCIU-MOKYTOJU-IR-SVIETIMO-PAGALBA-TEIKIANCIU-SPECIALISTU-KVALIFIKACIJOS-TOBULINIMA-VEIKLOS-ISORINIO-VERTINIMO-2025-METU-PLANO-PATVIRTINIMO.pdf\" target=\"_blank\" rel=\"noopener\">Institucij\u0173, vykdan\u010di\u0173 mokytoj\u0173 ir \u0161vietimo pagalb\u0105 teikian\u010di\u0173 specialist\u0173 kvalifikacijos tobulinim\u0105, veiklos i\u0161orinio vertinimo 2025 met\u0173 planas<\/a><b><i> <\/i><\/b><\/p>\n<p><i class=\"fa fa-file-archive \" ><\/i> <a href=\"https:\/\/www.nsa.smsm.lt\/old\/old\/wp-content\/uploads\/2024\/11\/Isakymas.zip\">Institucij\u0173, vykdan\u010di\u0173 mokytoj\u0173 ir \u0161vietimo pagalb\u0105 teikian\u010di\u0173 specialist\u0173 kvalifikacijos tobulinim\u0105, veiklos i\u0161orinio vertinimo 2024 m. plano<b>\u00a0<\/b>pakeitimas<\/a><\/p>\n<p><i class=\"fa fa-file-pdf-o \" ><\/i> <a href=\"https:\/\/www.nsa.smsm.lt\/old\/old\/wp-content\/uploads\/2023\/12\/2024_Instituciju_veiklos_isorinio_vertinimo_planas.pdf\">Institucij\u0173, vykdan\u010di\u0173 mokytoj\u0173 ir \u0161vietimo pagalb\u0105 teikian\u010di\u0173<b> <\/b>specialist\u0173 kvalifikacijos tobulinim\u0105, veiklos i\u0161orinio vertinimo 2024 met\u0173 planas<\/a><\/p>\n<p><i class=\"fa fa-file-pdf-o \" ><\/i> <a href=\"https:\/\/www.e-tar.lt\/portal\/lt\/legalAct\/e039f8207ab811edbc04912defe897d1\">2022-12-13 \u0160MSM \u012fsakymas Nr. V-1942 \u201eD\u0117l pedagogini\u0173 darbuotoj\u0173 (i\u0161skyrus auk\u0161t\u0173j\u0173 mokykl\u0173 darbuotojus) 2023-2025 met\u0173 prioritetini\u0173 kvalifikacijos tobulinimo sri\u010di\u0173 patvirtinimo\u201c<\/a><\/p>\n<p><i class=\"fa fa-file-pdf-o \" ><\/i> <a href=\"https:\/\/www.nsa.smsm.lt\/old\/old\/wp-content\/uploads\/2022\/12\/KT-instituciju-isorinio-vertinimo-planas-2023-m.pdf\">Institucij\u0173, vykdan\u010di\u0173 mokytoj\u0173 ir \u0161vietimo pagalb\u0105 teikian\u010di\u0173 specialist\u0173 kvalifikacijos tobulinim\u0105, veiklos i\u0161orinio vertinimo 2023 met\u0173 planas<\/a><\/p>\n<p><i class=\"fa fa-file-pdf-o \" ><\/i> <strong>2020-04-02 \u012esakymas Nr. V-504<br \/>\n<\/strong><strong><a href=\"http:\/\/www.nsa.smm.lt\/wp-content\/uploads\/2020\/12\/RAMUNT.pdf\" rel=\"\">D\u0117l valstybini\u0173 ir savivaldybi\u0173 mokykl\u0173 vadov\u0173, j\u0173 pavaduotoj\u0173 ugdymui, ugdym\u0105 organizuojan\u010di\u0173 skyri\u0173 ved\u0117j\u0173, mokytoj\u0173 ir pagalbos mokiniui specialist\u0173 2020\u20132022 met\u0173 kvalifikacijos tobulinimo prioritet\u0173 patvirtinimo<\/a><\/strong><\/p>\n<p><strong><a href=\"https:\/\/www.nsa.smsm.lt\/old\/old\/wp-content\/uploads\/2022\/10\/KT-vertinimo-planas-su-isak.pdf\" rel=\"\">Institucij\u0173, vykdan\u010di\u0173 mokytoj\u0173 ir \u0161vietimo pagalb\u0105 teikian\u010di\u0173 specialist\u0173 kvalifikacijos tobulinim\u0105, veiklos i\u0161orinio vertinimo 2022 met\u0173 planas<\/a><\/strong><\/p>\n<p><i class=\"fa fa-file-pdf-o \" ><\/i> <strong>2019-05-28 \u012esakymas Nr. V-648<br \/>\n<\/strong><strong><a href=\"http:\/\/www.nsa.smm.lt\/wp-content\/uploads\/2020\/12\/Del-svietimo-ir-mokslo-ministro.docx\">D\u0117l \u0161vietimo ir mokslo ministro 2006 m. sausio 23 d. \u012fsakymo Nr. ISAK-109 \u201eD\u0117l institucij\u0173, vykdan\u010di\u0173 mokytoj\u0173 ir \u0161vietimo pagalb\u0105 teikian\u010di\u0173 specialist\u0173 kvalifikacijos tobulinim\u0105, veiklos vertinimo ir akreditacijos\u201c pakeitimo<\/a><\/strong><\/p>\n<hr \/>\n<p><a href=\"https:\/\/www.nsa.smsm.lt\/old\/old\/wp-content\/uploads\/2022\/01\/KTI-isorinio-vertinimo-planas-2022-m..pdf\">Institucij\u0173, vykdan\u010di\u0173 mokytoj\u0173 ir \u0161vietimo pagalb\u0105 teikian\u010di\u0173 specialist\u0173 kvalifikacijos tobulinim\u0105, veiklos i\u0161orinio vertinimo 2022 met\u0173 planas<\/a><\/p>\n<p><i class=\"fa fa-file-pdf-o \" ><\/i> <strong>2006-01-23 \u012esakymas Nr. ISAK-109<br \/>\n<\/strong><a href=\"https:\/\/www.e-tar.lt\/portal\/lt\/legalAct\/TAR.A004EC774695\/zJyKQnYbuw\"><b>D\u0117l institucij\u0173, vykdan\u010di\u0173 mokytoj\u0173 ir \u0161vietimo pagalb\u0105 teikian\u010di\u0173 specialist\u0173 kvalifikacijos tobulinim\u0105, veiklos vertinimo ir akreditacijos<\/b><\/a><\/p>\n<p><i class=\"fa fa-file-pdf-o \" ><\/i> <strong>2008-04-22 \u012esakymas Nr. ISAK-1116<br \/>\n<\/strong><strong><a href=\"http:\/\/www.nsa.smm.lt\/wp-content\/uploads\/2020\/12\/2008-m.-balandzio-22-d.-isakymas-Nr.-ISAK-1116.pdf\" rel=\"\">D\u0117l \u0161vietimo ir mokslo ministro 2006 m. sausio 23 d. \u012fsakymo Nr. ISAK-109 \u201eD\u0117l institucij\u0173, vykdan\u010di\u0173 mokytoj\u0173 ir \u0161vietimo pagalb\u0105 teikian\u010di\u0173 specialist\u0173 kvalifikacijos tobulinim\u0105, veiklos vertinimo ir akreditacijos\u201c pakeitimo<\/a><\/strong><\/p>\n<p><i class=\"fa fa-file-pdf-o \" ><\/i> <a href=\"http:\/\/www.nsa.smm.lt\/wp-content\/uploads\/2020\/12\/Instituciju-veiklos-vertinimo-ir-akreditacijos-taisykles.pdf\" rel=\"\">Institucij\u0173, vykdan\u010di\u0173 mokytoj\u0173 ir \u0161vietimo pagalb\u0105 teikian\u010di\u0173 specialist\u0173 kvalifikacijos tobulinim\u0105, veiklos vertinimo ir akreditacijos taisykl\u0117s<\/a><\/p>\n<p><a href=\"http:\/\/www.nsa.smm.lt\/wp-content\/uploads\/2020\/12\/Klausimynas-1priedas.doc\">Klausimynas institucijos veiklai \u012fsivertinti pagal veiklos sritis ir j\u0173 dalis<\/a> (1 priedas)<\/p>\n<p><a href=\"http:\/\/www.nsa.smm.lt\/wp-content\/uploads\/2020\/12\/Vertinimo-pozymiai-2-priedas.doc\">Veiklos sri\u010di\u0173 ir j\u0173 dali\u0173 vertinimo po\u017eymiai ir j\u0173 vertinimo skal\u0117<\/a> (2 priedas)<\/p>\n<p><a href=\"https:\/\/www.nsa.smsm.lt\/old\/old\/wp-content\/uploads\/2021\/08\/Isivertinimo-isvadu-forma.docx\">Institucijos, vykdan\u010dios mokytoj\u0173 ir \u0161vietimo pagalb\u0105 teikian\u010di\u0173 specialist\u0173 kvalifikacijos tobulinim\u0105, veiklos \u012fsivertinimo i\u0161vados<\/a> (3 priedas)<\/p>\n<p><a href=\"http:\/\/www.nsa.smm.lt\/wp-content\/uploads\/2020\/12\/Isorinio-vertinimo-isvados-4-priedas.doc\">Institucijos, vykdan\u010dios mokytoj\u0173 ir \u0161vietimo pagalb\u0105 teikian\u010di\u0173 specialist\u0173 kvalifikacijos tobulinim\u0105, veiklos i\u0161orinio vertinimo i\u0161vados<\/a> (4 priedas)<\/p>\n","protected":false},"excerpt":{"rendered":"<p>Pedagog\u0173 kvalifikacijos tobulinim\u0105 vykdan\u010di\u0173 institucij\u0173 veiklos i\u0161orinis vertinimas ir akreditacija Lietuvos Respublikos \u0161vietimo \u012fstatymo 23 straipsnio 5 punktas nustato, kad kvalifikacijos tobulinimo programas \u012fgyvendina \u0161vietimo ir mokslo ministro tvarka akredituotos kvalifikacijos tobulinimo \u012fstaigos. \u0160vietimo paslaug\u0173 teik\u0117j\u0173 \u2013 juridini\u0173 asmen\u0173 \u2013&nbsp;<a href=\"https:\/\/www.nsa.smsm.lt\/old\/istaigu-vertinimas\/pedagogu-kvalifikacijos-tobulinimo-istaigu-isorinis-vertinimas\/\" class=\"placiau\">Pla\u010diau <i class=\"fa fa-caret-right\"><\/i><\/a><\/p>\n","protected":false},"author":1,"featured_media":0,"parent":10099,"menu_order":1,"comment_status":"closed","ping_status":"closed","template":"page-tobulinimas.php","meta":{"_acf_changed":false,"footnotes":""},"class_list":["post-16841","page","type-page","status-publish","hentry"],"acf":[],"_links":{"self":[{"href":"https:\/\/www.nsa.smsm.lt\/old\/wp-json\/wp\/v2\/pages\/16841","targetHints":{"allow":["GET"]}}],"collection":[{"href":"https:\/\/www.nsa.smsm.lt\/old\/wp-json\/wp\/v2\/pages"}],"about":[{"href":"https:\/\/www.nsa.smsm.lt\/old\/wp-json\/wp\/v2\/types\/page"}],"author":[{"embeddable":true,"href":"https:\/\/www.nsa.smsm.lt\/old\/wp-json\/wp\/v2\/users\/1"}],"replies":[{"embeddable":true,"href":"https:\/\/www.nsa.smsm.lt\/old\/wp-json\/wp\/v2\/comments?post=16841"}],"version-history":[{"count":5,"href":"https:\/\/www.nsa.smsm.lt\/old\/wp-json\/wp\/v2\/pages\/16841\/revisions"}],"predecessor-version":[{"id":42448,"href":"https:\/\/www.nsa.smsm.lt\/old\/wp-json\/wp\/v2\/pages\/16841\/revisions\/42448"}],"up":[{"embeddable":true,"href":"https:\/\/www.nsa.smsm.lt\/old\/wp-json\/wp\/v2\/pages\/10099"}],"wp:attachment":[{"href":"https:\/\/www.nsa.smsm.lt\/old\/wp-json\/wp\/v2\/media?parent=16841"}],"curies":[{"name":"wp","href":"https:\/\/api.w.org\/{rel}","templated":true}]}}