{"id":16103,"date":"2024-10-21T07:27:29","date_gmt":"2024-10-21T05:27:29","guid":{"rendered":"https:\/\/www.nsa.smsm.lt\/old\/?page_id=16103"},"modified":"2024-10-21T09:37:30","modified_gmt":"2024-10-21T07:37:30","slug":"pedagogu-kvalifikacijos-tobulinimo-programos","status":"publish","type":"page","link":"https:\/\/www.nsa.smsm.lt\/old\/mokyklu-veiklos-pletra-ir-pedagogu-kvalifikacija\/pedagogu-kvalifikacijos-tobulinimo-istaigu-isivertinimas-ir-stebesena\/pedagogu-kvalifikacijos-tobulinimo-programos\/","title":{"rendered":"Pedagogini\u0173 darbuotoj\u0173 kvalifikacijos tobulinimo programos"},"content":{"rendered":"<p><a href=\"http:\/\/www.aikos.smm.lt\/aikos\/tob_prg_paiesk_c.htm\">Program\u0173 paie\u0161ka atvirojoje informavimo, konsultavimo, orientavimo sistemoje (AIKOS)<\/a><\/p>\n<p>&nbsp;<\/p>\n<hr \/>\n<p><strong>S\u0117kmingai \u012fgyvendintos pedagogini\u0173 darbuotoj\u0173 <\/strong><strong>kvalifikacijos tobulinimo programos<\/strong><\/p>\n<p>2023 m. pedagog\u0173 kvalifikacijos tobulinim\u0105 (toliau \u2013 PKT) vykdan\u010dios institucijos <a href=\"https:\/\/www.e-tar.lt\/portal\/lt\/legalAct\/e039f8207ab811edbc04912defe897d1\">pagal Pedagogini\u0173 darbuotoj\u0173 (i\u0161skyrus auk\u0161t\u0173j\u0173 mokykl\u0173 darbuotojus) 2023\u20132025 met\u0173 prioritetines kvalifikacijos tobulinimo sritis<\/a> \u012fgyvendino i\u0161vardytas PKT programas ir \u012fvardijo jas kaip s\u0117kmingiausias.<\/p>\n<p>Program\u0173 s\u0105ra\u0161as sudarytas vadovaujantis savivaldybi\u0173 \u0161vietimo \u012fstaig\u0173 vadov\u0173, j\u0173 pavaduotoj\u0173 ugdymui, ugdym\u0105 organizuojan\u010di\u0173 skyri\u0173 ved\u0117j\u0173, mokytoj\u0173, pagalbos mokiniui specialist\u0173 kvalifikacijos tobulinimo steb\u0117senos duomenimis.<\/p>\n<p>Kvie\u010diame suinteresuotas institucijas bendradarbiauti siekiant pedagogini\u0173 darbuotoj\u0173 profesinio tobul\u0117jimo.<\/p>\n<p>2023 m. s\u0117kmingiausi\u0173 PKT program\u0173 S\u0104RA\u0160AS <a href=\"https:\/\/www.nsa.smsm.lt\/old\/old\/wp-content\/uploads\/2024\/06\/2023_metu_Sekmingiausiu_programu_sarasas_red.docx.pdf\"><i class=\"fa fa-file-pdf \" ><\/i><\/a><\/p>\n<p>&nbsp;<\/p>\n<hr \/>\n<p><strong>Nacionalin\u0117s \u0161vietimo agent\u016bros direktoriaus \u012fsakymu patvirtintos programos<\/strong><\/p>\n<ol start=\"1\">\n<li><a href=\"https:\/\/www.nsa.smsm.lt\/old\/old\/wp-content\/uploads\/2021\/12\/Programa_pradedantiesiems.pdf\">Vadybinio darbo ir lyderyst\u0117s pagrindai pradedantiesiems \u0161vietimo \u012fstaig\u0173 vadovams<\/a><\/li>\n<\/ol>\n<p style=\"padding-left: 40px;\">2021-12-06 \u012fsakymu Nr. VK-717 patvirtinta iki 2024-12-05 (kodas 211001254)<\/p>\n<ol start=\"2\">\n<li><a href=\"https:\/\/www.nsa.smsm.lt\/old\/old\/wp-content\/uploads\/2022\/01\/Mokinio-individualios-pazangos.pdf\">Mokinio individualios pa\u017eangos steb\u0117jimo, pasiekim\u0173 gerinimo ir \u012f(si)vertinimo praktika pamokoje<\/a><\/li>\n<\/ol>\n<p style=\"padding-left: 40px;\">2021-12-22 \u012fsakymu Nr. VK-738 patvirtinta iki 2024-12-21 (kodas 211001272)<\/p>\n<ol start=\"3\">\n<li><a href=\"https:\/\/www.nsa.smsm.lt\/old\/old\/wp-content\/uploads\/2022\/02\/Nacionalinio_programa.pdf\">Nacionalinio saugumo ir pilieti\u0161kumo nuostat\u0173 stiprinimas ugdyme<\/a><\/li>\n<\/ol>\n<p style=\"padding-left: 40px;\">2022-02-02 \u012fsakymu Nr. VK-63 patvirtinta iki 2025-02-01 (kodas 211001302)<\/p>\n<ol start=\"4\">\n<li><a href=\"https:\/\/www.nsa.smsm.lt\/old\/old\/wp-content\/uploads\/2022\/03\/Priesmokyklinio-ugdymo-programa.pdf\">Kaip k\u016brybi\u0161kai ir kokybi\u0161kai \u012fgyvendinti atnaujint\u0105 prie\u0161mokyklinio ugdymo program\u0105?<\/a><\/li>\n<\/ol>\n<p style=\"padding-left: 40px;\">2022-03-16 \u012fsakymu Nr. VK-144 patvirtinta iki 2025-03-15 (kodas 213003081)<\/p>\n<ol start=\"5\">\n<li><a href=\"https:\/\/www.nsa.smsm.lt\/old\/old\/wp-content\/uploads\/2022\/08\/GV-programa.pdf\">Gabi\u0173 (didel\u012f mokymosi potencial\u0105 turin\u010di\u0173) mokini\u0173 atpa\u017einimas ir ugdymas (pradin\u0117se klas\u0117se \/ 5\u201310 klasi\u0173 lietuvi\u0173 kalbos \/ matematikos \/ gamtos moksl\u0173 pamokose)<\/a><\/li>\n<\/ol>\n<p style=\"padding-left: 40px;\">2022-07-28 \u012fsakymu Nr. VK-546 patvirtinta iki 2025-07-27 (kodas 213003251)<\/p>\n<ol start=\"6\">\n<li><a href=\"https:\/\/www.nsa.smsm.lt\/old\/old\/wp-content\/uploads\/2022\/11\/Muzikos-programa.pdf\">Muzikos mokytoj\u0173 kompetencij\u0173 tobulinimo programa, skirta atnaujinto ugdymo turinio \u012fgyvendinimui. Projektas \u201eSkaitmeninio ugdymo turinio k\u016brimas ir diegimas\u201c (09.2.1.-ESFA-V-726-03-0001)<\/a><\/li>\n<\/ol>\n<p style=\"padding-left: 40px;\">2022-11-17 \u012fsakymu Nr. VK-745 patvirtinta iki 2025-11-16 (kodas 213003400)<\/p>\n<ol start=\"7\">\n<li><a href=\"https:\/\/www.nsa.smsm.lt\/old\/old\/wp-content\/uploads\/2022\/12\/Istorijos-PKT.pdf\">Istorijos mokytoj\u0173 kompetencij\u0173 tobulinimo programa, skirta atnaujinto ugdymo turinio \u012fgyvendinimui. Projektas \u201eSkaitmeninio ugdymo turinio k\u016brimas ir diegimas\u201c (09.2.1.-ESFA-V-726-03-0001)<\/a><\/li>\n<\/ol>\n<p style=\"padding-left: 40px;\">2022-11-29 \u012fsakymu Nr. VK-759 patvirtinta iki 2025-11-28 (kodas 213003431)<\/p>\n<ol start=\"8\">\n<li><a href=\"https:\/\/www.nsa.smsm.lt\/old\/old\/wp-content\/uploads\/2022\/12\/Fizikos-programa.pdf\">Fizikos mokytoj\u0173 kompetencij\u0173 tobulinimo programa, skirta atnaujinto ugdymo turinio \u012fgyvendinimui. Projektas \u201eSkaitmeninio ugdymo turinio k\u016brimas ir diegimas\u201c (09.2.1.-ESFA-V-726-03-0001)<\/a><\/li>\n<\/ol>\n<p style=\"padding-left: 40px;\">2022-11-29 \u012fsakymu Nr. VK-759 patvirtinta iki 2025-11-28 (kodas 213003433)<\/p>\n<ol start=\"9\">\n<li><a href=\"https:\/\/www.nsa.smsm.lt\/old\/old\/wp-content\/uploads\/2022\/12\/KTP_daile.pdf\">Dail\u0117s mokytoj\u0173 kompetencij\u0173 tobulinimo programa, skirta atnaujinto ugdymo turinio \u012fgyvendinimui. Projektas \u201eSkaitmeninio ugdymo turinio k\u016brimas ir diegimas\u201c (09.2.1.-ESFA-V-726-03-0001)<\/a><\/li>\n<\/ol>\n<p style=\"padding-left: 40px;\">2022-12-07 \u012fsakymu Nr. VK-796 patvirtinta iki 2025-12-06 (kodas 213003449)<\/p>\n<ol start=\"10\">\n<li><a href=\"https:\/\/www.nsa.smsm.lt\/old\/old\/wp-content\/uploads\/2022\/12\/Kataliku-tikybos.pdf\">Katalik\u0173 tikybos mokytoj\u0173 kompetencij\u0173 tobulinimo programa, skirta atnaujinto ugdymo turinio \u012fgyvendinimui. Projektas \u201eSkaitmeninio ugdymo turinio k\u016brimas ir diegimas\u201c (09.2.1.-ESFA-V-726-03-0001)<\/a><\/li>\n<\/ol>\n<p style=\"padding-left: 40px;\">2022-12-09 \u012fsakymu Nr. VK-804 patvirtinta iki 2025-12-08 (kodas 213003456)<\/p>\n<ol start=\"11\">\n<li><a href=\"https:\/\/www.nsa.smsm.lt\/old\/old\/wp-content\/uploads\/2022\/12\/Lietuviu_pagrindinio-ugdymo-programa.pdf\">Lietuvi\u0173 kalbos ir literat\u016bros pagrindinio ugdymo mokytoj\u0173 kompetencij\u0173 tobulinimo programa, skirta pasirengti atnaujintam ugdymo turiniui \u012fgyvendinti. Projektas \u201eSkaitmeninio ugdymo turinio k\u016brimas ir diegimas\u201c (09.2.1.-ESFA-V-726-03-0001)<\/a><\/li>\n<\/ol>\n<p style=\"padding-left: 40px;\">2022-12-09 \u012fsakymu Nr. VK-804 patvirtinta iki 2025-12-08 (kodas 213003457)<\/p>\n<ol start=\"12\">\n<li><a href=\"https:\/\/www.nsa.smsm.lt\/old\/old\/wp-content\/uploads\/2022\/12\/Pilietiskumo-PKT.pdf\">Pilieti\u0161kumo pagrind\u0173 mokytoj\u0173 kompetencij\u0173 tobulinimo programa, skirta atnaujinto ugdymo turinio \u012fgyvendinimui. Projektas \u201eSkaitmeninio ugdymo turinio k\u016brimas ir diegimas\u201c (09.2.1.-ESFA-V-726-03-0001)<\/a><\/li>\n<\/ol>\n<p style=\"padding-left: 40px;\">2022-12-09 \u012fsakymu Nr. VK-804 patvirtinta iki 2025-12-08 (kodas 213003458)<\/p>\n<ol start=\"13\">\n<li style=\"font-weight: 400;\"><a href=\"https:\/\/www.nsa.smsm.lt\/old\/old\/wp-content\/uploads\/2022\/12\/Lenku-tautines-mazumos-gimtosios-kalbos-ir-literaturos-mokytoju-kompetenciju-tobulinimo-programa.pdf\">Lenk\u0173 tautin\u0117s ma\u017eumos gimtosios kalbos ir literat\u016bros mokytoj\u0173 kompetencij\u0173 tobulinimo programa, skirta atnaujinto ugdymo turinio \u012fgyvendinimui. Projektas \u201eSkaitmeninio ugdymo turinio k\u016brimas ir diegimas\u201c (09.2.1.-ESFA-V-726-03-0001)<\/a><\/li>\n<\/ol>\n<p style=\"font-weight: 400; padding-left: 40px;\">2022-12-13 \u012fsakymu Nr. VK-806 patvirtinta iki 2025-12-12 (kodas 213003469)<\/p>\n<ol start=\"14\">\n<li style=\"font-weight: 400;\"><a href=\"https:\/\/www.nsa.smsm.lt\/old\/old\/wp-content\/uploads\/2022\/12\/Rusu-gimtosios-kalbos-ir-literaturos.pdf\">Rus\u0173 gimtosios kalbos ir literat\u016bros mokytoj\u0173 kompetencij\u0173 tobulinimo programa, skirta atnaujinto ugdymo turinio \u012fgyvendinimui. Projektas \u201eSkaitmeninio ugdymo turinio k\u016brimas ir diegimas\u201c (09.2.1-ESFA-V-726-03-0001)<\/a><\/li>\n<\/ol>\n<p style=\"font-weight: 400; padding-left: 40px;\">2022-12-16 \u012fsakymu Nr. VK-821 patvirtinta iki 2025-12-15 (kodas\u00a0213003478)<\/p>\n<ol start=\"15\">\n<li style=\"font-weight: 400;\"><a href=\"https:\/\/www.nsa.smsm.lt\/old\/old\/wp-content\/uploads\/2022\/12\/Teatro-programa.pdf\">Teatro mokytoj\u0173 kompetencij\u0173 tobulinimo programa, skirta atnaujinto ugdymo turinio \u012fgyvendinimui. Projektas \u201eSkaitmeninio ugdymo turinio k\u016brimas ir diegimas\u201c (09.2.1-ESFA-V-726-03-0001)<\/a><\/li>\n<\/ol>\n<p style=\"font-weight: 400; padding-left: 40px;\">2022-12-16 \u012fsakymu Nr. VK-821 patvirtinta iki 2025-12-15 (kodas\u00a0213003479)<\/p>\n<ol start=\"16\">\n<li><a href=\"https:\/\/www.nsa.smsm.lt\/old\/old\/wp-content\/uploads\/2022\/12\/Ekonomika-ir-verslumas.pdf\">Ekonomikos ir verslumo mokytoj\u0173 kompetencij\u0173 tobulinimo programa, skirta atnaujinto ugdymo turinio \u012fgyvendinimui.Projektas \u201eSkaitmeninio ugdymo turinio k\u016brimas ir diegimas\u201c (09.2.1-ESFA-V-726-03-0001)<\/a><\/li>\n<\/ol>\n<p style=\"font-weight: 400; padding-left: 40px;\">2022-12-27 \u012fsakymu Nr. VK-845 patvirtinta iki 2025-12-26 (kodas 213003494)<\/p>\n<ol start=\"17\">\n<li><a href=\"https:\/\/www.nsa.smsm.lt\/old\/old\/wp-content\/uploads\/2022\/12\/Etika.pdf\">Etikos mokytoj\u0173 kompetencij\u0173 tobulinimo programa, skirta atnaujinto ugdymo turinio \u012fgyvendinimui. Projektas \u201eSkaitmeninio ugdymo turinio k\u016brimas ir diegimas\u201c (09.2.1-ESFA-V-726-03-0001)<\/a><\/li>\n<\/ol>\n<p style=\"font-weight: 400; padding-left: 40px;\">2022-12-27 \u012fsakymu Nr. VK-845 patvirtinta iki 2025-12-26 (kodas 213003495)<\/p>\n<ol start=\"18\">\n<li><a href=\"https:\/\/www.nsa.smsm.lt\/old\/old\/wp-content\/uploads\/2023\/01\/Pradinio-ugdymo-programa.pdf\">Pradini\u0173 klasi\u0173 mokytoj\u0173 kompetencij\u0173 tobulinimo programa, skirta atnaujinto\u00a0ugdymo turinio \u012fgyvendinimui. Projektas \u201eSkaitmeninio ugdymo turinio k\u016brimas ir diegimas\u201c (09.2.1-ESFA-V-726-03-0001)<\/a><\/li>\n<\/ol>\n<p style=\"padding-left: 40px;\">2022-12-15 \u012fsakymu Nr. VK-816 iki 2025-12-14 (kodas 213003472)<\/p>\n<ol start=\"19\">\n<li><a href=\"https:\/\/www.nsa.smsm.lt\/old\/old\/wp-content\/uploads\/2023\/01\/Chemija.pdf\">Chemijos mokytoj\u0173 kompetencij\u0173 tobulinimo programa, skirta atnaujinto ugdymo turinio \u012fgyvendinimui. Projektas \u201eSkaitmeninio ugdymo turinio k\u016brimas ir diegimas\u201c (09.2.1-ESFA-V-726-03-0001)<\/a><\/li>\n<\/ol>\n<p style=\"padding-left: 40px;\">2022-12-20 \u012fsakymu Nr. VK-828 iki 2025-12-19 (kodas\u00a0213003483)<\/p>\n<ol start=\"20\">\n<li><a href=\"https:\/\/www.nsa.smsm.lt\/old\/old\/wp-content\/uploads\/2023\/01\/I-uzsienio-kalba.pdf\">I u\u017esienio kalbos mokytoj\u0173 kompetencij\u0173 tobulinimo programa, skirta atnaujinto\u00a0ugdymo turinio \u012fgyvendinimui. Projektas \u201eSkaitmeninio ugdymo turinio k\u016brimas ir diegimas\u201c (09.2.1-ESFA-V-726-03-0001)<\/a><\/li>\n<\/ol>\n<p style=\"padding-left: 40px;\">2022-12-27 \u012fsakymu Nr. VK-844 iki 2025-12-26 (kodas 213003489)<\/p>\n<ol start=\"21\">\n<li><a href=\"https:\/\/www.nsa.smsm.lt\/old\/old\/wp-content\/uploads\/2023\/01\/matematika.pdf\">Pagrindinio ugdymo matematikos mokytoj\u0173 kompetencij\u0173 tobulinimo programa, skirta atnaujinto ugdymo turinio \u012fgyvendinimui. Projektas \u201eSkaitmeninio ugdymo turinio k\u016brimas ir diegimas\u201c (09.2.1-ESFA-V-726-03-0001)<\/a><\/li>\n<\/ol>\n<p style=\"padding-left: 40px;\">2022-12-27 \u012fsakymu Nr. VK-844 iki 2025-12-26 (kodas 213003490)<\/p>\n<ol start=\"22\">\n<li><a href=\"https:\/\/www.nsa.smsm.lt\/old\/old\/wp-content\/uploads\/2023\/01\/II-uzsienio-PKT.pdf\">II u\u017esienio kalbos mokytoj\u0173 kompetencij\u0173 tobulinimo programa, skirta atnaujinto ugdymo turinio \u012fgyvendinimui. Projektas \u201eSkaitmeninio ugdymo turinio k\u016brimas ir diegimas\u201c (09.2.1-ESFA-V-726-03-0001)<\/a><\/li>\n<\/ol>\n<p style=\"padding-left: 40px;\">2023-01-04 \u012fsakymu Nr. VK-2 iki 2026-01-03 (kodas 213003527)<\/p>\n<ol start=\"23\">\n<li><a href=\"https:\/\/www.nsa.smsm.lt\/old\/old\/wp-content\/uploads\/2023\/01\/Lietuviu_vidurinio_PKT.pdf\">Lietuvi\u0173 kalbos ir literat\u016bros vidurinio ugdymo mokytoj\u0173 kompetencij\u0173 tobulinimo programa, skirta atnaujinto ugdymo turiniui \u012fgyvendinimui. Projektas \u201eSkaitmeninio ugdymo turinio k\u016brimas ir diegimas\u201c (09.2.1-ESFA-V-726-03-0001)<\/a><\/li>\n<\/ol>\n<p style=\"padding-left: 40px;\">2023-01-05 \u012fsakymu Nr. VK-3 iki 2026-01-04 (kodas 213003529)<\/p>\n<ol start=\"24\">\n<li><a href=\"https:\/\/www.nsa.smsm.lt\/old\/old\/wp-content\/uploads\/2023\/01\/Matematikos-vidurinio-ugdymo-PKT.pdf\">Vidurinio ugdymo matematikos mokytoj\u0173 kompetencij\u0173 tobulinimo programa, skirta atnaujinto ugdymo turinio \u012fgyvendinimui. Projektas \u201eSkaitmeninio ugdymo turinio k\u016brimas ir diegimas\u201c (09.2.1-ESFA-V-726-03-0001)<\/a><\/li>\n<\/ol>\n<p style=\"padding-left: 40px;\">2023-01-05 \u012fsakymu Nr. VK-4 iki 2026-01-04 (kodas 213003528)<\/p>\n<ol start=\"25\">\n<li><a href=\"https:\/\/www.nsa.smsm.lt\/old\/old\/wp-content\/uploads\/2023\/01\/Technologiju-PKT.pdf\">Technologij\u0173 mokytoj\u0173 kompetencij\u0173 tobulinimo programa, skirta atnaujinto ugdymo turinio \u012fgyvendinimui. Projektas \u201eSkaitmeninio ugdymo turinio k\u016brimas ir diegimas\u201c (09.2.1-ESFA-V-726-03-0001)<\/a><\/li>\n<\/ol>\n<p style=\"padding-left: 40px;\">2023-01-05 \u012fsakymu Nr. VK-4 iki 2026-01-04 (kodas 213003530)<\/p>\n<ol start=\"26\">\n<li><a href=\"https:\/\/www.nsa.smsm.lt\/old\/old\/wp-content\/uploads\/2023\/01\/Informatikos-mok-komp-tobulinimo-programa.pdf\">Informatikos mokytoj\u0173 kompetencij\u0173 tobulinimo programa, skirta atnaujinto ugdymo turinio \u012fgyvendinimui. Projektas \u201eSkaitmeninio ugdymo turinio k\u016brimas ir diegimas\u201c (09.2.1-ESFA-V-726-03-0001)<\/a><\/li>\n<\/ol>\n<p style=\"padding-left: 40px;\">2023-01-17 \u012fsakymu Nr. VK-27 iki 2026-01-16 (kodas 213003540)<\/p>\n<ol start=\"27\">\n<li><a href=\"https:\/\/www.nsa.smsm.lt\/old\/old\/wp-content\/uploads\/2023\/01\/Ortodoksu-programa.pdf\">Ortodoks\u0173 (sta\u010diatiki\u0173), evangelik\u0173 liuteron\u0173, evangelik\u0173 reformat\u0173 tikyb\u0173 mokytoj\u0173 kompetencij\u0173 tobulinimo programa, skirta atnaujinto ugdymo turinio \u012fgyvendinimui. Projektas \u201eSkaitmeninio ugdymo turinio k\u016brimas ir diegimas\u201c (09.2.1-ESFA-V-726-03-0001)<\/a><\/li>\n<\/ol>\n<p style=\"padding-left: 40px;\">2023-01-18 \u012fsakymu Nr. VK-30 iki 2026-01-17 (kodas 213003541)<\/p>\n<ol start=\"28\">\n<li><a href=\"https:\/\/www.nsa.smsm.lt\/old\/old\/wp-content\/uploads\/2023\/01\/Gamtos-mokslu-mokytoju-PKT-programa.pdf\">Gamtos moksl\u0173 mokytoj\u0173 kompetencij\u0173 tobulinimo programa, skirta atnaujinto ugdymo turinio \u012fgyvendinimui. Projektas \u201eSkaitmeninio ugdymo turinio k\u016brimas ir diegimas\u201c (09.2.1-ESFA-V-726-03-0001)<\/a><\/li>\n<\/ol>\n<p style=\"padding-left: 40px;\">2023-01-23 \u012fsakymu Nr. VK-49 iki 2026-01-22 (kodas 213003545)<\/p>\n<ol start=\"29\">\n<li><a href=\"https:\/\/www.nsa.smsm.lt\/old\/old\/wp-content\/uploads\/2023\/01\/Biologijos-PKT.pdf\">Biologijos mokytoj\u0173 kompetencij\u0173 tobulinimo programa, skirta atnaujinto ugdymo turinio \u012fgyvendinimui. Projektas \u201eSkaitmeninio ugdymo turinio k\u016brimas ir diegimas\u201c (09.2.1-ESFA-V-726-03-0001)<\/a><\/li>\n<\/ol>\n<p style=\"padding-left: 40px;\">2023-01-23 \u012fsakymu Nr. VK-53 iki 2026-01-22 (kodas 213003546)<\/p>\n<ol start=\"30\">\n<li><a href=\"https:\/\/www.nsa.smsm.lt\/old\/old\/wp-content\/uploads\/2023\/02\/Geografijos-PKT.pdf\">Geografijos mokytoj\u0173 kompetencij\u0173 tobulinimo programa, skirta atnaujinto\u202fugdymo turinio \u012fgyvendinimui. Projektas \u201eSkaitmeninio ugdymo turinio k\u016brimas ir diegimas\u201c (09.2.1-ESFA-V-726-03-0001)<\/a><\/li>\n<\/ol>\n<p style=\"padding-left: 40px;\">2023-02-15 \u012fsakymu Nr. VK-116 iki 2026-02-14 (kodas 213003585)<\/p>\n<ol start=\"31\">\n<li><a href=\"https:\/\/www.nsa.smsm.lt\/old\/old\/wp-content\/uploads\/2023\/02\/Fizinio-ugdymo-mokytoju-PKT-programa.pdf\">Fizinio ugdymo mokytoj\u0173 kompetencij\u0173 tobulinimo programa, skirta atnaujinto ugdymo turinio \u012fgyvendinimui. Projektas \u201eSkaitmeninio ugdymo turinio k\u016brimas ir diegimas\u201c (09.2.1-ESFA-V-726-03-0001)<\/a><\/li>\n<\/ol>\n<p style=\"padding-left: 40px;\">2023-02-17 \u012fsakymu Nr. VK-119 iki 2026-02-16 (kodas 213003589)<\/p>\n<ol start=\"32\">\n<li><a href=\"https:\/\/www.nsa.smsm.lt\/old\/old\/wp-content\/uploads\/2023\/02\/Sokio-mokytoju-PKT.pdf\">\u0160okio mokytoj\u0173 kompetencij\u0173 tobulinimo programa, skirta atnaujinto ugdymo turinio \u012fgyvendinimui. Projektas \u201eSkaitmeninio ugdymo turinio k\u016brimas ir diegimas\u201c (09.2.1-ESFA-V-726-03-0001)<\/a><\/li>\n<\/ol>\n<p style=\"padding-left: 40px;\">2023-02-20 \u012fsakymu Nr. VK-121 iki 2026-02-19 (kodas 213003593)<\/p>\n<ol start=\"33\">\n<li><a href=\"https:\/\/www.nsa.smsm.lt\/old\/old\/wp-content\/uploads\/2023\/11\/Lotynu-kalbos-ir-antikos-kulturos-PKT_FIN.pdf\">Lotyn\u0173 kalbos ir Antikos kult\u016bros dalyko mokytoj\u0173 kvalifikacijos tobulinimo programa, skirta pasirengti atnaujintam ugdymo turiniui \u012fgyvendinti<\/a><\/li>\n<\/ol>\n<p style=\"padding-left: 40px;\">2023-11-09 \u012fsakymu Nr. VK-756 patvirtinta iki 2026-11-08 (kodas: 213003973)<\/p>\n<ol start=\"34\">\n<li><a href=\"https:\/\/www.nsa.smsm.lt\/old\/old\/wp-content\/uploads\/2023\/11\/PKT-programa_Mokyklu_veiklos_isivertinimas.pdf\">Mokykl\u0173 veiklos kokyb\u0117s \u012fsivertinimo ir tobulinimo vientisumas<\/a><\/li>\n<\/ol>\n<p style=\"padding-left: 40px;\">2023-11-09 \u012fsakymu Nr. VK-756 patvirtinta iki 2024-11-08 (kodas: 213003974)<\/p>\n<ol start=\"35\">\n<li><a href=\"https:\/\/www.nsa.smsm.lt\/old\/old\/wp-content\/uploads\/2023\/12\/Mokymu-programa-lektoriams.pdf\">Ikimokyklinio ugdymo program\u0173 atnaujinimas ir j\u0173 \u012fgyvendinimas vadovaujantis Ikimokyklinio ugdymo programos gair\u0117mis: mokymai lektoriams<\/a><\/li>\n<\/ol>\n<p style=\"padding-left: 40px;\">2023-12-19 \u012fsakymu Nr. VK-828 patvirtinta iki 2026-12-18<\/p>\n<ol start=\"36\">\n<li><a href=\"https:\/\/www.nsa.smsm.lt\/old\/old\/wp-content\/uploads\/2023\/12\/Mokymu-programa_specialistams.pdf\">Ikimokyklinio ugdymo program\u0173 <\/a><a href=\"https:\/\/www.nsa.smsm.lt\/old\/old\/wp-content\/uploads\/2023\/12\/Mokymu-programa-lektoriams.pdf\">atnaujinimas <\/a><a href=\"https:\/\/www.nsa.smsm.lt\/old\/old\/wp-content\/uploads\/2023\/12\/Mokymu-programa_specialistams.pdf\">ir j\u0173 \u012fgyvendinimas vadovaujantis Ikimokyklinio ugdymo programos gair\u0117mis: mokymai program\u0173 reng\u0117jams<\/a><\/li>\n<\/ol>\n<p style=\"padding-left: 40px;\">2023-12-19 \u012fsakymu Nr. VK-828 patvirtinta iki 2026-12-18<\/p>\n","protected":false},"excerpt":{"rendered":"<p>Program\u0173 paie\u0161ka atvirojoje informavimo, konsultavimo, orientavimo sistemoje (AIKOS) &nbsp; S\u0117kmingai \u012fgyvendintos pedagogini\u0173 darbuotoj\u0173 kvalifikacijos tobulinimo programos 2023 m. pedagog\u0173 kvalifikacijos tobulinim\u0105 (toliau \u2013 PKT) vykdan\u010dios institucijos pagal Pedagogini\u0173 darbuotoj\u0173 (i\u0161skyrus auk\u0161t\u0173j\u0173 mokykl\u0173 darbuotojus) 2023\u20132025 met\u0173 prioritetines kvalifikacijos tobulinimo sritis \u012fgyvendino&nbsp;<a href=\"https:\/\/www.nsa.smsm.lt\/old\/mokyklu-veiklos-pletra-ir-pedagogu-kvalifikacija\/pedagogu-kvalifikacijos-tobulinimo-istaigu-isivertinimas-ir-stebesena\/pedagogu-kvalifikacijos-tobulinimo-programos\/\" class=\"placiau\">Pla\u010diau <i class=\"fa fa-caret-right\"><\/i><\/a><\/p>\n","protected":false},"author":1,"featured_media":0,"parent":15625,"menu_order":0,"comment_status":"closed","ping_status":"closed","template":"page-mokyklu-pletra.php","meta":{"_acf_changed":false,"footnotes":""},"class_list":["post-16103","page","type-page","status-publish","hentry"],"acf":[],"_links":{"self":[{"href":"https:\/\/www.nsa.smsm.lt\/old\/wp-json\/wp\/v2\/pages\/16103","targetHints":{"allow":["GET"]}}],"collection":[{"href":"https:\/\/www.nsa.smsm.lt\/old\/wp-json\/wp\/v2\/pages"}],"about":[{"href":"https:\/\/www.nsa.smsm.lt\/old\/wp-json\/wp\/v2\/types\/page"}],"author":[{"embeddable":true,"href":"https:\/\/www.nsa.smsm.lt\/old\/wp-json\/wp\/v2\/users\/1"}],"replies":[{"embeddable":true,"href":"https:\/\/www.nsa.smsm.lt\/old\/wp-json\/wp\/v2\/comments?post=16103"}],"version-history":[{"count":9,"href":"https:\/\/www.nsa.smsm.lt\/old\/wp-json\/wp\/v2\/pages\/16103\/revisions"}],"predecessor-version":[{"id":41247,"href":"https:\/\/www.nsa.smsm.lt\/old\/wp-json\/wp\/v2\/pages\/16103\/revisions\/41247"}],"up":[{"embeddable":true,"href":"https:\/\/www.nsa.smsm.lt\/old\/wp-json\/wp\/v2\/pages\/15625"}],"wp:attachment":[{"href":"https:\/\/www.nsa.smsm.lt\/old\/wp-json\/wp\/v2\/media?parent=16103"}],"curies":[{"name":"wp","href":"https:\/\/api.w.org\/{rel}","templated":true}]}}