{"id":15622,"date":"2022-09-08T23:16:21","date_gmt":"2022-09-08T21:16:21","guid":{"rendered":"https:\/\/www.nsa.smsm.lt\/old\/?page_id=15622"},"modified":"2023-01-11T19:19:59","modified_gmt":"2023-01-11T17:19:59","slug":"mokyklu-veiklos-tobulinimas","status":"publish","type":"page","link":"https:\/\/www.nsa.smsm.lt\/old\/mokyklu-veiklos-pletra-ir-pedagogu-kvalifikacija\/mokyklu-veiklos-tobulinimas\/","title":{"rendered":"Mokykl\u0173 veiklos tobulinimas"},"content":{"rendered":"<p>Mokyklos veiklos kokyb\u0117s \u012fsivertinimas yra puikus b\u016bdas mokyklai daugiau su\u017einoti apie savo galimybes.\u00a0<em>\u012esivertinimo<\/em> d\u0117ka galite nustatyti esamos veiklos b\u016bkl\u0119 ir jos vert\u0119, tod\u0117l gal\u0117site konstruktyviai apsispr\u0119sti d\u0117l organizacijos tobulinimo kryp\u010di\u0173, padedan\u010di\u0173 optimizuoti procesus ir gerinti rezultatus, didinti sprendim\u0173 skaidrum\u0105 ir \u012ftraukti darbuotojus \u012f organizacijos tobulinimo proces\u0105. \u012esivertinimo rezultatai leid\u017eia pamatyti ir analizuoti mokyklos pa\u017eang\u0105 ir jos tendencijas, numatyti ir planuoti pa\u017eangos strategij\u0105. Mokyklos kasmet teikdamos Nacionalinei \u0161vietimo agent\u016brai apibendrintus \u012fsivertinimo duomenis bei skelbdamos apie mokyklos pa\u017eang\u0105 prisideda prie Valstybin\u0117s \u0161vietimo 2013-2022 met\u0173 strategijos (2013) vykdymo tiksl\u0173 (2 tikslas) ir \u012fvykdymo rodikli\u0173 (2 tikslo 16 rodiklis).<\/p>\n<p>Mokyklos \u012fsivertinimas ir i\u0161orinis vertinimas sudaro duali\u0105 sistem\u0105: \u0161ie abu vertinimai yra formuojamieji. Jie abu remiasi tais pa\u010diais rodikliais ir turi vien\u0105 tiksl\u0105 \u2013 mokykl\u0173 tobul\u0117jim\u0105 ir pa\u017eang\u0105.\u00a0<em>I\u0161orinis vertinimas<\/em>\u00a0\u2013 tai mokykloje vykstan\u010di\u0173 proces\u0173 vertinimas, padedantis koreguoti veikl\u0105. \u012esivertinimas \u2013 tai integrali mokyklos veiklos dalis, skatinanti nuolatin\u0119 savistab\u0105, refleksij\u0105 ir dialog\u0105. \u012esivertinimas skatina atkreipti d\u0117mes\u012f \u012f aktualiausius mokyklos veiklos aspektus, lemian\u010dius ugdymo \u0161iuolaiki\u0161kum\u0105 ir kokyb\u0119, mokyklos veikl\u0105 grind\u017eian\u010dius vertybinius principus, \u012frodymais gr\u012fst\u0173 sprendim\u0173 pri\u0117mim\u0105 mokykloje.<\/p>\n","protected":false},"excerpt":{"rendered":"<p>Mokyklos veiklos kokyb\u0117s \u012fsivertinimas yra puikus b\u016bdas mokyklai daugiau su\u017einoti apie savo galimybes.\u00a0\u012esivertinimo d\u0117ka galite nustatyti esamos veiklos b\u016bkl\u0119 ir jos vert\u0119, tod\u0117l gal\u0117site konstruktyviai apsispr\u0119sti d\u0117l organizacijos tobulinimo kryp\u010di\u0173, padedan\u010di\u0173 optimizuoti procesus ir gerinti rezultatus, didinti sprendim\u0173 skaidrum\u0105 ir&nbsp;<a href=\"https:\/\/www.nsa.smsm.lt\/old\/mokyklu-veiklos-pletra-ir-pedagogu-kvalifikacija\/mokyklu-veiklos-tobulinimas\/\" class=\"placiau\">Pla\u010diau <i class=\"fa fa-caret-right\"><\/i><\/a><\/p>\n","protected":false},"author":1,"featured_media":0,"parent":15294,"menu_order":0,"comment_status":"closed","ping_status":"closed","template":"page-mokykluisivertinimas.php","meta":{"_acf_changed":false,"footnotes":""},"class_list":["post-15622","page","type-page","status-publish","hentry"],"acf":[],"_links":{"self":[{"href":"https:\/\/www.nsa.smsm.lt\/old\/wp-json\/wp\/v2\/pages\/15622","targetHints":{"allow":["GET"]}}],"collection":[{"href":"https:\/\/www.nsa.smsm.lt\/old\/wp-json\/wp\/v2\/pages"}],"about":[{"href":"https:\/\/www.nsa.smsm.lt\/old\/wp-json\/wp\/v2\/types\/page"}],"author":[{"embeddable":true,"href":"https:\/\/www.nsa.smsm.lt\/old\/wp-json\/wp\/v2\/users\/1"}],"replies":[{"embeddable":true,"href":"https:\/\/www.nsa.smsm.lt\/old\/wp-json\/wp\/v2\/comments?post=15622"}],"version-history":[{"count":0,"href":"https:\/\/www.nsa.smsm.lt\/old\/wp-json\/wp\/v2\/pages\/15622\/revisions"}],"up":[{"embeddable":true,"href":"https:\/\/www.nsa.smsm.lt\/old\/wp-json\/wp\/v2\/pages\/15294"}],"wp:attachment":[{"href":"https:\/\/www.nsa.smsm.lt\/old\/wp-json\/wp\/v2\/media?parent=15622"}],"curies":[{"name":"wp","href":"https:\/\/api.w.org\/{rel}","templated":true}]}}