{"id":15247,"date":"2022-09-04T23:27:11","date_gmt":"2022-09-04T21:27:11","guid":{"rendered":"https:\/\/www.nsa.smsm.lt\/old\/?page_id=15247"},"modified":"2023-01-11T23:52:22","modified_gmt":"2023-01-11T21:52:22","slug":"metodine-medziaga","status":"publish","type":"page","link":"https:\/\/www.nsa.smsm.lt\/old\/svietimo-pagalba\/prevencinio-darbo-sritys\/olweus-patyciu-prevencijos-programa\/metodine-medziaga\/","title":{"rendered":"Metodin\u0117 med\u017eiaga"},"content":{"rendered":"<ul>\n<li>Trumpi animaciniai filmukai Olweus klas\u0117s valand\u0117l\u0117ms (2020)<\/li>\n<\/ul>\n<p style=\"padding-left: 40px;\"><img loading=\"lazy\" decoding=\"async\" class=\" wp-image-12916 alignnone\" src=\"https:\/\/www.nsa.smsm.lt\/old\/old\/wp-content\/uploads\/2020\/07\/Olweus-logo-LT.png\" alt=\"\" width=\"185\" height=\"80\" srcset=\"https:\/\/www.nsa.smsm.lt\/old\/wp-content\/uploads\/2020\/07\/Olweus-logo-LT.png 390w, https:\/\/www.nsa.smsm.lt\/old\/wp-content\/uploads\/2020\/07\/Olweus-logo-LT-300x130.png 300w\" sizes=\"auto, (max-width: 185px) 100vw, 185px\" \/><\/p>\n<ul>\n<li>Informacinis filmas apie Olweus paty\u010di\u0173 prevencijos programos diegim\u0105 Lietuvoje (2019)<\/li>\n<\/ul>\n<p style=\"padding-left: 40px;\"><img loading=\"lazy\" decoding=\"async\" class=\" wp-image-12916 alignnone\" src=\"https:\/\/www.nsa.smsm.lt\/old\/old\/wp-content\/uploads\/2020\/07\/Olweus-logo-LT.png\" alt=\"\" width=\"185\" height=\"80\" srcset=\"https:\/\/www.nsa.smsm.lt\/old\/wp-content\/uploads\/2020\/07\/Olweus-logo-LT.png 390w, https:\/\/www.nsa.smsm.lt\/old\/wp-content\/uploads\/2020\/07\/Olweus-logo-LT-300x130.png 300w\" sizes=\"auto, (max-width: 185px) 100vw, 185px\" \/><\/p>\n<ul>\n<li>OLWEUS paty\u010di\u0173 prevencijos program\u0105 vykdan\u010di\u0173 mokykl\u0173 gerosios patirties rinkinys: med\u017eiaga klasi\u0173 valand\u0117l\u0117ms bei Mokymosi ir supervizij\u0173 grupi\u0173 susirinkimams (2019)<\/li>\n<\/ul>\n<p style=\"padding-left: 40px;\"><img loading=\"lazy\" decoding=\"async\" class=\" wp-image-12916 alignnone\" src=\"https:\/\/www.nsa.smsm.lt\/old\/old\/wp-content\/uploads\/2020\/07\/Olweus-logo-LT.png\" alt=\"\" width=\"185\" height=\"80\" srcset=\"https:\/\/www.nsa.smsm.lt\/old\/wp-content\/uploads\/2020\/07\/Olweus-logo-LT.png 390w, https:\/\/www.nsa.smsm.lt\/old\/wp-content\/uploads\/2020\/07\/Olweus-logo-LT-300x130.png 300w\" sizes=\"auto, (max-width: 185px) 100vw, 185px\" \/><\/p>\n<ul>\n<li>DVD diskas DVD diskas\u00a0<strong>\u201eOlweus paty\u010di\u0173 prevencijos programa Lietuvos mokyklose\u201d\u00a0<\/strong>(\u00a9\u00a0Specialiosios pedagogikos ir psichologijos centras, 2014).<\/li>\n<\/ul>\n<p style=\"padding-left: 40px;\"><img loading=\"lazy\" decoding=\"async\" class=\"alignleft wp-image-15252\" src=\"https:\/\/www.nsa.smsm.lt\/old\/old\/wp-content\/uploads\/2020\/08\/OPPP-Lietuvos-mokyklose-828x1024.jpg\" alt=\"\" width=\"170\" height=\"211\" srcset=\"https:\/\/www.nsa.smsm.lt\/old\/wp-content\/uploads\/2020\/08\/OPPP-Lietuvos-mokyklose-828x1024.jpg 828w, https:\/\/www.nsa.smsm.lt\/old\/wp-content\/uploads\/2020\/08\/OPPP-Lietuvos-mokyklose-243x300.jpg 243w, https:\/\/www.nsa.smsm.lt\/old\/wp-content\/uploads\/2020\/08\/OPPP-Lietuvos-mokyklose-768x950.jpg 768w, https:\/\/www.nsa.smsm.lt\/old\/wp-content\/uploads\/2020\/08\/OPPP-Lietuvos-mokyklose-1242x1536.jpg 1242w, https:\/\/www.nsa.smsm.lt\/old\/wp-content\/uploads\/2020\/08\/OPPP-Lietuvos-mokyklose.jpg 1468w\" sizes=\"auto, (max-width: 170px) 100vw, 170px\" \/><\/p>\n<p>Rengiant \u0161i\u0105 metodin\u0119 med\u017eiag\u0105, buvo atsi\u017evelgiama \u012f Olweus paty\u010di\u0173 prevencijos programos vykdymo Lietuvoje patirt\u012f: pagrindinius programos principus pristato Lietuvoje dirbantys Olweus programos instruktoriai.<\/p>\n<p>&nbsp;<\/p>\n<p>&nbsp;<\/p>\n<p>&nbsp;<\/p>\n<p>&nbsp;<\/p>\n<ul>\n<li>Dan Olweus, Ph.D.\u00a0\u00a0 Susan P.Limber, Ph.D.\u00a0 with\u00a0 Vicky Crocker Flerx, Ph.D.\u00a0 Nancy Mullin, M.Ed.\u00a0 Jane Riese, L.S.W.\u00a0\u00a0 Marlene Snyder, Ph.D\u00a0\u00a0 Andre Baraldsnes\u00a0\u00a0Reidar Thyhold<strong> \u201eOlweus paty\u010di\u0173 prevencijos programos Vadovas mokyklos darbuotojams\u201c\u00a0<\/strong>su CD su DVD priedais<\/li>\n<\/ul>\n<p style=\"padding-left: 40px;\"><img loading=\"lazy\" decoding=\"async\" class=\"alignleft wp-image-15254\" src=\"https:\/\/www.nsa.smsm.lt\/old\/old\/wp-content\/uploads\/2020\/08\/Vadovas-Mokyklos-darbuotojams-746x1024.jpg\" alt=\"\" width=\"166\" height=\"228\" srcset=\"https:\/\/www.nsa.smsm.lt\/old\/wp-content\/uploads\/2020\/08\/Vadovas-Mokyklos-darbuotojams-746x1024.jpg 746w, https:\/\/www.nsa.smsm.lt\/old\/wp-content\/uploads\/2020\/08\/Vadovas-Mokyklos-darbuotojams-218x300.jpg 218w, https:\/\/www.nsa.smsm.lt\/old\/wp-content\/uploads\/2020\/08\/Vadovas-Mokyklos-darbuotojams-768x1055.jpg 768w, https:\/\/www.nsa.smsm.lt\/old\/wp-content\/uploads\/2020\/08\/Vadovas-Mokyklos-darbuotojams-1119x1536.jpg 1119w, https:\/\/www.nsa.smsm.lt\/old\/wp-content\/uploads\/2020\/08\/Vadovas-Mokyklos-darbuotojams-1492x2048.jpg 1492w, https:\/\/www.nsa.smsm.lt\/old\/wp-content\/uploads\/2020\/08\/Vadovas-Mokyklos-darbuotojams-scaled.jpg 1864w\" sizes=\"auto, (max-width: 166px) 100vw, 166px\" \/><\/p>\n<p>\u0160is vadovas mokyklos darbuotojams apr\u016bpina mokytojus ir mokyklos personal\u0105 i\u0161tekliais, kuri\u0173 reikia \u0161ios programos \u012fgyvendinimui. Nors Olweus Paty\u010di\u0173 Prevencijos Programa n\u0117ra vadovavimo klasei taisykli\u0173 rinkinys, klas\u0117 tampa ta vieta, kurioje moksleiviai diskutuoja apie program\u0105 ir susipa\u017e\u012fsta su prie\u0161 paty\u010dias nukreiptomis mokyklos taisykl\u0117mis. Ir klas\u0117je, ir u\u017e jos rib\u0173 mokytojai vaidina lemiam\u0105 vaidmen\u012f kuriant mokyklos aplink\u0105, kurioje paty\u010dios yra netoleruojamos.<\/p>\n<p>&nbsp;<\/p>\n<p>&nbsp;<\/p>\n<p>&nbsp;<\/p>\n<ul>\n<li>Dan Olweus, Ph.D.\u00a0\u00a0\u00a0Susan P.Limber, Ph.D.\u00a0\u00a0 Vicky Crocker Flerx, Ph.D\u00a0\u00a0 Nancy Mullin, M.Ed.\u00a0\u00a0\u00a0Jane Riese, L.S.W.\u00a0\u00a0 Marlene Snyder, Ph.D\u00a0\u00a0<strong>\u201eOlweus paty\u010di\u0173 prevencijos programos\u00a0\u012egyvendinimo mokykloje\u00a0vadovas\u201c<\/strong>su CD ir DVD priedais<\/li>\n<\/ul>\n<p style=\"padding-left: 40px;\"><img loading=\"lazy\" decoding=\"async\" class=\"alignleft wp-image-15248\" src=\"https:\/\/www.nsa.smsm.lt\/old\/old\/wp-content\/uploads\/2020\/08\/Igyvendinimo-mokykloje-vadovas-745x1024.jpg\" alt=\"\" width=\"166\" height=\"228\" srcset=\"https:\/\/www.nsa.smsm.lt\/old\/wp-content\/uploads\/2020\/08\/Igyvendinimo-mokykloje-vadovas-745x1024.jpg 745w, https:\/\/www.nsa.smsm.lt\/old\/wp-content\/uploads\/2020\/08\/Igyvendinimo-mokykloje-vadovas-218x300.jpg 218w, https:\/\/www.nsa.smsm.lt\/old\/wp-content\/uploads\/2020\/08\/Igyvendinimo-mokykloje-vadovas-768x1056.jpg 768w, https:\/\/www.nsa.smsm.lt\/old\/wp-content\/uploads\/2020\/08\/Igyvendinimo-mokykloje-vadovas-1117x1536.jpg 1117w, https:\/\/www.nsa.smsm.lt\/old\/wp-content\/uploads\/2020\/08\/Igyvendinimo-mokykloje-vadovas-1489x2048.jpg 1489w, https:\/\/www.nsa.smsm.lt\/old\/wp-content\/uploads\/2020\/08\/Igyvendinimo-mokykloje-vadovas-scaled.jpg 1861w\" sizes=\"auto, (max-width: 166px) 100vw, 166px\" \/><\/p>\n<p>Paty\u010dios jau neb\u0117ra priimtinas elgesys. At\u0117jo laikas sukurti saugesn\u0119 ir pozityvesn\u0119 mokyklos aplink\u0105, kurioje moksleiviai gal\u0117t\u0173 mokytis ir tobul\u0117ti. \u0160ioje knygoje pristatoma daugiausiai tirta ir \u017einomiausia paty\u010di\u0173 prevencijos programa, prieinama \u0161iandien. Ji apdovanota auk\u0161\u010diausiu \u012fvertinimu kaip SAMHSA (\u201eNarkotini\u0173 med\u017eiag\u0173 ir psichin\u0117s sveikatos administracija\u201c) ir \u201eBlueprints smurto prevencijos\u201c programa.<\/p>\n<p>&nbsp;<\/p>\n<p>&nbsp;<\/p>\n<p>&nbsp;<\/p>\n<ul>\n<li>Dan Olweus \u201ePaty\u010dios mokykloje: k\u0105 \u017einome ir k\u0105 galime padaryti\u201c, 2008<\/li>\n<\/ul>\n<p style=\"padding-left: 40px;\"><img loading=\"lazy\" decoding=\"async\" class=\"alignleft wp-image-15253\" src=\"https:\/\/www.nsa.smsm.lt\/old\/old\/wp-content\/uploads\/2020\/08\/patycios-mokykloje-666x1024.jpg\" alt=\"\" width=\"166\" height=\"255\" srcset=\"https:\/\/www.nsa.smsm.lt\/old\/wp-content\/uploads\/2020\/08\/patycios-mokykloje-666x1024.jpg 666w, https:\/\/www.nsa.smsm.lt\/old\/wp-content\/uploads\/2020\/08\/patycios-mokykloje-195x300.jpg 195w, https:\/\/www.nsa.smsm.lt\/old\/wp-content\/uploads\/2020\/08\/patycios-mokykloje-768x1180.jpg 768w, https:\/\/www.nsa.smsm.lt\/old\/wp-content\/uploads\/2020\/08\/patycios-mokykloje-1000x1536.jpg 1000w, https:\/\/www.nsa.smsm.lt\/old\/wp-content\/uploads\/2020\/08\/patycios-mokykloje-1333x2048.jpg 1333w, https:\/\/www.nsa.smsm.lt\/old\/wp-content\/uploads\/2020\/08\/patycios-mokykloje.jpg 1541w\" sizes=\"auto, (max-width: 166px) 100vw, 166px\" \/><\/p>\n<p>Knygoje i\u0161samiai aptariamos skriaud\u0117jo\/skriaud\u017eiamojo problemos mokykloje ir pateikiami b\u016bdai, kaip veiksmingai jas \u012fveikti bei j\u0173 i\u0161vengti. Did\u017eiuliai autoriaus ir kit\u0173 mokslinink\u0173 atlikti tyrimai parod\u0117, kad paty\u010dios yra rimta problema visur. Nustatyta, kad paty\u010diose kaip skriaud\u0117jai ar skriaud\u017eiamieji dalyvauja apie 15\u00a0proc. vis\u0173 pradini\u0173 ir vidurini\u0173 mokykl\u0173 mokini\u0173.<\/p>\n<p>Duomenys apie ty\u010diojim\u0105si, jo prie\u017eastis ir pasekmes knygoje pateikiami ai\u0161kiai ir paprastai. Knyga yra ypa\u010d reik\u0161minga tuo, kad joje pateikiama moksli\u0161kai \u012fvertinta ir i\u0161bandyta paty\u010di\u0173 prevencijos programa. J\u0105 pritaikius buvo pasiekta puiki\u0173 rezultat\u0173: skriaud\u0117jo\/skriaud\u017eiamojo problem\u0173 suma\u017e\u0117jo 50 proc. ir daugiau; gerokai suma\u017e\u0117jo asocialaus elgesio \u2013 vandalizmo, vagys\u010di\u0173, girtuokliavimo ir mokyklos nelankymo \u2013 atvej\u0173; akivaizd\u017eiai pager\u0117jo socialinis klimatas klas\u0117se ir mokini\u0173 pasitenkinimas mokyklos gyvenimu.<\/p>\n<p>&nbsp;<\/p>\n<h2>Filmai<\/h2>\n<hr \/>\n<ul>\n<li><strong>Paty\u010dios. Scenos i\u0161 vaik\u0173 kasdienyb\u0117s<\/strong><\/li>\n<\/ul>\n<p style=\"padding-left: 40px;\"><img loading=\"lazy\" decoding=\"async\" class=\"alignleft wp-image-15249\" src=\"https:\/\/www.nsa.smsm.lt\/old\/old\/wp-content\/uploads\/2020\/08\/IS-vaiku\u0328-kasdienybes-768x1024.jpg\" alt=\"\" width=\"166\" height=\"221\" srcset=\"https:\/\/www.nsa.smsm.lt\/old\/wp-content\/uploads\/2020\/08\/IS-vaiku\u0328-kasdienybes-768x1024.jpg 768w, https:\/\/www.nsa.smsm.lt\/old\/wp-content\/uploads\/2020\/08\/IS-vaiku\u0328-kasdienybes-225x300.jpg 225w, https:\/\/www.nsa.smsm.lt\/old\/wp-content\/uploads\/2020\/08\/IS-vaiku\u0328-kasdienybes-1152x1536.jpg 1152w, https:\/\/www.nsa.smsm.lt\/old\/wp-content\/uploads\/2020\/08\/IS-vaiku\u0328-kasdienybes-1536x2048.jpg 1536w, https:\/\/www.nsa.smsm.lt\/old\/wp-content\/uploads\/2020\/08\/IS-vaiku\u0328-kasdienybes.jpg 1542w\" sizes=\"auto, (max-width: 166px) 100vw, 166px\" \/><\/p>\n<p>Re\u017eisierius \u2013 Jan-Robert Jore (Norvegija)<\/p>\n<p>Trukm\u0117 \u2013 25 min.<\/p>\n<p>Metai \u2013 1984<\/p>\n<p>Skirta vaikams nuo 7 met\u0173.<\/p>\n<p>\u0160iame filme pasakojamos penkios jaudinan\u010dios istorijos i\u0161 vaik\u0173 gyvenimo. Situacijose pavaizduotos paty\u010di\u0173 aprai\u0161kos, b\u016bdingos 7-12 ir 13-16 met\u0173 vaik\u0173 am\u017eiaus grup\u0117ms. Tiek mergait\u0117s, tiek berniukai gali nukent\u0117ti nuo paty\u010di\u0173 arba tapti tais, kurie ty\u010diojasi i\u0161 kit\u0173. \u0160io filmo med\u017eiag\u0105 galima naudoti diskusijoms apie paty\u010dias.<\/p>\n<p>Filmas yra skirtas ir vaikams, ir suaugusiems, si\u016bloma j\u012f pa\u017ei\u016br\u0117ti ne tik mokytojams, bet ir t\u0117vams.<\/p>\n<ul>\n<li><strong>Jie spardo ir tavo siel\u0105<\/strong><\/li>\n<\/ul>\n<p style=\"padding-left: 40px;\"><img loading=\"lazy\" decoding=\"async\" class=\"alignleft wp-image-15250\" src=\"https:\/\/www.nsa.smsm.lt\/old\/old\/wp-content\/uploads\/2020\/08\/Jie-spardo-ir-tavo-siela-803x1024.jpg\" alt=\"\" width=\"166\" height=\"211\" srcset=\"https:\/\/www.nsa.smsm.lt\/old\/wp-content\/uploads\/2020\/08\/Jie-spardo-ir-tavo-siela-803x1024.jpg 803w, https:\/\/www.nsa.smsm.lt\/old\/wp-content\/uploads\/2020\/08\/Jie-spardo-ir-tavo-siela-235x300.jpg 235w, https:\/\/www.nsa.smsm.lt\/old\/wp-content\/uploads\/2020\/08\/Jie-spardo-ir-tavo-siela-768x979.jpg 768w, https:\/\/www.nsa.smsm.lt\/old\/wp-content\/uploads\/2020\/08\/Jie-spardo-ir-tavo-siela-1205x1536.jpg 1205w, https:\/\/www.nsa.smsm.lt\/old\/wp-content\/uploads\/2020\/08\/Jie-spardo-ir-tavo-siela.jpg 1497w\" sizes=\"auto, (max-width: 166px) 100vw, 166px\" \/><\/p>\n<p>Re\u017eisierius \u2013 Marianne Svarstad (Norvegija)<\/p>\n<p>Trukm\u0117 \u2013 28 min.<\/p>\n<p>Metai \u2013 1997<\/p>\n<p>Skirta vaikams nuo 12 met\u0173 .<\/p>\n<p>\u0160is aktualus ir jaudinantis filmas, pasakojantis apie paty\u010dias, priekabiavim\u0105 ir smurt\u0105 tarp vaik\u0173 ir jaun\u0173 \u017emoni\u0173, paremtas tikromis istorijomis i\u0161 kasdienio gyvenimo. Jame vaikai atvirai pasakoja apie tai, kaip i\u0161 j\u0173 buvo ty\u010diojamasi. Visi jie mini vienatv\u0117s jausm\u0105 ir vidin\u012f skausm\u0105 d\u0117l to, k\u0105 teko patirti. Ta\u010diau jie taip pat dalinasi patirtimi, kaip jiems pavyko atgauti pasitik\u0117jim\u0105 savimi ir v\u0117l pajusti gyvenimo d\u017eiaugsm\u0105.<\/p>\n<p>Vien\u0105 i\u0161 dramati\u0161k\u0173 paty\u010di\u0173 istorij\u0173 pasakoja \u0161e\u0161iolikmet\u0117 Mona. Ji buvo atstumta kit\u0173 vaik\u0173 ir kaip paskutin\u0119 desperati\u0161k\u0105 i\u0161eit\u012f, bandydama pab\u0117gti nuo paty\u010di\u0173, ketino pasirinkti savi\u017eudyb\u0119, ta\u010diau sulauk\u0117 pagalbos.<\/p>\n<ul>\n<li><strong>\u017daismingai lengvai<\/strong><\/li>\n<\/ul>\n<p style=\"padding-left: 40px;\"><img loading=\"lazy\" decoding=\"async\" class=\"alignleft wp-image-15255\" src=\"https:\/\/www.nsa.smsm.lt\/old\/old\/wp-content\/uploads\/2020\/08\/Zaismingai-lengvai-680x1024.jpg\" alt=\"\" width=\"166\" height=\"250\" srcset=\"https:\/\/www.nsa.smsm.lt\/old\/wp-content\/uploads\/2020\/08\/Zaismingai-lengvai-680x1024.jpg 680w, https:\/\/www.nsa.smsm.lt\/old\/wp-content\/uploads\/2020\/08\/Zaismingai-lengvai-199x300.jpg 199w, https:\/\/www.nsa.smsm.lt\/old\/wp-content\/uploads\/2020\/08\/Zaismingai-lengvai-768x1157.jpg 768w, https:\/\/www.nsa.smsm.lt\/old\/wp-content\/uploads\/2020\/08\/Zaismingai-lengvai-1019x1536.jpg 1019w, https:\/\/www.nsa.smsm.lt\/old\/wp-content\/uploads\/2020\/08\/Zaismingai-lengvai.jpg 1350w\" sizes=\"auto, (max-width: 166px) 100vw, 166px\" \/><\/p>\n<p>Prodiuseris \u2013 Trygve Bjerkreim (Norvegija)<\/p>\n<p>Metai \u2013 2004<\/p>\n<p>Skirta vaikams nuo 7 met\u0173.<\/p>\n<p>\u0160iame filme pavaizduota, kaip i\u0161sivysto paty\u010dios ir kaip jos pasirei\u0161kia dvylikame\u010di\u0173 mokini\u0173 grup\u0117je. Mergait\u0117 kartu su draugais \u017eaismingai pradeda ty\u010diotis i\u0161 berniuko, besimokan\u010dio toje pa\u010dioje klas\u0117je; filme parodyta, kaip skirtingai \u012f tai, k\u0105 mato, reaguoja suaugusieji. Ar kas nors i\u0161dr\u012fs sustabdyti \u012fsisukus\u012f paty\u010di\u0173 rat\u0105?<\/p>\n","protected":false},"excerpt":{"rendered":"<p>Trumpi animaciniai filmukai Olweus klas\u0117s valand\u0117l\u0117ms (2020) Informacinis filmas apie Olweus paty\u010di\u0173 prevencijos programos diegim\u0105 Lietuvoje (2019) OLWEUS paty\u010di\u0173 prevencijos program\u0105 vykdan\u010di\u0173 mokykl\u0173 gerosios patirties rinkinys: med\u017eiaga klasi\u0173 valand\u0117l\u0117ms bei Mokymosi ir supervizij\u0173 grupi\u0173 susirinkimams (2019) DVD diskas DVD diskas\u00a0\u201eOlweus&nbsp;<a href=\"https:\/\/www.nsa.smsm.lt\/old\/svietimo-pagalba\/prevencinio-darbo-sritys\/olweus-patyciu-prevencijos-programa\/metodine-medziaga\/\" class=\"placiau\">Pla\u010diau <i class=\"fa fa-caret-right\"><\/i><\/a><\/p>\n","protected":false},"author":1,"featured_media":0,"parent":12915,"menu_order":0,"comment_status":"closed","ping_status":"closed","template":"page-olweus.php","meta":{"_acf_changed":false,"footnotes":""},"class_list":["post-15247","page","type-page","status-publish","hentry"],"acf":[],"_links":{"self":[{"href":"https:\/\/www.nsa.smsm.lt\/old\/wp-json\/wp\/v2\/pages\/15247","targetHints":{"allow":["GET"]}}],"collection":[{"href":"https:\/\/www.nsa.smsm.lt\/old\/wp-json\/wp\/v2\/pages"}],"about":[{"href":"https:\/\/www.nsa.smsm.lt\/old\/wp-json\/wp\/v2\/types\/page"}],"author":[{"embeddable":true,"href":"https:\/\/www.nsa.smsm.lt\/old\/wp-json\/wp\/v2\/users\/1"}],"replies":[{"embeddable":true,"href":"https:\/\/www.nsa.smsm.lt\/old\/wp-json\/wp\/v2\/comments?post=15247"}],"version-history":[{"count":0,"href":"https:\/\/www.nsa.smsm.lt\/old\/wp-json\/wp\/v2\/pages\/15247\/revisions"}],"up":[{"embeddable":true,"href":"https:\/\/www.nsa.smsm.lt\/old\/wp-json\/wp\/v2\/pages\/12915"}],"wp:attachment":[{"href":"https:\/\/www.nsa.smsm.lt\/old\/wp-json\/wp\/v2\/media?parent=15247"}],"curies":[{"name":"wp","href":"https:\/\/api.w.org\/{rel}","templated":true}]}}