{"id":15225,"date":"2022-09-04T23:02:34","date_gmt":"2022-09-04T21:02:34","guid":{"rendered":"https:\/\/www.nsa.smsm.lt\/old\/?page_id=15225"},"modified":"2023-01-11T23:52:15","modified_gmt":"2023-01-11T21:52:15","slug":"olweus-programa","status":"publish","type":"page","link":"https:\/\/www.nsa.smsm.lt\/old\/svietimo-pagalba\/prevencinio-darbo-sritys\/olweus-patyciu-prevencijos-programa\/olweus-programa\/","title":{"rendered":"Olweus programa"},"content":{"rendered":"<p>Olweus programa vykdoma bendrojo ugdymo mokyklose, siekiant ma\u017einti paty\u010di\u0173 ir kitokio asocialaus elgesio aprai\u0161kas. \u0160ios programos tikslas\u00a0\u2013 mokyti vis\u0105 mokyklos personal\u0105 atpa\u017einti, pasteb\u0117ti paty\u010dias ir tinkamai \u012f jas reaguoti.<\/p>\n<p><i class=\"fa fa-file-pdf-o \" ><\/i> Daugiau apie Olweus paty\u010di\u0173 ir smurto prevencijos programa <a href=\"https:\/\/www.nsa.smsm.lt\/old\/old\/wp-content\/uploads\/2020\/08\/OLWEUS-patyciu-prevencijos-programa-Lietuvoje.pdf\"><i class=\"fa fa-arrow-circle-right \" ><\/i><\/a><\/p>\n<p><i class=\"fa fa-file-powerpoint-o \" ><\/i> Olweus programos vykdymas Lietuvoje <a href=\"https:\/\/www.nsa.smsm.lt\/old\/old\/wp-content\/uploads\/2020\/08\/Olweus-programos-vykdymas-Lietuvoje.pdf\"><i class=\"fa fa-arrow-circle-right \" ><\/i><\/a><\/p>\n","protected":false},"excerpt":{"rendered":"<p>Olweus programa vykdoma bendrojo ugdymo mokyklose, siekiant ma\u017einti paty\u010di\u0173 ir kitokio asocialaus elgesio aprai\u0161kas. \u0160ios programos tikslas\u00a0\u2013 mokyti vis\u0105 mokyklos personal\u0105 atpa\u017einti, pasteb\u0117ti paty\u010dias ir tinkamai \u012f jas reaguoti. Daugiau apie Olweus paty\u010di\u0173 ir smurto prevencijos programa Olweus programos vykdymas&nbsp;<a href=\"https:\/\/www.nsa.smsm.lt\/old\/svietimo-pagalba\/prevencinio-darbo-sritys\/olweus-patyciu-prevencijos-programa\/olweus-programa\/\" class=\"placiau\">Pla\u010diau <i class=\"fa fa-caret-right\"><\/i><\/a><\/p>\n","protected":false},"author":1,"featured_media":0,"parent":12915,"menu_order":0,"comment_status":"closed","ping_status":"closed","template":"page-olweus.php","meta":{"_acf_changed":false,"footnotes":""},"class_list":["post-15225","page","type-page","status-publish","hentry"],"acf":[],"_links":{"self":[{"href":"https:\/\/www.nsa.smsm.lt\/old\/wp-json\/wp\/v2\/pages\/15225","targetHints":{"allow":["GET"]}}],"collection":[{"href":"https:\/\/www.nsa.smsm.lt\/old\/wp-json\/wp\/v2\/pages"}],"about":[{"href":"https:\/\/www.nsa.smsm.lt\/old\/wp-json\/wp\/v2\/types\/page"}],"author":[{"embeddable":true,"href":"https:\/\/www.nsa.smsm.lt\/old\/wp-json\/wp\/v2\/users\/1"}],"replies":[{"embeddable":true,"href":"https:\/\/www.nsa.smsm.lt\/old\/wp-json\/wp\/v2\/comments?post=15225"}],"version-history":[{"count":0,"href":"https:\/\/www.nsa.smsm.lt\/old\/wp-json\/wp\/v2\/pages\/15225\/revisions"}],"up":[{"embeddable":true,"href":"https:\/\/www.nsa.smsm.lt\/old\/wp-json\/wp\/v2\/pages\/12915"}],"wp:attachment":[{"href":"https:\/\/www.nsa.smsm.lt\/old\/wp-json\/wp\/v2\/media?parent=15225"}],"curies":[{"name":"wp","href":"https:\/\/api.w.org\/{rel}","templated":true}]}}