{"id":12940,"date":"2022-10-21T11:52:43","date_gmt":"2022-10-21T09:52:43","guid":{"rendered":"https:\/\/www.nsa.smsm.lt\/old\/?page_id=12940"},"modified":"2023-01-11T23:36:21","modified_gmt":"2023-01-11T21:36:21","slug":"teises-aktai-dokumentai","status":"publish","type":"page","link":"https:\/\/www.nsa.smsm.lt\/old\/svietimo-pagalbos-departamentas\/psichologijos-skyrius\/minimali-ir-vidutine-prieziura\/teises-aktai-dokumentai\/","title":{"rendered":"Teis\u0117s aktai, dokumentai"},"content":{"rendered":"<p><a href=\"https:\/\/e-seimas.lrs.lt\/portal\/legalAct\/lt\/TAD\/dd29df52022011ebbedbd456d2fb030d?jfwid=n3y3fxpb8\" target=\"_blank\" rel=\"noopener noreferrer\">Vaiko minimalios ir vidutin\u0117s prie\u017ei\u016bros \u012fstatymo pakeitimo \u012fstatymas <i class=\"fa fa-arrow-circle-right \" ><\/i><\/a><\/p>\n<p><a href=\"https:\/\/e-seimas.lrs.lt\/portal\/legalAct\/lt\/TAD\/4f96f6924ae211ebb394e1efb98d3e67?jfwid=-wsolgu5ti\" target=\"_blank\" rel=\"noopener noreferrer\">D\u0117l i\u0161vados teikimo d\u0117l vidutin\u0117s prie\u017ei\u016bros priemon\u0117s vaikui skyrimo ir vaik\u0173 socializacijos centro parinkimo tvarkos apra\u0161o patvirtinimo ir \u012fgaliojim\u0173 suteikimo <i class=\"fa fa-arrow-circle-right \" ><\/i><\/a><\/p>\n<p><a href=\"https:\/\/www.e-tar.lt\/portal\/lt\/legalAct\/5a5fb4704a7611eb8d9fe110e148c770\" target=\"_blank\" rel=\"noopener noreferrer\">D\u0117l vaiko vidutin\u0117s prie\u017ei\u016bros priemon\u0117s \u012fgyvendinimo tvarkos apra\u0161o patvirtinimo <i class=\"fa fa-arrow-circle-right \" ><\/i><\/a><\/p>\n<p><a href=\"https:\/\/www.e-tar.lt\/portal\/lt\/legalAct\/ba997a604b6611eb8d9fe110e148c770\" target=\"_blank\" rel=\"noopener noreferrer\">D\u0117l vaiko minimalios ir vidutin\u0117s prie\u017ei\u016bros priemoni\u0173 ar aukl\u0117jamojo poveikio priemon\u0117s \u012fgyvendinimo savivaldyb\u0117je organizavimo, koordinavimo ir kontrol\u0117s rekomendacij\u0173 <i class=\"fa fa-arrow-circle-right \" ><\/i><\/a><\/p>\n<p><a href=\"https:\/\/e-seimas.lrs.lt\/portal\/legalAct\/lt\/TAD\/a3d680508cc111e7a5e2b345b086d377?jfwid=pflfeo7uo\">D\u0117l\u00a0koordinuotai teikiam\u0173 \u0161vietimo pagalbos, socialini\u0173 ir sveikatos prie\u017ei\u016bros paslaug\u0173 tvarkos apra\u0161o patvirtinimo <i class=\"fa fa-arrow-circle-right \" ><\/i> <\/a><\/p>\n<p><a href=\"https:\/\/www.e-tar.lt\/portal\/lt\/legalAct\/b8a552a02fc311e78397ae072f58c508\" target=\"_blank\" rel=\"noopener noreferrer\">D\u0117l \u0161vietimo ir mokslo ministro 2011 m. baland\u017eio 11 d. \u012fsakymo nr. V-579 \u201eD\u0117l mokyklos vaiko gerov\u0117s komisijos sudarymo ir jos darbo organizavimo tvarkos apra\u0161o patvirtinimo&#8221; pakeitimo <i class=\"fa fa-arrow-circle-right \" ><\/i><\/a><\/p>\n<h2>Teisinio reguliavimo steb\u0117sena<\/h2>\n<hr \/>\n<p><a href=\"https:\/\/www.nsa.smsm.lt\/old\/old\/wp-content\/uploads\/2020\/08\/Teisinio-reguliavimo-stebesenos-planas_SPPC.pdf\" target=\"_blank\" rel=\"&quot;noopener\u201c noopener noreferrer\">Teisinio reguliavimo steb\u0117senos planas <i class=\"fa fa-arrow-circle-right \" ><\/i><br \/>\n<\/a><\/p>\n<p><a href=\"https:\/\/www.nsa.smsm.lt\/old\/old\/wp-content\/uploads\/2020\/08\/VMPP-teisinio-reguliavimo-pazyma-2-2.docx\" target=\"_blank\" rel=\"noopener noreferrer\">Teisinio reguliavimo steb\u0117senos pa\u017eyma <i class=\"fa fa-arrow-circle-right \" ><\/i><\/a><\/p>\n","protected":false},"excerpt":{"rendered":"<p>Vaiko minimalios ir vidutin\u0117s prie\u017ei\u016bros \u012fstatymo pakeitimo \u012fstatymas D\u0117l i\u0161vados teikimo d\u0117l vidutin\u0117s prie\u017ei\u016bros priemon\u0117s vaikui skyrimo ir vaik\u0173 socializacijos centro parinkimo tvarkos apra\u0161o patvirtinimo ir \u012fgaliojim\u0173 suteikimo D\u0117l vaiko vidutin\u0117s prie\u017ei\u016bros priemon\u0117s \u012fgyvendinimo tvarkos apra\u0161o patvirtinimo D\u0117l vaiko minimalios&nbsp;<a href=\"https:\/\/www.nsa.smsm.lt\/old\/svietimo-pagalbos-departamentas\/psichologijos-skyrius\/minimali-ir-vidutine-prieziura\/teises-aktai-dokumentai\/\" class=\"placiau\">Pla\u010diau <i class=\"fa fa-caret-right\"><\/i><\/a><\/p>\n","protected":false},"author":1,"featured_media":0,"parent":12928,"menu_order":0,"comment_status":"closed","ping_status":"closed","template":"page-prieziura.php","meta":{"_acf_changed":false,"footnotes":""},"class_list":["post-12940","page","type-page","status-publish","hentry"],"acf":[],"_links":{"self":[{"href":"https:\/\/www.nsa.smsm.lt\/old\/wp-json\/wp\/v2\/pages\/12940","targetHints":{"allow":["GET"]}}],"collection":[{"href":"https:\/\/www.nsa.smsm.lt\/old\/wp-json\/wp\/v2\/pages"}],"about":[{"href":"https:\/\/www.nsa.smsm.lt\/old\/wp-json\/wp\/v2\/types\/page"}],"author":[{"embeddable":true,"href":"https:\/\/www.nsa.smsm.lt\/old\/wp-json\/wp\/v2\/users\/1"}],"replies":[{"embeddable":true,"href":"https:\/\/www.nsa.smsm.lt\/old\/wp-json\/wp\/v2\/comments?post=12940"}],"version-history":[{"count":0,"href":"https:\/\/www.nsa.smsm.lt\/old\/wp-json\/wp\/v2\/pages\/12940\/revisions"}],"up":[{"embeddable":true,"href":"https:\/\/www.nsa.smsm.lt\/old\/wp-json\/wp\/v2\/pages\/12928"}],"wp:attachment":[{"href":"https:\/\/www.nsa.smsm.lt\/old\/wp-json\/wp\/v2\/media?parent=12940"}],"curies":[{"name":"wp","href":"https:\/\/api.w.org\/{rel}","templated":true}]}}