{"id":12934,"date":"2023-11-13T07:46:30","date_gmt":"2023-11-13T05:46:30","guid":{"rendered":"https:\/\/www.nsa.smsm.lt\/old\/?page_id=12934"},"modified":"2023-11-13T10:22:55","modified_gmt":"2023-11-13T08:22:55","slug":"vaiko-vidutines-prieziuros-priemones","status":"publish","type":"page","link":"https:\/\/www.nsa.smsm.lt\/old\/svietimo-pagalbos-departamentas\/psichologijos-skyrius\/minimali-ir-vidutine-prieziura\/vaiko-vidutines-prieziuros-priemones\/","title":{"rendered":"Vaiko vidutin\u0117s prie\u017ei\u016bros priemon\u0117s"},"content":{"rendered":"<p><strong><u>Vaiko vidutin\u0117s prie\u017ei\u016bros priemon\u0117s<\/u><\/strong><\/p>\n<ul>\n<li><strong><em>Vaiko vidutin\u0117 prie\u017ei\u016bra\u00a0<\/em><\/strong>yra priemon\u0117, kuri\u0105 vykdant vaikas yra ugdomas, pri\u017ei\u016brimas, jam teikiama \u0161vietimo pagalba, socialin\u0117s, sveikatos prie\u017ei\u016bros ir kitos paslaugos vaik\u0173 socializacijos centre.<\/li>\n<li><strong><em>Vaik\u0173 socializacijos centras<\/em><\/strong>\u00a0\u2013 prie bendrojo ugdymo mokykl\u0173 priskiriama valstybin\u0117 specializuota \u012fstaiga, vykdanti vaiko vidutin\u0117s prie\u017ei\u016bros priemones.<\/li>\n<li><strong><em>Vaiko vidutin\u0117s prie\u017ei\u016bros priemon\u0117s skyrimo aplinkyb\u0117s<\/em><\/strong><\/li>\n<\/ul>\n<p><u>Skiriama vaikui, kuris:<\/u><\/p>\n<ul>\n<li>padar\u0117 nusikaltimo ar baud\u017eiamojo nusi\u017eengimo po\u017eymi\u0173 turin\u010di\u0105 veik\u0105, ta\u010diau \u0161ios veikos padarymo metu nebuvo sukak\u0119s Baud\u017eiamajame kodekse nustatyto am\u017eiaus, nuo kurio pagal LR baud\u017eiamuosius \u012fstatymus galima baud\u017eiamoji atsakomyb\u0117 u\u017e jo padaryt\u0105 veik\u0105, ir kai vaiko elgesys kelia real\u0173 pavoj\u0173 jo ar kit\u0173 \u017emoni\u0173 gyvybei, sveikatai ar turtui;<\/li>\n<li>kai minimalios prie\u017ei\u016bros priemoni\u0173 taikymo metu nebuvo pasiekta teigiam\u0173 jo elgesio poky\u010di\u0173, i\u0161skyrus atvejus, kai minimalios prie\u017ei\u016bros priemon\u0117 buvo paskirta nurodytu pagrindu.<\/li>\n<\/ul>\n<ul>\n<li><strong><em>Vaiko vidutin\u0117s prie\u017ei\u016bros priemon<\/em><\/strong><strong><em>\u0117s skyrimo\u00a0<\/em><\/strong><strong><em>laikotarpis<\/em><\/strong>\u00a0\u2013 iki vien\u0173 met\u0173, bet ne ilgiau, iki vaikui sukaks 18 met\u0173. Vaiko vidutin\u0117s prie\u017ei\u016bros priemon\u0117 gali b\u016bti pakeista, prat\u0119sta arba panaikinta \u012fstatym\u0173 nustatyta tvarka. Bendras vaiko vidutin\u0117s prie\u017ei\u016bros priemon\u0117s vykdymo terminas (\u012fskaitant vaiko vidutin\u0117s prie\u017ei\u016bros priemon\u0117s prat\u0119sim\u0105 arba skyrim\u0105 i\u0161 naujo) negali b\u016bti ilgesnis kaip 3\u00a0metai. \u012e vidutin\u0117s prie\u017ei\u016bros priemon\u0117s vykdymo termin\u0105 \u012fskaitomas aukl\u0117jamojo poveikio priemon\u0117s (<em>\u017ei\u016br\u0117ti vaiko minimalios ir vidutin\u0117s prie\u017ei\u016bros \u012fstatymo \u012fstatymo 10 straipsnio 5\u00a0dal\u012f<\/em>) terminas. Vaikui paskirtos vidutin\u0117s prie\u017ei\u016bros priemon\u0117s vykdymo terminas skai\u010diuojamas nuo faktinio \u0161ios priemon\u0117s taikymo momento.<\/li>\n<\/ul>\n<p><strong>Vidutin\u0117s prie\u017ei\u016bros priemon\u0117s taikymas vaik\u0173 socializacijos centre<\/strong><\/p>\n<p>Vaik\u0173 socializacijos centro paskirtis \u2013 formuoti ir \u012ftvirtinti socialiai priimtin\u0105 vaik\u0173 elges\u012f, didinti j\u0173 psichologin\u012f atsparum\u0105 ydingam socialin\u0117s aplinkos poveikiui, pad\u0117ti susigr\u0105\u017einti mokymosi motyvacij\u0105, u\u017etikrinant ugdym\u0105, mokymosi ir \u0161vietimo pagalbos teikim\u0105. Centras yra valstybin\u0117 bendrojo ugdymo mokykl\u0173 grupei priskiriama specializuota \u012fstaiga, skirta delinkventinio elgesio vaikams, kuriems \u012estatymo nustatyta tvarka paskirta vidutin\u0117s prie\u017ei\u016bros priemon\u0117.<\/p>\n<p>Centras gali b\u016bti specializuotas arba jame gali b\u016bti steigiamos specializuotos vaik\u0173 grup\u0117s pagal lyt\u012f, am\u017ei\u0173, psichikos ir elgesio sutrikimus. Vaik\u0173 skai\u010di\u0173 Centre nustato \u0161vietimo ir mokslo ministras, ta\u010diau jis negali vir\u0161yti \u00a032 vaik\u0173. Centre sudaromos u\u017edaro ir pusiau atviro tip\u0173 grup\u0117s.<\/p>\n<p>Vaikai \u012f socializacijos centrus priimami savivaldyb\u0117s administracijos direktoriaus sprendimu, turint teismo leidim\u0105. Nacionalin\u0117 \u0161vietimo agent\u016bra yra \u012fgaliota institucija parinkti vaik\u0173 socializacijos centr\u0105, \u012f kur\u012f vaikas gali b\u016bti nukreiptas.<\/p>\n<p>Vaikai \u012f socializacijos centrus priimami nuo 14 met\u0173. Vaikai, neturintys 14 met\u0173, i\u0161imties tvarka, gali b\u016bti priimami, kai \u0161i\u0173 vaik\u0173 elgesys kelia real\u0173 pavoj\u0173 kit\u0173 \u017emoni\u0173 gyvybei, sveikatai ar turtui.<\/p>\n<p><strong>Socializacijos centr\u0173 nuostatai<\/strong><\/p>\n<ul>\n<li>Gruzd\u017ei\u0173 vaik\u0173 socializacijos centro nuostatai <a href=\"https:\/\/www.nsa.smsm.lt\/old\/old\/wp-content\/uploads\/2023\/11\/Gruzdziu-vaiku-socializacijos-centro-nuostatai.pdf\"><i class=\"fa fa-arrow-circle-right \" ><\/i><\/a><\/li>\n<\/ul>\n<p>&nbsp;<\/p>\n<p>Vaik\u0173 skai\u010dius socializacijos centruose <a href=\"https:\/\/www.nsa.smsm.lt\/old\/old\/wp-content\/uploads\/2023\/06\/VSC-duomenis-2023-06-06.pdf\"><i class=\"fa fa-arrow-circle-right \" ><\/i><\/a><\/p>\n","protected":false},"excerpt":{"rendered":"<p>Vaiko vidutin\u0117s prie\u017ei\u016bros priemon\u0117s Vaiko vidutin\u0117 prie\u017ei\u016bra\u00a0yra priemon\u0117, kuri\u0105 vykdant vaikas yra ugdomas, pri\u017ei\u016brimas, jam teikiama \u0161vietimo pagalba, socialin\u0117s, sveikatos prie\u017ei\u016bros ir kitos paslaugos vaik\u0173 socializacijos centre. Vaik\u0173 socializacijos centras\u00a0\u2013 prie bendrojo ugdymo mokykl\u0173 priskiriama valstybin\u0117 specializuota \u012fstaiga, vykdanti vaiko&nbsp;<a href=\"https:\/\/www.nsa.smsm.lt\/old\/svietimo-pagalbos-departamentas\/psichologijos-skyrius\/minimali-ir-vidutine-prieziura\/vaiko-vidutines-prieziuros-priemones\/\" class=\"placiau\">Pla\u010diau <i class=\"fa fa-caret-right\"><\/i><\/a><\/p>\n","protected":false},"author":1,"featured_media":0,"parent":12928,"menu_order":1,"comment_status":"closed","ping_status":"closed","template":"page-prieziura.php","meta":{"_acf_changed":false,"footnotes":""},"class_list":["post-12934","page","type-page","status-publish","hentry"],"acf":[],"_links":{"self":[{"href":"https:\/\/www.nsa.smsm.lt\/old\/wp-json\/wp\/v2\/pages\/12934","targetHints":{"allow":["GET"]}}],"collection":[{"href":"https:\/\/www.nsa.smsm.lt\/old\/wp-json\/wp\/v2\/pages"}],"about":[{"href":"https:\/\/www.nsa.smsm.lt\/old\/wp-json\/wp\/v2\/types\/page"}],"author":[{"embeddable":true,"href":"https:\/\/www.nsa.smsm.lt\/old\/wp-json\/wp\/v2\/users\/1"}],"replies":[{"embeddable":true,"href":"https:\/\/www.nsa.smsm.lt\/old\/wp-json\/wp\/v2\/comments?post=12934"}],"version-history":[{"count":2,"href":"https:\/\/www.nsa.smsm.lt\/old\/wp-json\/wp\/v2\/pages\/12934\/revisions"}],"predecessor-version":[{"id":37249,"href":"https:\/\/www.nsa.smsm.lt\/old\/wp-json\/wp\/v2\/pages\/12934\/revisions\/37249"}],"up":[{"embeddable":true,"href":"https:\/\/www.nsa.smsm.lt\/old\/wp-json\/wp\/v2\/pages\/12928"}],"wp:attachment":[{"href":"https:\/\/www.nsa.smsm.lt\/old\/wp-json\/wp\/v2\/media?parent=12934"}],"curies":[{"name":"wp","href":"https:\/\/api.w.org\/{rel}","templated":true}]}}

Vaiko vidutinės priežiūros priemonės

<p><strong><u>Vaiko vidutinės priežiūros priemonės</u></strong></p>
<ul>
<li><strong><em>Vaiko vidutinė priežiūra </em></strong>yra priemonė, kurią vykdant vaikas yra ugdomas, prižiūrimas, jam teikiama švietimo pagalba, socialinės, sveikatos priežiūros ir kitos paslaugos vaikų socializacijos centre.</li>
<li><strong><em>Vaikų socializacijos centras</em></strong> – prie bendrojo ugdymo mokyklų priskiriama valstybinė specializuota įstaiga, vykdanti vaiko vidutinės priežiūros priemones.</li>
<li><strong><em>Vaiko vidutinės priežiūros priemonės skyrimo aplinkybės</em></strong></li>
</ul>
<p><u>Skiriama vaikui, kuris:</u></p>
<ul>
<li>padarė nusikaltimo ar baudžiamojo nusižengimo požymių turinčią veiką, tačiau šios veikos padarymo metu nebuvo sukakęs Baudžiamajame kodekse nustatyto amžiaus, nuo kurio pagal LR baudžiamuosius įstatymus galima baudžiamoji atsakomybė už jo padarytą veiką, ir kai vaiko elgesys kelia realų pavojų jo ar kitų žmonių gyvybei, sveikatai ar turtui;</li>
<li>kai minimalios priežiūros priemonių taikymo metu nebuvo pasiekta teigiamų jo elgesio pokyčių, išskyrus atvejus, kai minimalios priežiūros priemonė buvo paskirta nurodytu pagrindu.</li>
</ul>
<ul>
<li><strong><em>Vaiko vidutinės priežiūros priemon</em></strong><strong><em>ės skyrimo </em></strong><strong><em>laikotarpis</em></strong> – iki vienų metų, bet ne ilgiau, iki vaikui sukaks 18 metų. Vaiko vidutinės priežiūros priemonė gali būti pakeista, pratęsta arba panaikinta įstatymų nustatyta tvarka. Bendras vaiko vidutinės priežiūros priemonės vykdymo terminas (įskaitant vaiko vidutinės priežiūros priemonės pratęsimą arba skyrimą iš naujo) negali būti ilgesnis kaip 3 metai. Į vidutinės priežiūros priemonės vykdymo terminą įskaitomas auklėjamojo poveikio priemonės (<em>žiūrėti vaiko minimalios ir vidutinės priežiūros įstatymo įstatymo 10 straipsnio 5 dalį</em>) terminas. Vaikui paskirtos vidutinės priežiūros priemonės vykdymo terminas skaičiuojamas nuo faktinio šios priemonės taikymo momento.</li>
</ul>
<p><strong>Vidutinės priežiūros priemonės taikymas vaikų socializacijos centre</strong></p>
<p>Vaikų socializacijos centro paskirtis – formuoti ir įtvirtinti socialiai priimtiną vaikų elgesį, didinti jų psichologinį atsparumą ydingam socialinės aplinkos poveikiui, padėti susigrąžinti mokymosi motyvaciją, užtikrinant ugdymą, mokymosi ir švietimo pagalbos teikimą. Centras yra valstybinė bendrojo ugdymo mokyklų grupei priskiriama specializuota įstaiga, skirta delinkventinio elgesio vaikams, kuriems Įstatymo nustatyta tvarka paskirta vidutinės priežiūros priemonė.</p>
<p>Centras gali būti specializuotas arba jame gali būti steigiamos specializuotos vaikų grupės pagal lytį, amžių, psichikos ir elgesio sutrikimus. Vaikų skaičių Centre nustato švietimo ir mokslo ministras, tačiau jis negali viršyti  32 vaikų. Centre sudaromos uždaro ir pusiau atviro tipų grupės.</p>
<p>Vaikai į socializacijos centrus priimami savivaldybės administracijos direktoriaus sprendimu, turint teismo leidimą. Nacionalinė švietimo agentūra yra įgaliota institucija parinkti vaikų socializacijos centrą, į kurį vaikas gali būti nukreiptas.</p>
<p>Vaikai į socializacijos centrus priimami nuo 14 metų. Vaikai, neturintys 14 metų, išimties tvarka, gali būti priimami, kai šių vaikų elgesys kelia realų pavojų kitų žmonių gyvybei, sveikatai ar turtui.</p>
<p><strong>Socializacijos centrų nuostatai</strong></p>
<ul>
<li>Gruzdžių vaikų socializacijos centro nuostatai <a href="https://www.nsa.smsm.lt/old/old/wp-content/uploads/2023/11/Gruzdziu-vaiku-socializacijos-centro-nuostatai.pdf"><i class="fa fa-arrow-circle-right " ></i></a></li>
</ul>
<p>&nbsp;</p>
<p>Vaikų skaičius socializacijos centruose <a href="https://www.nsa.smsm.lt/old/old/wp-content/uploads/2023/06/VSC-duomenis-2023-06-06.pdf"><i class="fa fa-arrow-circle-right " ></i></a></p>

<p>Vaiko vidutinės priežiūros priemonės Vaiko vidutinė priežiūra yra priemonė, kurią vykdant vaikas yra ugdomas, prižiūrimas, jam teikiama švietimo pagalba, socialinės, sveikatos priežiūros ir kitos paslaugos vaikų socializacijos centre. Vaikų socializacijos centras – prie bendrojo ugdymo mokyklų priskiriama valstybinė specializuota įstaiga, vykdanti vaiko&nbsp;<a href="https://www.nsa.smsm.lt/old/svietimo-pagalbos-departamentas/psichologijos-skyrius/minimali-ir-vidutine-prieziura/vaiko-vidutines-prieziuros-priemones/" class="placiau">Plačiau <i class="fa fa-caret-right"></i></a></p>
