{"id":12127,"date":"2022-10-14T09:28:31","date_gmt":"2022-10-14T07:28:31","guid":{"rendered":"https:\/\/www.nsa.smsm.lt\/old\/?page_id=12127"},"modified":"2023-01-11T19:58:49","modified_gmt":"2023-01-11T17:58:49","slug":"mokyklos-bendruomenes-patirtys","status":"publish","type":"page","link":"https:\/\/www.nsa.smsm.lt\/old\/analiziu-zemelapis\/mokyklos-bendruomenes-patirtys\/","title":{"rendered":"Mokyklos bendruomen\u0117s patirtys"},"content":{"rendered":"<p>Poky\u010di\u0173 planavimas ir valdymas: kaip esame pasireng\u0119 ir kaip veikiame realioje mokykloje? <a href=\"https:\/\/www.nsa.smsm.lt\/old\/old\/wp-content\/uploads\/2020\/06\/Pokyciu_planavimas_ir_valdymas_kaip_esame_pasirenge_ir_kaip_veikiame_realioje_mokykloje.pdf\" target=\"_blank\" rel=\"noopener noreferrer\"><i class=\"fa fa-file-pdf \" ><\/i><\/a><\/p>\n<p>Mokytoj\u0173 praktin\u0117s veiklos rezultat\u0173 ir pamokos aspekt\u0173 \u012fver\u010di\u0173 ap\u017evalga-pristatymas <a href=\"https:\/\/www.nsa.smsm.lt\/old\/old\/wp-content\/uploads\/2022\/01\/Mokytoju-praktines-veiklos-rezultatu-ir-pamokos-aspektu-iverciu-apzvalga.pdf\" target=\"_blank\" rel=\"noopener noreferrer\"><i class=\"fa fa-file-pdf \" ><\/i><\/a><\/p>\n","protected":false},"excerpt":{"rendered":"<p>Poky\u010di\u0173 planavimas ir valdymas: kaip esame pasireng\u0119 ir kaip veikiame realioje mokykloje? Mokytoj\u0173 praktin\u0117s veiklos rezultat\u0173 ir pamokos aspekt\u0173 \u012fver\u010di\u0173 ap\u017evalga-pristatymas<\/p>\n","protected":false},"author":1,"featured_media":0,"parent":12059,"menu_order":3,"comment_status":"closed","ping_status":"closed","template":"page-analize5.php","meta":{"_acf_changed":false,"footnotes":""},"class_list":["post-12127","page","type-page","status-publish","hentry"],"acf":[],"_links":{"self":[{"href":"https:\/\/www.nsa.smsm.lt\/old\/wp-json\/wp\/v2\/pages\/12127","targetHints":{"allow":["GET"]}}],"collection":[{"href":"https:\/\/www.nsa.smsm.lt\/old\/wp-json\/wp\/v2\/pages"}],"about":[{"href":"https:\/\/www.nsa.smsm.lt\/old\/wp-json\/wp\/v2\/types\/page"}],"author":[{"embeddable":true,"href":"https:\/\/www.nsa.smsm.lt\/old\/wp-json\/wp\/v2\/users\/1"}],"replies":[{"embeddable":true,"href":"https:\/\/www.nsa.smsm.lt\/old\/wp-json\/wp\/v2\/comments?post=12127"}],"version-history":[{"count":0,"href":"https:\/\/www.nsa.smsm.lt\/old\/wp-json\/wp\/v2\/pages\/12127\/revisions"}],"up":[{"embeddable":true,"href":"https:\/\/www.nsa.smsm.lt\/old\/wp-json\/wp\/v2\/pages\/12059"}],"wp:attachment":[{"href":"https:\/\/www.nsa.smsm.lt\/old\/wp-json\/wp\/v2\/media?parent=12127"}],"curies":[{"name":"wp","href":"https:\/\/api.w.org\/{rel}","templated":true}]}}