{"id":10172,"date":"2022-10-25T05:48:51","date_gmt":"2022-10-25T03:48:51","guid":{"rendered":"https:\/\/www.nsa.smsm.lt\/old\/?page_id=10172"},"modified":"2023-01-11T23:39:57","modified_gmt":"2023-01-11T21:39:57","slug":"svis-am","status":"publish","type":"page","link":"https:\/\/www.nsa.smsm.lt\/old\/infrastrukturos-pletros-departamentas\/projektai\/svis-am\/","title":{"rendered":"\u0160VIS AM"},"content":{"rendered":"<p><img loading=\"lazy\" decoding=\"async\" class=\"size-full wp-image-15442 alignnone\" src=\"https:\/\/www.nsa.smsm.lt\/old\/old\/wp-content\/uploads\/2020\/03\/kuriame-ateiti-2020.png\" alt=\"\" width=\"226\" height=\"88\" \/><\/p>\n<p style=\"font-size:9pt\">Projektas finansuojamas Europos regionin\u0117s pl\u0117tros fondo l\u0117\u0161omis.<\/p>\n<p><strong>Apie projekt\u0105<\/strong><\/p>\n<hr \/>\n<p>09.1.1-CPVA-V-720 Studij\u0173 aplinkos ir infrastrukt\u016bros koncentravimas, tobulinimas ir informacini\u0173 sistem\u0173 pl\u0117tra<\/p>\n<p><strong>\u0160vietimo valdymo informacin\u0117s sistemos ir registr\u0173 ,skirt\u0173 mokslui ir studijoms, pl\u0117tojimas<\/strong><\/p>\n<p>Spar\u010diai kintant darbo rinkos poreikiams \u017emogi\u0161k\u0173j\u0173 i\u0161tekli\u0173 steb\u0117sena ir prognozavimas tampa svarbiu \u0161ios srities optimalaus valdymo \u012frankiu. Ta\u010diau \u0161iuo metu \u0160VIS tr\u016bksta duomen\u0173 ir priemoni\u0173 nacionalin\u0117s \u017emogi\u0161k\u0173j\u0173 i\u0161tekli\u0173 steb\u0117senos \u012fgyvendinimui, duomen\u0173 analizei, nerealizuotos \u0160VIS integracijos su \u017emogi\u0161k\u0173j\u0173 i\u0161tekli\u0173 steb\u0117senai duomenis teikian\u010diomis sistemomis, \u017emogi\u0161k\u0173j\u0173 i\u0161tekli\u0173 steb\u0117senos duomen\u0173 surinkimo procesas yra sud\u0117tingas ir reikalauja daug \u017emogi\u0161k\u0173j\u0173 i\u0161tekli\u0173, taip pat pastebima, kad visuomen\u0117 n\u0117ra pakankamai informuota apie pagrindinius i\u0161silavinimo ir i\u0161vestinius rodiklius. Be to svarbu sudaryti s\u0105lygas auk\u0161tosioms mokyklos naudoti duomenimis gr\u012fstus sprendimus, studentams naudojantis sukurta infrastrukt\u016bra nesunkiai pateikti ir gauti informacij\u0105 apie save, gauti reikaling\u0105 informacij\u0105 apie darbo rinkos poky\u010dius, planuojant savo ateities veikl\u0105.<\/p>\n<p>Projekto siekiama sukurti galimybes informacini\u0173 technologij\u0173 priemon\u0117mis centralizuotai valdyti bei teikti duomenis ir informacij\u0105, reikaling\u0105 \u0161vietimo subjektams analizuoti ir vertinti Lietuvos gyventoj\u0173 u\u017eimtumo ir \u0161vietimo b\u016bkl\u0119 \u012fvairiais aspektais, prognozuoti \u0161vietimo kait\u0105, prognozuoti, pagr\u012fstiems sprendimams priimti ir \u0161vietimo kokyb\u0119 laiduojan\u010diam valdymui vykdyti, oficialiajai statistikai tobulinti, rengti ir skleisti.<\/p>\n<p>Pasirinktas sprendimas &#8211; atnaujinti \u0160vietimo valdymo informacin\u0119 sistem\u0105 ir tam reikalingus registrus turi u\u017etikrinti reikaling\u0173 duomen\u0173 analiz\u0119 ir valdym\u0105, bei tai atlikti efektyviai ir su ma\u017eiausiomis s\u0105naudomis ir \u017emogi\u0161kaisiais resursais (i\u0161vada daroma vadovaujantis investicij\u0173 projektu).<\/p>\n<p>Numatomas projekto rezultatas apima atnaujint\u0105 \u0160VIS informacin\u0119 sistem\u0105, integruojan\u010di\u0105 reikalingus duomenis leid\u017eian\u010di\u0105 atlikti \u017emogi\u0161k\u0173j\u0173 i\u0161tekli\u0173 steb\u0117sen\u0105 bei pl\u0117toti auk\u0161tojo mokslo steb\u0117sen\u0105 bei 3 \u0160vietimo registrus. Atnaujinta \u0160vietimo valdymo informacine sistema bei \u0161vietimo registrais gal\u0117s naudotis savo veiklose visos auk\u0161tosios mokyklos (40), priimant reikalingus sprendimus, taip pat ir studentai, savo karjeros planavime.<\/p>\n<p>Projekto veikl\u0173 \u012fgyvendinimo vietos adresas &#8211; Suvalk\u0173 g. 1,Lietuvos Respublika, Vilnius<\/p>\n<p>&nbsp;<\/p>\n<p><strong>Biud\u017eetas<\/strong><\/p>\n<hr \/>\n<p style=\"text-align: center;\"><img loading=\"lazy\" decoding=\"async\" class=\"alignnone wp-image-10171\" src=\"https:\/\/www.nsa.smsm.lt\/old\/old\/wp-content\/uploads\/2019\/10\/biudzetas.png\" alt=\"\" width=\"565\" height=\"206\" srcset=\"https:\/\/www.nsa.smsm.lt\/old\/wp-content\/uploads\/2019\/10\/biudzetas.png 1540w, https:\/\/www.nsa.smsm.lt\/old\/wp-content\/uploads\/2019\/10\/biudzetas-300x109.png 300w, https:\/\/www.nsa.smsm.lt\/old\/wp-content\/uploads\/2019\/10\/biudzetas-768x280.png 768w, https:\/\/www.nsa.smsm.lt\/old\/wp-content\/uploads\/2019\/10\/biudzetas-1024x374.png 1024w\" sizes=\"auto, (max-width: 565px) 100vw, 565px\" \/><\/p>\n","protected":false},"excerpt":{"rendered":"<p>Projektas finansuojamas Europos regionin\u0117s pl\u0117tros fondo l\u0117\u0161omis. Apie projekt\u0105 09.1.1-CPVA-V-720 Studij\u0173 aplinkos ir infrastrukt\u016bros koncentravimas, tobulinimas ir informacini\u0173 sistem\u0173 pl\u0117tra \u0160vietimo valdymo informacin\u0117s sistemos ir registr\u0173 ,skirt\u0173 mokslui ir studijoms, pl\u0117tojimas Spar\u010diai kintant darbo rinkos poreikiams \u017emogi\u0161k\u0173j\u0173 i\u0161tekli\u0173 steb\u0117sena ir&nbsp;<a href=\"https:\/\/www.nsa.smsm.lt\/old\/infrastrukturos-pletros-departamentas\/projektai\/svis-am\/\" class=\"placiau\">Pla\u010diau <i class=\"fa fa-caret-right\"><\/i><\/a><\/p>\n","protected":false},"author":1,"featured_media":0,"parent":10122,"menu_order":0,"comment_status":"closed","ping_status":"closed","template":"","meta":{"_acf_changed":false,"footnotes":""},"class_list":["post-10172","page","type-page","status-publish","hentry"],"acf":[],"_links":{"self":[{"href":"https:\/\/www.nsa.smsm.lt\/old\/wp-json\/wp\/v2\/pages\/10172","targetHints":{"allow":["GET"]}}],"collection":[{"href":"https:\/\/www.nsa.smsm.lt\/old\/wp-json\/wp\/v2\/pages"}],"about":[{"href":"https:\/\/www.nsa.smsm.lt\/old\/wp-json\/wp\/v2\/types\/page"}],"author":[{"embeddable":true,"href":"https:\/\/www.nsa.smsm.lt\/old\/wp-json\/wp\/v2\/users\/1"}],"replies":[{"embeddable":true,"href":"https:\/\/www.nsa.smsm.lt\/old\/wp-json\/wp\/v2\/comments?post=10172"}],"version-history":[{"count":0,"href":"https:\/\/www.nsa.smsm.lt\/old\/wp-json\/wp\/v2\/pages\/10172\/revisions"}],"up":[{"embeddable":true,"href":"https:\/\/www.nsa.smsm.lt\/old\/wp-json\/wp\/v2\/pages\/10122"}],"wp:attachment":[{"href":"https:\/\/www.nsa.smsm.lt\/old\/wp-json\/wp\/v2\/media?parent=10172"}],"curies":[{"name":"wp","href":"https:\/\/api.w.org\/{rel}","templated":true}]}}