{"id":10159,"date":"2022-09-06T05:22:33","date_gmt":"2022-09-06T03:22:33","guid":{"rendered":"https:\/\/www.nsa.smsm.lt\/old\/?page_id=10159"},"modified":"2023-01-11T23:40:05","modified_gmt":"2023-01-11T21:40:05","slug":"regioninis-svis","status":"publish","type":"page","link":"https:\/\/www.nsa.smsm.lt\/old\/infrastrukturos-pletros-departamentas\/projektai\/regioninis-svis\/","title":{"rendered":"Regioninis \u0160VIS"},"content":{"rendered":"<p><strong>Apie projekt\u0105<\/strong><\/p>\n<hr \/>\n<p><img loading=\"lazy\" decoding=\"async\" class=\" wp-image-10160 alignleft\" src=\"https:\/\/www.nsa.smsm.lt\/old\/old\/wp-content\/uploads\/2019\/10\/kuriame.png\" alt=\"\" width=\"119\" height=\"75\" \/>\u0160vietimo, mokslo ir sporto ministerija kartu su partnere Nacionaline \u0161vietimo agent\u016bra \u012fgyvendina projekt\u0105 \u201eDuomenimis pagr\u012fsto \u0161vietimo valdymo kult\u016bros pl\u0117tra savivaldyb\u0117se\u201c, projekto Nr. 10.1.1-ESFA-V-912-01-0030. Projektas bendrai finansuojamas i\u0161 Europos S\u0105jungos strukt\u016brini\u0173 fond\u0173 l\u0117\u0161\u0173.<\/p>\n<p>Projekto tikslas &#8211; sudaryti s\u0105lygas duomenimis gr\u012fsto \u0161vietimo valdymo kult\u016bros pl\u0117trai savivaldyb\u0117se, diegiant ir tobulinant \u0161vietimo politikos analiz\u0117s \u012frankius ir sustiprinant valstyb\u0117s tarnautoj\u0173 bei darbuotoj\u0173, dirban\u010di\u0173 \u0161vietimo politikos analiz\u0117s srityje, analitinius, prognostinius, problem\u0173 sprendimo geb\u0117jimus.<\/p>\n<p>Projekto u\u017edaviniai:<br \/>\n1) Tobulinti \u0161vietimo politikos analiz\u0117s \u012frankius:<\/p>\n<ul>\n<li>sukurti standartizuotus \u012fvairi\u0173 \u0161vietimo lygmen\u0173 poreikius atitinkan\u010dius \u0161vietimo analiz\u0117s scenarijus;<\/li>\n<li>tobulinti \u0160VIS kaip \u0161vietimo politikos analiz\u0117s \u012frank\u012f realizuojant \u0160VIS priemon\u0117mis parengtus \u0161vietimo analiz\u0117s scenarijus susiejant\/integruojant \u0160VIS \u0161vietimo analiz\u0117s duomenis ir savivaldybi\u0173 informacini\u0173 sistem\u0173\/svetaini\u0173 duomenis bei sukuriant tipines dinamines lenteles, kurios pakeist\u0173 dabar rengiamus regioninius raportus, bei interaktyviai vaizduot\u0173 savivaldos \u0161vietimo poky\u010dius.<\/li>\n<\/ul>\n<p>2) Sustiprinti valstyb\u0117s tarnautoj\u0173 bei darbuotoj\u0173, dirban\u010di\u0173 \u0161ioje srityje, geb\u0117jimus:<\/p>\n<ul>\n<li>tobulinti \u0161vietimo darbuotoj\u0173 kvalifikacij\u0105, siekiant i\u0161siai\u0161kinti j\u0173 poreikius, supa\u017eindinti juos su \u0160VIS naudojimo patirtimi, naujais \u0160VIS funkcionalumais, apmokyti naudoti \u0161vietimo analiz\u0117s scenarijus, priimant sprendimus, gilinti j\u0173 naudojimosi sistema \u012fg\u016bd\u017eius, \u012fgyti kompetencij\u0173 dinamini\u0173 lenteli\u0173 k\u016brimui, naudojant jau parengtas tipines dinamines lenteles pirmajame u\u017edavinyje;<\/li>\n<li>sukurti duomenimis pagr\u012fsto valdymo model\u012f ir parengti j\u012f naudojimui savivaldyb\u0117se. Parengti tipinio duomenimis pagr\u012fsto valdymo modelio gaires ir tvarkos apra\u0161\u0105, nusakant\u012f ir naudojim\u0105si \u0161vietimo analiz\u0117s scenarijais savivaldyb\u0117s lygmenyje.<\/li>\n<\/ul>\n<p>&nbsp;<\/p>\n<p><strong>Paskirtis<\/strong><\/p>\n<hr \/>\n<p>Valstybin\u0117s \u0161vietimo strategijos 2013-2022 m. viena i\u0161 prioritetini\u0173 kryp\u010di\u0173 \u2013 \u012fdiegti duomen\u0173 analize ir \u012fsivertinimu gr\u012fst\u0105 \u0161vietimo kult\u016br\u0105, u\u017etikrinan\u010di\u0105 savivaldos, socialin\u0117s partneryst\u0117s ir vadov\u0173 lyderyst\u0117s darn\u0105. Siekiant vystyti \u0161i\u0105 krypt\u012f vykdant projekt\u0105 numatoma sudaryti s\u0105lygas duomenimis gr\u012fsto \u0161vietimo valdymo kult\u016bros pl\u0117trai savivaldyb\u0117se, diegiant ir tobulinant \u0161vietimo politikos analiz\u0117s \u012frankius ir sustiprinant valstyb\u0117s tarnautoj\u0173 bei darbuotoj\u0173, dirban\u010di\u0173 \u0161ioje srityje, analitinius, prognostinius, problem\u0173 sprendimo geb\u0117jimus. \u012egyvendinant tiksl\u0105 numatyti du u\u017edaviniai: 1) Tobulinti \u0161vietimo politikos analiz\u0117s \u012frankius 2) Sustiprinti valstyb\u0117s tarnautoj\u0173 bei darbuotoj\u0173, dirban\u010di\u0173 \u0161ioje srityje, geb\u0117jimus.<\/p>\n<p>Pirmas u\u017edavinys:<\/p>\n<ul>\n<li>Standartizuot\u0173 \u012fvairi\u0173 \u0161vietimo lygmen\u0173 poreikius atitinkan\u010di\u0173 \u0161vietimo analiz\u0117s scenarij\u0173 suk\u016brimas.<\/li>\n<li>\u0160VIS kaip \u0161vietimo politikos analiz\u0117s \u012frankio tobulinimas realizuojant \u0160VIS priemon\u0117mis parengtus \u0161vietimo analiz\u0117s scenarijus susiejant\/integruojant \u0160VIS \u0161vietimo analiz\u0117s duomenis ir savivaldybi\u0173 informacini\u0173 sistem\u0173\/svetaini\u0173 duomenis bei sukuriant tipines dinamines lenteles, kurios pakeist\u0173 dabar rengiamus regioninius raportus, bei interaktyviai vaizduot\u0173 savivaldos \u0161vietimo poky\u010dius.<\/li>\n<\/ul>\n<p>&gt;Antras u\u017edavinys:<\/p>\n<ul>\n<li>\u0160vietimo darbuotoj\u0173 kvalifikacijos tobulinimas, siekiant i\u0161siai\u0161kinti j\u0173 poreikius, supa\u017eindinti juos su \u0160VIS naudojimo patirtimi, naujais \u0160VIS funkcionalumais, apmokyti naudoti \u0161vietimo analiz\u0117s scenarijus, priimant sprendimus, gilinti j\u0173 naudojimosi sistema \u012fg\u016bd\u017eius, \u012fgyti kompetencij\u0173 dinamini\u0173 lenteli\u0173 k\u016brimui, naudojant jau parengtas tipines dinamines lenteles pirmajame u\u017edavinyje.<\/li>\n<li>Duomenimis pagr\u012fsto valdymo modelio suk\u016brimas ir parengimas naudojimui savivaldyb\u0117se. Parengiamas Tipinio duomenimis pagr\u012fsto valdymo modelio gair\u0117s ir tvarkos apra\u0161as, nusakantis ir naudojim\u0105si \u0161vietimo analiz\u0117s scenarijais savivaldyb\u0117s lygmenyje.<\/li>\n<\/ul>\n<p>&nbsp;<\/p>\n<p><strong>Tikslin\u0117 grup\u0117<\/strong><\/p>\n<hr \/>\n<p>Tikslin\u0119 grup\u0119 sudaro:<\/p>\n<ul>\n<li>savivaldybi\u0173 administracij\u0173 \u0161vietimo padalini\u0173 darbuotojai,<\/li>\n<li>savivaldybi\u0173 administracij\u0173 kit\u0173 padalini\u0173 darbuotojai, susij\u0119 su \u0161vietimo steb\u0117sena, valdymu, finansavimu<\/li>\n<li>\u0161vietimo, mokslo ir sporto ministerijos padalini\u0173, koordinuojan\u010di\u0173 \u0161vietimo regionuose steb\u0117sen\u0105, valdym\u0105, finansavim\u0105,<\/li>\n<li>\u0161vietimo, mokslo ir sporto ministerijai pavald\u017ei\u0173 institucij\u0173 darbuotojai vykdantys \u0161vietimo steb\u0117sen\u0105<\/li>\n<\/ul>\n<p>&nbsp;<\/p>\n<p><strong>Veikl\u0173 \u012fgyvendinimas<\/strong><\/p>\n<hr \/>\n<p>Numatyta projekto \u012fgyvendinimo trukm\u0117 30 m\u0117nesi\u0173<\/p>\n<p>&nbsp;<\/p>\n<table width=\"100%\">\n<tbody>\n<tr>\n<td width=\"53\">Veiklos Nr.<\/td>\n<td width=\"569\">\u00a0Veiklos pavadinimas<\/td>\n<td width=\"59\">\u00a0Veiklos prad\u017eios m\u0117nuo<\/td>\n<td width=\"62\">\u00a0Veiklos pabaigos m\u0117nuo<\/td>\n<\/tr>\n<tr>\n<td width=\"53\">1.1.<\/td>\n<td width=\"569\">\u0160vietimo analiz\u0117s scenarij\u0173 prototip\u0173 suk\u016brimas<\/td>\n<td width=\"59\">1<\/td>\n<td width=\"62\">12<\/td>\n<\/tr>\n<tr>\n<td width=\"53\">1.2.<\/td>\n<td width=\"569\">\u0160VIS kaip \u0161vietimo politikos analiz\u0117s \u012frankio tobulinimas<\/td>\n<td width=\"59\">6<\/td>\n<td width=\"62\">20<\/td>\n<\/tr>\n<tr>\n<td width=\"53\">2.1.<\/td>\n<td width=\"569\">\u0160vietimo darbuotoj\u0173 kvalifikacijos tobulinimas<\/td>\n<td width=\"59\">14<\/td>\n<td width=\"62\">30<\/td>\n<\/tr>\n<tr>\n<td width=\"53\">2.2.<\/td>\n<td width=\"569\">Duomenimis pagr\u012fsto valdymo modelio suk\u016brimas ir parengimas naudojimui savivaldyb\u0117se<\/td>\n<td width=\"59\">8<\/td>\n<td width=\"62\">13<\/td>\n<\/tr>\n<\/tbody>\n<\/table>\n<p>&nbsp;<\/p>\n<p><strong>Kontaktai<\/strong><\/p>\n<hr \/>\n<p>Projekto buhalter\u0117 Vita Tamo\u0161aityte <a href=\"mailto:vita.tamosaityte@nsa.smm.lt\" target=\"_blank\" rel=\"noopener noreferrer\">vita.tamosaityte@nsa.smm.lt<\/a>, +370 5 2356 146<\/p>\n","protected":false},"excerpt":{"rendered":"<p>Apie projekt\u0105 \u0160vietimo, mokslo ir sporto ministerija kartu su partnere Nacionaline \u0161vietimo agent\u016bra \u012fgyvendina projekt\u0105 \u201eDuomenimis pagr\u012fsto \u0161vietimo valdymo kult\u016bros pl\u0117tra savivaldyb\u0117se\u201c, projekto Nr. 10.1.1-ESFA-V-912-01-0030. Projektas bendrai finansuojamas i\u0161 Europos S\u0105jungos strukt\u016brini\u0173 fond\u0173 l\u0117\u0161\u0173. Projekto tikslas &#8211; sudaryti s\u0105lygas duomenimis&nbsp;<a href=\"https:\/\/www.nsa.smsm.lt\/old\/infrastrukturos-pletros-departamentas\/projektai\/regioninis-svis\/\" class=\"placiau\">Pla\u010diau <i class=\"fa fa-caret-right\"><\/i><\/a><\/p>\n","protected":false},"author":1,"featured_media":0,"parent":10122,"menu_order":0,"comment_status":"closed","ping_status":"closed","template":"","meta":{"_acf_changed":false,"footnotes":""},"class_list":["post-10159","page","type-page","status-publish","hentry"],"acf":[],"_links":{"self":[{"href":"https:\/\/www.nsa.smsm.lt\/old\/wp-json\/wp\/v2\/pages\/10159","targetHints":{"allow":["GET"]}}],"collection":[{"href":"https:\/\/www.nsa.smsm.lt\/old\/wp-json\/wp\/v2\/pages"}],"about":[{"href":"https:\/\/www.nsa.smsm.lt\/old\/wp-json\/wp\/v2\/types\/page"}],"author":[{"embeddable":true,"href":"https:\/\/www.nsa.smsm.lt\/old\/wp-json\/wp\/v2\/users\/1"}],"replies":[{"embeddable":true,"href":"https:\/\/www.nsa.smsm.lt\/old\/wp-json\/wp\/v2\/comments?post=10159"}],"version-history":[{"count":0,"href":"https:\/\/www.nsa.smsm.lt\/old\/wp-json\/wp\/v2\/pages\/10159\/revisions"}],"up":[{"embeddable":true,"href":"https:\/\/www.nsa.smsm.lt\/old\/wp-json\/wp\/v2\/pages\/10122"}],"wp:attachment":[{"href":"https:\/\/www.nsa.smsm.lt\/old\/wp-json\/wp\/v2\/media?parent=10159"}],"curies":[{"name":"wp","href":"https:\/\/api.w.org\/{rel}","templated":true}]}}